
CREATE TABLE `pss_access` (
  `id_profile` int(10) unsigned NOT NULL,
  `id_tab` int(10) unsigned NOT NULL,
  `view` int(11) NOT NULL,
  `add` int(11) NOT NULL,
  `edit` int(11) NOT NULL,
  `delete` int(11) NOT NULL,
  PRIMARY KEY  (`id_profile`,`id_tab`)
) ENGINE=MyISAM DEFAULT CHARSET=utf8;

INSERT INTO `pss_access` VALUES (1,1,1,1,1,1),(1,2,1,1,1,1),(1,3,1,1,1,1),(1,4,1,1,1,1),(1,5,1,1,1,1),(1,6,1,1,1,1),(1,7,1,1,1,1),(1,8,1,1,1,1),(1,9,1,1,1,1),(1,10,1,1,1,1),(1,11,1,1,1,1),(1,12,1,1,1,1),(1,13,1,1,1,1),(1,14,1,1,1,1),(1,15,1,1,1,1),(1,16,1,1,1,1),(1,17,1,1,1,1),(1,18,1,1,1,1),(1,19,1,1,1,1),(1,20,1,1,1,1),(1,21,1,1,1,1),(1,22,1,1,1,1),(1,23,1,1,1,1),(1,24,1,1,1,1),(1,26,1,1,1,1),(1,27,1,1,1,1),(1,28,1,1,1,1),(1,29,1,1,1,1),(1,30,1,1,1,1),(1,31,1,1,1,1),(1,32,1,1,1,1),(1,33,1,1,1,1),(1,34,1,1,1,1),(1,35,1,1,1,1),(1,36,1,1,1,1),(1,37,1,1,1,1),(1,38,1,1,1,1),(1,39,1,1,1,1),(1,40,1,1,1,1),(1,41,1,1,1,1),(1,42,1,1,1,1),(1,43,1,1,1,1),(1,44,1,1,1,1),(1,46,1,1,1,1),(1,47,1,1,1,1),(1,48,1,1,1,1),(1,49,1,1,1,1),(1,51,1,1,1,1),(1,52,1,1,1,1),(1,53,1,1,1,1),(1,54,1,1,1,1),(1,55,1,1,1,1),(1,56,1,1,1,1),(1,57,1,1,1,1),(1,58,1,1,1,1),(1,59,1,1,1,1),(1,60,1,1,1,1),(1,61,1,1,1,1),(1,62,1,1,1,1),(1,63,1,1,1,1),(1,64,1,1,1,1),(1,65,1,1,1,1),(1,66,1,1,1,1),(1,67,1,1,1,1),(1,68,1,1,1,1),(1,69,1,1,1,1),(1,70,1,1,1,1),(1,71,1,1,1,1),(1,72,1,1,1,1),(1,73,1,1,1,1),(1,80,1,1,1,1),(1,81,1,1,1,1),(1,82,1,1,1,1),(1,83,1,1,1,1),(1,84,1,1,1,1),(1,85,1,1,1,1),(1,86,1,1,1,1),(1,87,1,1,1,1),(1,88,1,1,1,1),(2,1,1,1,1,1),(2,2,1,1,1,1),(2,3,1,1,1,1),(2,4,0,0,0,0),(2,5,1,1,1,1),(2,6,0,0,0,0),(2,7,0,0,0,0),(2,8,0,0,0,0),(2,9,0,0,0,0),(2,10,0,0,0,0),(2,11,0,0,0,0),(2,12,1,1,1,1),(2,13,1,1,1,1),(2,14,0,0,0,0),(2,15,0,0,0,0),(2,16,0,0,0,0),(2,17,1,1,1,1),(2,18,0,0,0,0),(2,19,0,0,0,0),(2,20,1,1,1,1),(2,21,1,1,1,1),(2,22,0,0,0,0),(2,23,0,0,0,0),(2,24,0,0,0,0),(2,26,0,0,0,0),(2,27,0,0,0,0),(2,28,0,0,0,0),(2,29,0,0,0,0),(2,30,0,0,0,0),(2,31,0,0,0,0),(2,32,0,0,0,0),(2,33,0,0,0,0),(2,34,1,1,1,1),(2,35,0,0,0,0),(2,36,0,0,0,0),(2,37,0,0,0,0),(2,38,0,0,0,0),(2,39,0,0,0,0),(2,40,0,0,0,0),(2,41,0,0,0,0),(2,42,1,1,1,1),(2,43,0,0,0,0),(2,44,0,0,0,0),(2,46,0,0,0,0),(2,47,1,1,1,1),(2,48,0,0,0,0),(2,49,1,1,1,1),(2,51,0,0,0,0),(2,52,0,0,0,0),(2,53,0,0,0,0),(2,54,0,0,0,0),(2,55,1,1,1,1),(2,56,0,0,0,0),(2,57,0,0,0,0),(2,58,0,0,0,0),(2,59,1,1,1,1),(2,60,1,1,1,1),(2,61,0,0,0,0),(2,62,0,0,0,0),(2,63,0,0,0,0),(2,64,0,0,0,0),(2,65,0,0,0,0),(2,66,0,0,0,0),(2,67,0,0,0,0),(2,68,0,0,0,0),(2,69,0,0,0,0),(2,70,0,0,0,0),(2,71,0,0,0,0),(2,72,0,0,0,0),(2,73,1,1,1,1),(2,80,0,0,0,0),(2,81,0,0,0,0),(2,82,0,0,0,0),(2,83,0,0,0,0),(2,84,0,0,0,0),(2,85,0,0,0,0),(2,86,0,0,0,0),(2,87,0,0,0,0),(2,88,1,1,1,1),(3,1,1,1,1,1),(3,2,0,0,0,0),(3,3,0,0,0,0),(3,4,0,0,0,0),(3,5,0,0,0,0),(3,6,0,0,0,0),(3,7,0,0,0,0),(3,8,0,0,0,0),(3,9,1,0,0,0),(3,10,0,0,0,0),(3,11,0,0,0,0),(3,12,0,0,0,0),(3,13,0,0,0,0),(3,14,0,0,0,0),(3,15,0,0,0,0),(3,16,0,0,0,0),(3,17,0,0,0,0),(3,18,0,0,0,0),(3,19,0,0,0,0),(3,20,0,0,0,0),(3,21,0,0,0,0),(3,22,0,0,0,0),(3,23,0,0,0,0),(3,24,0,0,0,0),(3,26,0,0,0,0),(3,27,0,0,0,0),(3,28,0,0,0,0),(3,29,0,0,0,0),(3,30,0,0,0,0),(3,31,0,0,0,0),(3,32,1,1,1,1),(3,33,1,1,1,1),(3,34,0,0,0,0),(3,35,0,0,0,0),(3,36,0,0,0,0),(3,37,0,0,0,0),(3,38,0,0,0,0),(3,39,0,0,0,0),(3,40,0,0,0,0),(3,41,0,0,0,0),(3,42,0,0,0,0),(3,43,1,0,0,0),(3,44,0,0,0,0),(3,46,0,0,0,0),(3,47,0,0,0,0),(3,48,0,0,0,0),(3,49,0,0,0,0),(3,51,0,0,0,0),(3,52,0,0,0,0),(3,53,0,0,0,0),(3,54,0,0,0,0),(3,55,0,0,0,0),(3,56,0,0,0,0),(3,57,1,1,1,1),(3,58,0,0,0,0),(3,59,0,0,0,0),(3,60,0,0,0,0),(3,61,0,0,0,0),(3,62,0,0,0,0),(3,63,0,0,0,0),(3,64,0,0,0,0),(3,65,0,0,0,0),(3,66,0,0,0,0),(3,67,0,0,0,0),(3,68,0,0,0,0),(3,69,0,0,0,0),(3,70,0,0,0,0),(3,71,0,0,0,0),(3,72,0,0,0,0),(3,73,0,0,0,0),(3,80,0,0,0,0),(3,81,0,0,0,0),(3,82,0,0,0,0),(3,83,0,0,0,0),(3,84,0,0,0,0),(3,85,0,0,0,0),(3,86,0,0,0,0),(3,87,0,0,0,0),(3,88,1,1,1,1),(4,1,1,1,1,1),(4,2,1,1,1,1),(4,3,1,1,1,1),(4,4,0,0,0,0),(4,5,0,0,0,0),(4,6,1,1,1,1),(4,7,0,0,0,0),(4,8,0,0,0,0),(4,9,0,0,0,0),(4,10,1,0,0,0),(4,11,0,0,0,0),(4,12,1,1,1,1),(4,13,0,0,0,0),(4,14,0,0,0,0),(4,15,0,0,0,0),(4,16,0,0,0,0),(4,17,0,0,0,0),(4,18,0,0,0,0),(4,19,0,0,0,0),(4,20,0,0,0,0),(4,21,0,0,0,0),(4,22,0,0,0,0),(4,23,0,0,0,0),(4,24,0,0,0,0),(4,26,0,0,0,0),(4,27,0,0,0,0),(4,28,0,0,0,0),(4,29,0,0,0,0),(4,30,0,0,0,0),(4,31,0,0,0,0),(4,32,0,0,0,0),(4,33,0,0,0,0),(4,34,0,0,0,0),(4,35,0,0,0,0),(4,36,0,0,0,0),(4,37,0,0,0,0),(4,38,0,0,0,0),(4,39,0,0,0,0),(4,40,0,0,0,0),(4,41,0,0,0,0),(4,42,1,1,1,1),(4,43,1,0,0,0),(4,44,0,0,0,0),(4,46,0,0,0,0),(4,47,0,0,0,0),(4,48,0,0,0,0),(4,49,1,1,1,1),(4,51,0,0,0,0),(4,52,0,0,0,0),(4,53,0,0,0,0),(4,54,1,1,1,1),(4,55,0,0,0,0),(4,56,0,0,0,0),(4,57,0,0,0,0),(4,58,0,0,0,0),(4,59,1,1,1,1),(4,60,0,0,0,0),(4,61,0,0,0,0),(4,62,1,1,1,1),(4,63,1,1,1,1),(4,64,0,0,0,0),(4,65,1,1,1,1),(4,66,0,0,0,0),(4,67,0,0,0,0),(4,68,0,0,0,0),(4,69,0,0,0,0),(4,70,0,0,0,0),(4,71,0,0,0,0),(4,72,0,0,0,0),(4,73,0,0,0,0),(4,80,0,0,0,0),(4,81,0,0,0,0),(4,82,1,1,1,1),(4,83,0,0,0,0),(4,84,0,0,0,0),(4,85,0,0,0,0),(4,86,0,0,0,0),(4,87,0,0,0,0),(4,88,1,1,1,1),(1,89,1,1,1,1),(2,89,0,0,0,0),(3,89,0,0,0,0),(4,89,0,0,0,0);
CREATE TABLE `pss_accessory` (
  `id_product_1` int(10) unsigned NOT NULL,
  `id_product_2` int(10) unsigned NOT NULL,
  KEY `accessory_product` (`id_product_1`,`id_product_2`)
) ENGINE=MyISAM DEFAULT CHARSET=utf8;

CREATE TABLE `pss_address` (
  `id_address` int(10) unsigned NOT NULL auto_increment,
  `id_country` int(10) unsigned NOT NULL,
  `id_state` int(10) unsigned default NULL,
  `id_customer` int(10) unsigned NOT NULL default '0',
  `id_manufacturer` int(10) unsigned NOT NULL default '0',
  `id_supplier` int(10) unsigned NOT NULL default '0',
  `alias` varchar(32) NOT NULL,
  `company` varchar(32) default NULL,
  `lastname` varchar(32) NOT NULL,
  `firstname` varchar(32) NOT NULL,
  `address1` varchar(128) NOT NULL,
  `address2` varchar(128) default NULL,
  `postcode` varchar(12) default NULL,
  `city` varchar(64) NOT NULL,
  `other` text,
  `phone` varchar(16) default NULL,
  `phone_mobile` varchar(16) default NULL,
  `vat_number` varchar(32) default NULL,
  `dni` varchar(16) default NULL,
  `date_add` datetime NOT NULL,
  `date_upd` datetime NOT NULL,
  `active` tinyint(1) unsigned NOT NULL default '1',
  `deleted` tinyint(1) unsigned NOT NULL default '0',
  PRIMARY KEY  (`id_address`),
  KEY `address_customer` (`id_customer`),
  KEY `id_country` (`id_country`),
  KEY `id_state` (`id_state`),
  KEY `id_manufacturer` (`id_manufacturer`),
  KEY `id_supplier` (`id_supplier`)
) ENGINE=MyISAM AUTO_INCREMENT=3 DEFAULT CHARSET=utf8;

INSERT INTO `pss_address` VALUES (2,8,0,1,0,0,'Mon adresse','My Company','DOE','John','16, Main street','2nd floor','75000','Paris ','','0102030405','','','','2011-05-16 15:49:18','2011-11-07 12:21:45',1,1);
CREATE TABLE `pss_address_format` (
  `id_country` int(10) unsigned NOT NULL,
  `format` varchar(255) NOT NULL default '',
  KEY `country` (`id_country`)
) ENGINE=MyISAM DEFAULT CHARSET=utf8;

INSERT INTO `pss_address_format` VALUES (1,'firstname lastname\ncompany\nvat_number\naddress1\naddress2\npostcode city\nCountry:name\nphone'),(2,'firstname lastname\ncompany\nvat_number\naddress1\naddress2\npostcode city\nCountry:name\nphone'),(3,'firstname lastname\r\ncompany\r\nvat_number\r\naddress1\r\naddress2\r\npostcode city\r\nCountry:name\r\nphone'),(4,'firstname lastname\ncompany\nvat_number\naddress1\naddress2\npostcode city\nCountry:name\nphone'),(5,'firstname lastname\ncompany\nvat_number\naddress1\naddress2\npostcode city\nCountry:name\nphone'),(6,'firstname lastname\ncompany\nvat_number\naddress1\naddress2\npostcode city\nCountry:name\nphone'),(7,'firstname lastname\ncompany\nvat_number\naddress1\naddress2\npostcode city\nCountry:name\nphone'),(8,'firstname lastname\ncompany\nvat_number\naddress1\naddress2\npostcode city\nCountry:name\nphone'),(9,'firstname lastname\ncompany\nvat_number\naddress1\naddress2\npostcode city\nCountry:name\nphone'),(10,'firstname lastname\ncompany\nvat_number\naddress1\naddress2\npostcode city\nCountry:name\nphone'),(11,'firstname lastname\ncompany\nvat_number\naddress1\naddress2\npostcode city\nCountry:name\nphone'),(12,'firstname lastname\ncompany\nvat_number\naddress1\naddress2\npostcode city\nCountry:name\nphone'),(13,'firstname lastname\ncompany\nvat_number\naddress1\naddress2\npostcode city\nCountry:name\nphone'),(14,'firstname lastname\ncompany\nvat_number\naddress1\naddress2\npostcode city\nCountry:name\nphone'),(15,'firstname lastname\ncompany\nvat_number\naddress1\naddress2\npostcode city\nCountry:name\nphone'),(16,'firstname lastname\ncompany\nvat_number\naddress1\naddress2\npostcode city\nCountry:name\nphone'),(17,'firstname lastname\ncompany\naddress1\naddress2\ncity\nState:name\npostcode\nCountry:name'),(18,'firstname lastname\ncompany\nvat_number\naddress1\naddress2\npostcode city\nCountry:name\nphone'),(19,'firstname lastname\ncompany\nvat_number\naddress1\naddress2\npostcode city\nCountry:name\nphone'),(20,'firstname lastname\ncompany\nvat_number\naddress1\naddress2\npostcode city\nCountry:name\nphone'),(21,'firstname lastname\ncompany\naddress1 address2\ncity, State:name postcode \nCountry:name\nphone'),(22,'firstname lastname\ncompany\nvat_number\naddress1\naddress2\npostcode city\nCountry:name\nphone'),(23,'firstname lastname\ncompany\nvat_number\naddress1\naddress2\npostcode city\nCountry:name\nphone'),(24,'firstname lastname\ncompany\nvat_number\naddress1\naddress2\npostcode city\nCountry:name\nphone'),(25,'firstname lastname\ncompany\nvat_number\naddress1\naddress2\npostcode city\nCountry:name\nphone'),(26,'firstname lastname\ncompany\nvat_number\naddress1\naddress2\npostcode city\nCountry:name\nphone'),(27,'firstname lastname\ncompany\nvat_number\naddress1\naddress2\npostcode city\nCountry:name\nphone'),(28,'firstname lastname\ncompany\nvat_number\naddress1\naddress2\npostcode city\nCountry:name\nphone'),(29,'firstname lastname\ncompany\nvat_number\naddress1\naddress2\npostcode city\nCountry:name\nphone'),(30,'firstname lastname\ncompany\nvat_number\naddress1\naddress2\npostcode city\nCountry:name\nphone'),(31,'firstname lastname\ncompany\nvat_number\naddress1\naddress2\npostcode city\nCountry:name\nphone'),(32,'firstname lastname\ncompany\nvat_number\naddress1\naddress2\npostcode city\nCountry:name\nphone'),(33,'firstname lastname\ncompany\nvat_number\naddress1\naddress2\npostcode city\nCountry:name\nphone'),(34,'firstname lastname\ncompany\nvat_number\naddress1\naddress2\npostcode city\nCountry:name\nphone'),(35,'firstname lastname\ncompany\nvat_number\naddress1\naddress2\npostcode city\nCountry:name\nphone'),(36,'firstname lastname\ncompany\nvat_number\naddress1\naddress2\npostcode city\nCountry:name\nphone'),(37,'firstname lastname\ncompany\nvat_number\naddress1\naddress2\npostcode city\nCountry:name\nphone'),(38,'firstname lastname\ncompany\nvat_number\naddress1\naddress2\npostcode city\nCountry:name\nphone'),(39,'firstname lastname\ncompany\nvat_number\naddress1\naddress2\npostcode city\nCountry:name\nphone'),(40,'firstname lastname\ncompany\nvat_number\naddress1\naddress2\npostcode city\nCountry:name\nphone'),(41,'firstname lastname\ncompany\nvat_number\naddress1\naddress2\npostcode city\nCountry:name\nphone'),(42,'firstname lastname\ncompany\nvat_number\naddress1\naddress2\npostcode city\nCountry:name\nphone'),(43,'firstname lastname\ncompany\nvat_number\naddress1\naddress2\npostcode city\nCountry:name\nphone'),(44,'firstname lastname\ncompany\nvat_number\naddress1\naddress2\npostcode city\nCountry:name\nphone'),(45,'firstname lastname\ncompany\nvat_number\naddress1\naddress2\npostcode city\nCountry:name\nphone'),(46,'firstname lastname\ncompany\nvat_number\naddress1\naddress2\npostcode city\nCountry:name\nphone'),(47,'firstname lastname\ncompany\nvat_number\naddress1\naddress2\npostcode city\nCountry:name\nphone'),(48,'firstname lastname\ncompany\nvat_number\naddress1\naddress2\npostcode city\nCountry:name\nphone'),(49,'firstname lastname\ncompany\nvat_number\naddress1\naddress2\npostcode city\nCountry:name\nphone'),(50,'firstname lastname\ncompany\nvat_number\naddress1\naddress2\npostcode city\nCountry:name\nphone'),(51,'firstname lastname\ncompany\nvat_number\naddress1\naddress2\npostcode city\nCountry:name\nphone'),(52,'firstname lastname\ncompany\nvat_number\naddress1\naddress2\npostcode city\nCountry:name\nphone'),(53,'firstname lastname\ncompany\nvat_number\naddress1\naddress2\npostcode city\nCountry:name\nphone'),(54,'firstname lastname\ncompany\nvat_number\naddress1\naddress2\npostcode city\nCountry:name\nphone'),(55,'firstname lastname\ncompany\nvat_number\naddress1\naddress2\npostcode city\nCountry:name\nphone'),(56,'firstname lastname\ncompany\nvat_number\naddress1\naddress2\npostcode city\nCountry:name\nphone'),(57,'firstname lastname\ncompany\nvat_number\naddress1\naddress2\npostcode city\nCountry:name\nphone'),(58,'firstname lastname\ncompany\nvat_number\naddress1\naddress2\npostcode city\nCountry:name\nphone'),(59,'firstname lastname\ncompany\nvat_number\naddress1\naddress2\npostcode city\nCountry:name\nphone'),(60,'firstname lastname\ncompany\nvat_number\naddress1\naddress2\npostcode city\nCountry:name\nphone'),(61,'firstname lastname\ncompany\nvat_number\naddress1\naddress2\npostcode city\nCountry:name\nphone'),(62,'firstname lastname\ncompany\nvat_number\naddress1\naddress2\npostcode city\nCountry:name\nphone'),(63,'firstname lastname\ncompany\nvat_number\naddress1\naddress2\npostcode city\nCountry:name\nphone'),(64,'firstname lastname\ncompany\nvat_number\naddress1\naddress2\npostcode city\nCountry:name\nphone'),(65,'firstname lastname\ncompany\nvat_number\naddress1\naddress2\npostcode city\nCountry:name\nphone'),(66,'firstname lastname\ncompany\nvat_number\naddress1\naddress2\npostcode city\nCountry:name\nphone'),(67,'firstname lastname\ncompany\nvat_number\naddress1\naddress2\npostcode city\nCountry:name\nphone'),(68,'firstname lastname\ncompany\nvat_number\naddress1\naddress2\npostcode city\nCountry:name\nphone'),(69,'firstname lastname\ncompany\nvat_number\naddress1\naddress2\npostcode city\nCountry:name\nphone'),(70,'firstname lastname\ncompany\nvat_number\naddress1\naddress2\npostcode city\nCountry:name\nphone'),(71,'firstname lastname\ncompany\nvat_number\naddress1\naddress2\npostcode city\nCountry:name\nphone'),(72,'firstname lastname\ncompany\nvat_number\naddress1\naddress2\npostcode city\nCountry:name\nphone'),(73,'firstname lastname\ncompany\nvat_number\naddress1\naddress2\npostcode city\nCountry:name\nphone'),(74,'firstname lastname\ncompany\nvat_number\naddress1\naddress2\npostcode city\nCountry:name\nphone'),(75,'firstname lastname\ncompany\nvat_number\naddress1\naddress2\npostcode city\nCountry:name\nphone'),(76,'firstname lastname\ncompany\nvat_number\naddress1\naddress2\npostcode city\nCountry:name\nphone'),(77,'firstname lastname\ncompany\nvat_number\naddress1\naddress2\npostcode city\nCountry:name\nphone'),(78,'firstname lastname\ncompany\nvat_number\naddress1\naddress2\npostcode city\nCountry:name\nphone'),(79,'firstname lastname\ncompany\nvat_number\naddress1\naddress2\npostcode city\nCountry:name\nphone'),(80,'firstname lastname\ncompany\nvat_number\naddress1\naddress2\npostcode city\nCountry:name\nphone'),(81,'firstname lastname\ncompany\nvat_number\naddress1\naddress2\npostcode city\nCountry:name\nphone'),(82,'firstname lastname\ncompany\nvat_number\naddress1\naddress2\npostcode city\nCountry:name\nphone'),(83,'firstname lastname\ncompany\nvat_number\naddress1\naddress2\npostcode city\nCountry:name\nphone'),(84,'firstname lastname\ncompany\nvat_number\naddress1\naddress2\npostcode city\nCountry:name\nphone'),(85,'firstname lastname\ncompany\nvat_number\naddress1\naddress2\npostcode city\nCountry:name\nphone'),(86,'firstname lastname\ncompany\nvat_number\naddress1\naddress2\npostcode city\nCountry:name\nphone'),(87,'firstname lastname\ncompany\nvat_number\naddress1\naddress2\npostcode city\nCountry:name\nphone'),(88,'firstname lastname\ncompany\nvat_number\naddress1\naddress2\npostcode city\nCountry:name\nphone'),(89,'firstname lastname\ncompany\nvat_number\naddress1\naddress2\npostcode city\nCountry:name\nphone'),(90,'firstname lastname\ncompany\nvat_number\naddress1\naddress2\npostcode city\nCountry:name\nphone'),(91,'firstname lastname\ncompany\nvat_number\naddress1\naddress2\npostcode city\nCountry:name\nphone'),(92,'firstname lastname\ncompany\nvat_number\naddress1\naddress2\npostcode city\nCountry:name\nphone'),(93,'firstname lastname\ncompany\nvat_number\naddress1\naddress2\npostcode city\nCountry:name\nphone'),(94,'firstname lastname\ncompany\nvat_number\naddress1\naddress2\npostcode city\nCountry:name\nphone'),(95,'firstname lastname\ncompany\nvat_number\naddress1\naddress2\npostcode city\nCountry:name\nphone'),(96,'firstname lastname\ncompany\nvat_number\naddress1\naddress2\npostcode city\nCountry:name\nphone'),(97,'firstname lastname\ncompany\nvat_number\naddress1\naddress2\npostcode city\nCountry:name\nphone'),(98,'firstname lastname\ncompany\nvat_number\naddress1\naddress2\npostcode city\nCountry:name\nphone'),(99,'firstname lastname\ncompany\nvat_number\naddress1\naddress2\npostcode city\nCountry:name\nphone'),(100,'firstname lastname\ncompany\nvat_number\naddress1\naddress2\npostcode city\nCountry:name\nphone'),(101,'firstname lastname\ncompany\nvat_number\naddress1\naddress2\npostcode city\nCountry:name\nphone'),(102,'firstname lastname\ncompany\nvat_number\naddress1\naddress2\npostcode city\nCountry:name\nphone'),(103,'firstname lastname\ncompany\nvat_number\naddress1\naddress2\npostcode city\nCountry:name\nphone'),(104,'firstname lastname\ncompany\nvat_number\naddress1\naddress2\npostcode city\nCountry:name\nphone'),(105,'firstname lastname\ncompany\nvat_number\naddress1\naddress2\npostcode city\nCountry:name\nphone'),(106,'firstname lastname\ncompany\nvat_number\naddress1\naddress2\npostcode city\nCountry:name\nphone'),(107,'firstname lastname\ncompany\nvat_number\naddress1\naddress2\npostcode city\nCountry:name\nphone'),(108,'firstname lastname\ncompany\nvat_number\naddress1\naddress2\npostcode city\nCountry:name\nphone'),(109,'firstname lastname\ncompany\nvat_number\naddress1\naddress2\npostcode city\nCountry:name\nphone'),(110,'firstname lastname\ncompany\nvat_number\naddress1\naddress2\npostcode city\nCountry:name\nphone'),(111,'firstname lastname\ncompany\nvat_number\naddress1\naddress2\npostcode city\nCountry:name\nphone'),(112,'firstname lastname\ncompany\nvat_number\naddress1\naddress2\npostcode city\nCountry:name\nphone'),(113,'firstname lastname\ncompany\nvat_number\naddress1\naddress2\npostcode city\nCountry:name\nphone'),(114,'firstname lastname\ncompany\nvat_number\naddress1\naddress2\npostcode city\nCountry:name\nphone'),(115,'firstname lastname\ncompany\nvat_number\naddress1\naddress2\npostcode city\nCountry:name\nphone'),(116,'firstname lastname\ncompany\nvat_number\naddress1\naddress2\npostcode city\nCountry:name\nphone'),(117,'firstname lastname\ncompany\nvat_number\naddress1\naddress2\npostcode city\nCountry:name\nphone'),(118,'firstname lastname\ncompany\nvat_number\naddress1\naddress2\npostcode city\nCountry:name\nphone'),(119,'firstname lastname\ncompany\nvat_number\naddress1\naddress2\npostcode city\nCountry:name\nphone'),(120,'firstname lastname\ncompany\nvat_number\naddress1\naddress2\npostcode city\nCountry:name\nphone'),(121,'firstname lastname\ncompany\nvat_number\naddress1\naddress2\npostcode city\nCountry:name\nphone'),(122,'firstname lastname\ncompany\nvat_number\naddress1\naddress2\npostcode city\nCountry:name\nphone'),(123,'firstname lastname\ncompany\nvat_number\naddress1\naddress2\npostcode city\nCountry:name\nphone'),(124,'firstname lastname\ncompany\nvat_number\naddress1\naddress2\npostcode city\nCountry:name\nphone'),(125,'firstname lastname\ncompany\nvat_number\naddress1\naddress2\npostcode city\nCountry:name\nphone'),(126,'firstname lastname\ncompany\nvat_number\naddress1\naddress2\npostcode city\nCountry:name\nphone'),(127,'firstname lastname\ncompany\nvat_number\naddress1\naddress2\npostcode city\nCountry:name\nphone'),(128,'firstname lastname\ncompany\nvat_number\naddress1\naddress2\npostcode city\nCountry:name\nphone'),(129,'firstname lastname\ncompany\nvat_number\naddress1\naddress2\npostcode city\nCountry:name\nphone'),(130,'firstname lastname\ncompany\nvat_number\naddress1\naddress2\npostcode city\nCountry:name\nphone'),(131,'firstname lastname\ncompany\nvat_number\naddress1\naddress2\npostcode city\nCountry:name\nphone'),(132,'firstname lastname\ncompany\nvat_number\naddress1\naddress2\npostcode city\nCountry:name\nphone'),(133,'firstname lastname\ncompany\nvat_number\naddress1\naddress2\npostcode city\nCountry:name\nphone'),(134,'firstname lastname\ncompany\nvat_number\naddress1\naddress2\npostcode city\nCountry:name\nphone'),(135,'firstname lastname\ncompany\nvat_number\naddress1\naddress2\npostcode city\nCountry:name\nphone'),(136,'firstname lastname\ncompany\nvat_number\naddress1\naddress2\npostcode city\nCountry:name\nphone'),(137,'firstname lastname\ncompany\nvat_number\naddress1\naddress2\npostcode city\nCountry:name\nphone'),(138,'firstname lastname\ncompany\nvat_number\naddress1\naddress2\npostcode city\nCountry:name\nphone'),(139,'firstname lastname\ncompany\nvat_number\naddress1\naddress2\npostcode city\nCountry:name\nphone'),(140,'firstname lastname\ncompany\nvat_number\naddress1\naddress2\npostcode city\nCountry:name\nphone'),(141,'firstname lastname\ncompany\nvat_number\naddress1\naddress2\npostcode city\nCountry:name\nphone'),(142,'firstname lastname\ncompany\nvat_number\naddress1\naddress2\npostcode city\nCountry:name\nphone'),(143,'firstname lastname\ncompany\nvat_number\naddress1\naddress2\npostcode city\nCountry:name\nphone'),(144,'firstname lastname\ncompany\nvat_number\naddress1\naddress2\npostcode city\nCountry:name\nphone'),(145,'firstname lastname\ncompany\nvat_number\naddress1\naddress2\npostcode city\nCountry:name\nphone'),(146,'firstname lastname\ncompany\nvat_number\naddress1\naddress2\npostcode city\nCountry:name\nphone'),(147,'firstname lastname\ncompany\nvat_number\naddress1\naddress2\npostcode city\nCountry:name\nphone'),(148,'firstname lastname\ncompany\nvat_number\naddress1\naddress2\npostcode city\nCountry:name\nphone'),(149,'firstname lastname\ncompany\nvat_number\naddress1\naddress2\npostcode city\nCountry:name\nphone'),(150,'firstname lastname\ncompany\nvat_number\naddress1\naddress2\npostcode city\nCountry:name\nphone'),(151,'firstname lastname\ncompany\nvat_number\naddress1\naddress2\npostcode city\nCountry:name\nphone'),(152,'firstname lastname\ncompany\nvat_number\naddress1\naddress2\npostcode city\nCountry:name\nphone'),(153,'firstname lastname\ncompany\nvat_number\naddress1\naddress2\npostcode city\nCountry:name\nphone'),(154,'firstname lastname\ncompany\nvat_number\naddress1\naddress2\npostcode city\nCountry:name\nphone'),(155,'firstname lastname\ncompany\nvat_number\naddress1\naddress2\npostcode city\nCountry:name\nphone'),(156,'firstname lastname\ncompany\nvat_number\naddress1\naddress2\npostcode city\nCountry:name\nphone'),(157,'firstname lastname\ncompany\nvat_number\naddress1\naddress2\npostcode city\nCountry:name\nphone'),(158,'firstname lastname\ncompany\nvat_number\naddress1\naddress2\npostcode city\nCountry:name\nphone'),(159,'firstname lastname\ncompany\nvat_number\naddress1\naddress2\npostcode city\nCountry:name\nphone'),(160,'firstname lastname\ncompany\nvat_number\naddress1\naddress2\npostcode city\nCountry:name\nphone'),(161,'firstname lastname\ncompany\nvat_number\naddress1\naddress2\npostcode city\nCountry:name\nphone'),(162,'firstname lastname\ncompany\nvat_number\naddress1\naddress2\npostcode city\nCountry:name\nphone'),(163,'firstname lastname\ncompany\nvat_number\naddress1\naddress2\npostcode city\nCountry:name\nphone'),(164,'firstname lastname\ncompany\nvat_number\naddress1\naddress2\npostcode city\nCountry:name\nphone'),(165,'firstname lastname\ncompany\nvat_number\naddress1\naddress2\npostcode city\nCountry:name\nphone'),(166,'firstname lastname\ncompany\nvat_number\naddress1\naddress2\npostcode city\nCountry:name\nphone'),(167,'firstname lastname\ncompany\nvat_number\naddress1\naddress2\npostcode city\nCountry:name\nphone'),(168,'firstname lastname\ncompany\nvat_number\naddress1\naddress2\npostcode city\nCountry:name\nphone'),(169,'firstname lastname\ncompany\nvat_number\naddress1\naddress2\npostcode city\nCountry:name\nphone'),(170,'firstname lastname\ncompany\nvat_number\naddress1\naddress2\npostcode city\nCountry:name\nphone'),(171,'firstname lastname\ncompany\nvat_number\naddress1\naddress2\npostcode city\nCountry:name\nphone'),(172,'firstname lastname\ncompany\nvat_number\naddress1\naddress2\npostcode city\nCountry:name\nphone'),(173,'firstname lastname\ncompany\nvat_number\naddress1\naddress2\npostcode city\nCountry:name\nphone'),(174,'firstname lastname\ncompany\nvat_number\naddress1\naddress2\npostcode city\nCountry:name\nphone'),(175,'firstname lastname\ncompany\nvat_number\naddress1\naddress2\npostcode city\nCountry:name\nphone'),(176,'firstname lastname\ncompany\nvat_number\naddress1\naddress2\npostcode city\nCountry:name\nphone'),(177,'firstname lastname\ncompany\nvat_number\naddress1\naddress2\npostcode city\nCountry:name\nphone'),(178,'firstname lastname\ncompany\nvat_number\naddress1\naddress2\npostcode city\nCountry:name\nphone'),(179,'firstname lastname\ncompany\nvat_number\naddress1\naddress2\npostcode city\nCountry:name\nphone'),(180,'firstname lastname\ncompany\nvat_number\naddress1\naddress2\npostcode city\nCountry:name\nphone'),(181,'firstname lastname\ncompany\nvat_number\naddress1\naddress2\npostcode city\nCountry:name\nphone'),(182,'firstname lastname\ncompany\nvat_number\naddress1\naddress2\npostcode city\nCountry:name\nphone'),(183,'firstname lastname\ncompany\nvat_number\naddress1\naddress2\npostcode city\nCountry:name\nphone'),(184,'firstname lastname\ncompany\nvat_number\naddress1\naddress2\npostcode city\nCountry:name\nphone'),(185,'firstname lastname\ncompany\nvat_number\naddress1\naddress2\npostcode city\nCountry:name\nphone'),(186,'firstname lastname\ncompany\nvat_number\naddress1\naddress2\npostcode city\nCountry:name\nphone'),(187,'firstname lastname\ncompany\nvat_number\naddress1\naddress2\npostcode city\nCountry:name\nphone'),(188,'firstname lastname\ncompany\nvat_number\naddress1\naddress2\npostcode city\nCountry:name\nphone'),(189,'firstname lastname\ncompany\nvat_number\naddress1\naddress2\npostcode city\nCountry:name\nphone'),(190,'firstname lastname\ncompany\nvat_number\naddress1\naddress2\npostcode city\nCountry:name\nphone'),(191,'firstname lastname\ncompany\nvat_number\naddress1\naddress2\npostcode city\nCountry:name\nphone'),(192,'firstname lastname\ncompany\nvat_number\naddress1\naddress2\npostcode city\nCountry:name\nphone'),(193,'firstname lastname\ncompany\nvat_number\naddress1\naddress2\npostcode city\nCountry:name\nphone'),(194,'firstname lastname\ncompany\nvat_number\naddress1\naddress2\npostcode city\nCountry:name\nphone'),(195,'firstname lastname\ncompany\nvat_number\naddress1\naddress2\npostcode city\nCountry:name\nphone'),(196,'firstname lastname\ncompany\nvat_number\naddress1\naddress2\npostcode city\nCountry:name\nphone'),(197,'firstname lastname\ncompany\nvat_number\naddress1\naddress2\npostcode city\nCountry:name\nphone'),(198,'firstname lastname\ncompany\nvat_number\naddress1\naddress2\npostcode city\nCountry:name\nphone'),(199,'firstname lastname\ncompany\nvat_number\naddress1\naddress2\npostcode city\nCountry:name\nphone'),(200,'firstname lastname\ncompany\nvat_number\naddress1\naddress2\npostcode city\nCountry:name\nphone'),(201,'firstname lastname\ncompany\nvat_number\naddress1\naddress2\npostcode city\nCountry:name\nphone'),(202,'firstname lastname\ncompany\nvat_number\naddress1\naddress2\npostcode city\nCountry:name\nphone'),(203,'firstname lastname\ncompany\nvat_number\naddress1\naddress2\npostcode city\nCountry:name\nphone'),(204,'firstname lastname\ncompany\nvat_number\naddress1\naddress2\npostcode city\nCountry:name\nphone'),(205,'firstname lastname\ncompany\nvat_number\naddress1\naddress2\npostcode city\nCountry:name\nphone'),(206,'firstname lastname\ncompany\nvat_number\naddress1\naddress2\npostcode city\nCountry:name\nphone'),(207,'firstname lastname\ncompany\nvat_number\naddress1\naddress2\npostcode city\nCountry:name\nphone'),(208,'firstname lastname\ncompany\nvat_number\naddress1\naddress2\npostcode city\nCountry:name\nphone'),(209,'firstname lastname\ncompany\nvat_number\naddress1\naddress2\npostcode city\nCountry:name\nphone'),(210,'firstname lastname\ncompany\nvat_number\naddress1\naddress2\npostcode city\nCountry:name\nphone'),(211,'firstname lastname\ncompany\nvat_number\naddress1\naddress2\npostcode city\nCountry:name\nphone'),(212,'firstname lastname\ncompany\nvat_number\naddress1\naddress2\npostcode city\nCountry:name\nphone'),(213,'firstname lastname\ncompany\nvat_number\naddress1\naddress2\npostcode city\nCountry:name\nphone'),(214,'firstname lastname\ncompany\nvat_number\naddress1\naddress2\npostcode city\nCountry:name\nphone'),(215,'firstname lastname\ncompany\nvat_number\naddress1\naddress2\npostcode city\nCountry:name\nphone'),(216,'firstname lastname\ncompany\nvat_number\naddress1\naddress2\npostcode city\nCountry:name\nphone'),(217,'firstname lastname\ncompany\nvat_number\naddress1\naddress2\npostcode city\nCountry:name\nphone'),(218,'firstname lastname\ncompany\nvat_number\naddress1\naddress2\npostcode city\nCountry:name\nphone'),(219,'firstname lastname\ncompany\nvat_number\naddress1\naddress2\npostcode city\nCountry:name\nphone'),(220,'firstname lastname\ncompany\nvat_number\naddress1\naddress2\npostcode city\nCountry:name\nphone'),(221,'firstname lastname\ncompany\nvat_number\naddress1\naddress2\npostcode city\nCountry:name\nphone'),(222,'firstname lastname\ncompany\nvat_number\naddress1\naddress2\npostcode city\nCountry:name\nphone'),(223,'firstname lastname\ncompany\nvat_number\naddress1\naddress2\npostcode city\nCountry:name\nphone'),(224,'firstname lastname\ncompany\nvat_number\naddress1\naddress2\npostcode city\nCountry:name\nphone'),(225,'firstname lastname\ncompany\nvat_number\naddress1\naddress2\npostcode city\nCountry:name\nphone'),(226,'firstname lastname\ncompany\nvat_number\naddress1\naddress2\npostcode city\nCountry:name\nphone'),(227,'firstname lastname\ncompany\nvat_number\naddress1\naddress2\npostcode city\nCountry:name\nphone'),(228,'firstname lastname\ncompany\nvat_number\naddress1\naddress2\npostcode city\nCountry:name\nphone'),(229,'firstname lastname\ncompany\nvat_number\naddress1\naddress2\npostcode city\nCountry:name\nphone'),(230,'firstname lastname\ncompany\nvat_number\naddress1\naddress2\npostcode city\nCountry:name\nphone'),(231,'firstname lastname\ncompany\nvat_number\naddress1\naddress2\npostcode city\nCountry:name\nphone'),(232,'firstname lastname\ncompany\nvat_number\naddress1\naddress2\npostcode city\nCountry:name\nphone'),(233,'firstname lastname\ncompany\nvat_number\naddress1\naddress2\npostcode city\nCountry:name\nphone'),(234,'firstname lastname\ncompany\nvat_number\naddress1\naddress2\npostcode city\nCountry:name\nphone'),(235,'firstname lastname\ncompany\nvat_number\naddress1\naddress2\npostcode city\nCountry:name\nphone'),(236,'firstname lastname\ncompany\nvat_number\naddress1\naddress2\npostcode city\nCountry:name\nphone'),(237,'firstname lastname\ncompany\nvat_number\naddress1\naddress2\npostcode city\nCountry:name\nphone'),(238,'firstname lastname\ncompany\nvat_number\naddress1\naddress2\npostcode city\nCountry:name\nphone'),(239,'firstname lastname\ncompany\nvat_number\naddress1\naddress2\npostcode city\nCountry:name\nphone'),(240,'firstname lastname\ncompany\nvat_number\naddress1\naddress2\npostcode city\nCountry:name\nphone'),(241,'firstname lastname\ncompany\nvat_number\naddress1\naddress2\npostcode city\nCountry:name\nphone'),(242,'firstname lastname\ncompany\nvat_number\naddress1\naddress2\npostcode city\nCountry:name\nphone'),(243,'firstname lastname\ncompany\nvat_number\naddress1\naddress2\npostcode city\nCountry:name\nphone'),(244,'firstname lastname\ncompany\nvat_number\naddress1\naddress2\npostcode city\nCountry:name\nphone');
CREATE TABLE `pss_alias` (
  `id_alias` int(10) unsigned NOT NULL auto_increment,
  `alias` varchar(255) NOT NULL,
  `search` varchar(255) NOT NULL,
  `active` tinyint(1) NOT NULL default '1',
  PRIMARY KEY  (`id_alias`),
  UNIQUE KEY `alias` (`alias`)
) ENGINE=MyISAM AUTO_INCREMENT=5 DEFAULT CHARSET=utf8;

CREATE TABLE `pss_attachment` (
  `id_attachment` int(10) unsigned NOT NULL auto_increment,
  `file` varchar(40) NOT NULL,
  `file_name` varchar(128) NOT NULL,
  `mime` varchar(128) NOT NULL,
  PRIMARY KEY  (`id_attachment`)
) ENGINE=MyISAM DEFAULT CHARSET=utf8;

CREATE TABLE `pss_attachment_lang` (
  `id_attachment` int(10) unsigned NOT NULL auto_increment,
  `id_lang` int(10) unsigned NOT NULL,
  `name` varchar(32) default NULL,
  `description` text,
  PRIMARY KEY  (`id_attachment`,`id_lang`)
) ENGINE=MyISAM DEFAULT CHARSET=utf8;

CREATE TABLE `pss_attribute` (
  `id_attribute` int(10) unsigned NOT NULL auto_increment,
  `id_attribute_group` int(10) unsigned NOT NULL,
  `color` varchar(32) default NULL,
  PRIMARY KEY  (`id_attribute`),
  KEY `attribute_group` (`id_attribute_group`)
) ENGINE=MyISAM AUTO_INCREMENT=21 DEFAULT CHARSET=utf8;

INSERT INTO `pss_attribute` VALUES (1,1,NULL),(2,1,NULL),(8,1,NULL),(9,1,NULL),(10,3,NULL),(11,3,NULL),(12,1,NULL),(13,1,NULL),(3,2,'#D2D6D5'),(4,2,'#008CB7'),(5,2,'#F3349E'),(6,2,'#93D52D'),(7,2,'#FD9812'),(15,1,''),(16,1,''),(17,1,''),(18,2,'#7800F0'),(19,2,'#F6EF04'),(20,2,'#F60409'),(14,2,'#000000');
CREATE TABLE `pss_attribute_group` (
  `id_attribute_group` int(10) unsigned NOT NULL auto_increment,
  `is_color_group` tinyint(1) NOT NULL default '0',
  PRIMARY KEY  (`id_attribute_group`)
) ENGINE=MyISAM AUTO_INCREMENT=4 DEFAULT CHARSET=utf8;

INSERT INTO `pss_attribute_group` VALUES (1,0),(2,1),(3,0);
CREATE TABLE `pss_attribute_group_lang` (
  `id_attribute_group` int(10) unsigned NOT NULL,
  `id_lang` int(10) unsigned NOT NULL,
  `name` varchar(128) NOT NULL,
  `public_name` varchar(64) NOT NULL,
  PRIMARY KEY  (`id_attribute_group`,`id_lang`)
) ENGINE=MyISAM DEFAULT CHARSET=utf8;

INSERT INTO `pss_attribute_group_lang` VALUES (1,1,'Disk space','Disk space'),(1,2,'Capacité','Capacité'),(2,1,'Color','Color'),(2,2,'Couleur','Couleur'),(3,1,'ICU','Processor'),(3,2,'ICU','Processeur'),(1,3,'Capacidad','Capacidad'),(2,3,'Color','Color'),(3,3,'ICU','Procesador'),(1,4,'Speicherplatz','Disk space'),(2,4,'Farbe','Color'),(3,4,'ICU','Processor'),(1,5,'Spazio disco','Spazio disco'),(2,5,'Colore','Colore'),(3,5,'ICU','Processore'),(1,6,'Disk space','Disk space'),(2,6,'Color','Color'),(3,6,'ICU','Processor'),(1,7,'Disk space','Disk space'),(2,7,'Color','Color'),(3,7,'ICU','Processor'),(1,8,'Disk space','Disk space'),(2,8,'Color','Color'),(3,8,'ICU','Processor'),(1,9,'Disk space','Disk space'),(2,9,'Color','Color'),(3,9,'ICU','Processor'),(1,10,'Disk space','Disk space'),(2,10,'Color','Color'),(3,10,'ICU','Processor'),(1,11,'Disk space','Disk space'),(2,11,'Color','Color'),(3,11,'ICU','Processor');
CREATE TABLE `pss_attribute_impact` (
  `id_attribute_impact` int(10) unsigned NOT NULL auto_increment,
  `id_product` int(11) unsigned NOT NULL,
  `id_attribute` int(11) unsigned NOT NULL,
  `weight` float NOT NULL,
  `price` decimal(17,2) NOT NULL,
  PRIMARY KEY  (`id_attribute_impact`),
  UNIQUE KEY `id_product` (`id_product`,`id_attribute`)
) ENGINE=MyISAM AUTO_INCREMENT=13 DEFAULT CHARSET=utf8;

CREATE TABLE `pss_attribute_lang` (
  `id_attribute` int(10) unsigned NOT NULL,
  `id_lang` int(10) unsigned NOT NULL,
  `name` varchar(128) NOT NULL,
  PRIMARY KEY  (`id_attribute`,`id_lang`),
  KEY `id_lang` (`id_lang`,`name`)
) ENGINE=MyISAM DEFAULT CHARSET=utf8;

INSERT INTO `pss_attribute_lang` VALUES (1,1,'2GB'),(1,2,'2Go'),(1,3,'2Go'),(2,1,'4GB'),(2,2,'4Go'),(2,3,'4Go'),(3,1,'Metal'),(3,2,'Metal'),(3,3,'Metal'),(4,1,'Blue'),(4,2,'Bleu'),(4,3,'Azul'),(5,1,'Pink'),(5,2,'Rose'),(5,3,'Rosa'),(6,1,'Green'),(6,2,'Vert'),(6,3,'Verde'),(7,1,'Orange'),(7,2,'Orange'),(7,3,'Naranja'),(8,1,'Optional 64GB solid-state drive'),(8,2,'Disque dur SSD (solid-state drive) de 64 Go '),(8,3,'SSD (solid-state drive) 64 Go '),(9,1,'80GB Parallel ATA Drive @ 4200 rpm'),(9,2,'Disque dur PATA de 80 Go à 4 200 tr/min'),(9,3,'Disco duro PATA 80 Go 4 200 tr/min'),(10,1,'1.60GHz Intel Core 2 Duo'),(10,2,'Intel Core 2 Duo à 1,6 GHz'),(10,3,'Intel Core 2 Duo para 1,6 GHz'),(11,1,'1.80GHz Intel Core 2 Duo'),(11,2,'Intel Core 2 Duo à 1,8 GHz'),(11,3,'Intel Core 2 Duo para 1,8 GHz'),(12,1,'80GB: 20,000 Songs'),(12,2,'80 Go : 20 000 chansons'),(12,3,'80 Go : 20 000 canciones'),(13,1,'160GB: 40,000 Songs'),(13,2,'160 Go : 40 000 chansons'),(13,3,'160 Go : 40 000 canciones'),(14,2,'Noir'),(14,3,'Negro'),(14,1,'Black'),(15,1,'8Go'),(15,2,'8Go'),(15,3,'8Go'),(16,1,'16Go'),(16,2,'16Go'),(16,3,'16Go'),(17,1,'32Go'),(17,2,'32Go'),(17,3,'32Go'),(1,4,'2GB'),(2,4,'4GB'),(3,4,'Metallic'),(4,4,'Blau'),(5,4,'Pink'),(6,4,'Grün'),(7,4,'Orange'),(8,4,'Optionale 64 GB Solid-State-Drive'),(9,4,'Parallele ATA 80GB Drive @ 4200 rpm'),(10,4,'1.60GHz Intel Core 2 Duo'),(11,4,'1.80GHz Intel Core 2 Duo'),(12,4,'80GB: 20.000 Songs'),(13,4,'160GB: 40.000 Songs'),(14,4,'Schwarz'),(15,4,'8Go'),(16,4,'16Go'),(17,4,'32Go'),(1,5,'2GB'),(2,5,'4GB'),(3,5,'Metallico'),(4,5,'Blu'),(5,5,'Rosa'),(6,5,'Verde'),(7,5,'Arancio'),(8,5,'Opzionale solid-state drive 64GB'),(9,5,'80GB Parallel ATA Drive @ 4200 rpm'),(10,5,'1.60GHz Intel Core 2 Duo'),(11,5,'1.80GHz Intel Core 2 Duo'),(12,5,'80GB: 20.000 canzoni'),(13,5,'160GB: 40,000 canzoni'),(14,5,'Nero'),(15,5,'8Go'),(16,5,'16Go'),(17,5,'32Go'),(18,1,'Purple'),(18,2,'Violet'),(18,3,'Violeta'),(19,1,'Yellow'),(19,2,'Jaune'),(19,3,'Amarillo'),(20,1,'Red'),(20,2,'Rouge'),(20,3,'Rojo'),(18,4,'Violett'),(19,4,'Gelb'),(20,4,'Rot'),(18,5,'Viola'),(19,5,'Giallo'),(20,5,'Rosso'),(1,6,'2GB'),(2,6,'4GB'),(8,6,'Optional 64GB solid-state drive'),(9,6,'80GB Parallel ATA Drive @ 4200 rpm'),(10,6,'1.60GHz Intel Core 2 Duo'),(11,6,'1.80GHz Intel Core 2 Duo'),(12,6,'80GB: 20,000 Songs'),(13,6,'160GB: 40,000 Songs'),(3,6,'Metal'),(4,6,'Blue'),(5,6,'Pink'),(6,6,'Green'),(7,6,'Orange'),(15,6,'8Go'),(16,6,'16Go'),(17,6,'32Go'),(18,6,'Purple'),(19,6,'Yellow'),(20,6,'Red'),(14,6,'Black'),(1,7,'2GB'),(2,7,'4GB'),(8,7,'Optional 64GB solid-state drive'),(9,7,'80GB Parallel ATA Drive @ 4200 rpm'),(10,7,'1.60GHz Intel Core 2 Duo'),(11,7,'1.80GHz Intel Core 2 Duo'),(12,7,'80GB: 20,000 Songs'),(13,7,'160GB: 40,000 Songs'),(3,7,'Metal'),(4,7,'Blue'),(5,7,'Pink'),(6,7,'Green'),(7,7,'Orange'),(15,7,'8Go'),(16,7,'16Go'),(17,7,'32Go'),(18,7,'Purple'),(19,7,'Yellow'),(20,7,'Red'),(14,7,'Black'),(1,8,'2GB'),(2,8,'4GB'),(8,8,'Optional 64GB solid-state drive'),(9,8,'80GB Parallel ATA Drive @ 4200 rpm'),(10,8,'1.60GHz Intel Core 2 Duo'),(11,8,'1.80GHz Intel Core 2 Duo'),(12,8,'80GB: 20,000 Songs'),(13,8,'160GB: 40,000 Songs'),(3,8,'Metal'),(4,8,'Blue'),(5,8,'Pink'),(6,8,'Green'),(7,8,'Orange'),(15,8,'8Go'),(16,8,'16Go'),(17,8,'32Go'),(18,8,'Purple'),(19,8,'Yellow'),(20,8,'Red'),(14,8,'Black'),(1,9,'2GB'),(2,9,'4GB'),(8,9,'Optional 64GB solid-state drive'),(9,9,'80GB Parallel ATA Drive @ 4200 rpm'),(10,9,'1.60GHz Intel Core 2 Duo'),(11,9,'1.80GHz Intel Core 2 Duo'),(12,9,'80GB: 20,000 Songs'),(13,9,'160GB: 40,000 Songs'),(3,9,'Metal'),(4,9,'Blue'),(5,9,'Pink'),(6,9,'Green'),(7,9,'Orange'),(15,9,'8Go'),(16,9,'16Go'),(17,9,'32Go'),(18,9,'Purple'),(19,9,'Yellow'),(20,9,'Red'),(14,9,'Black'),(1,10,'2GB'),(2,10,'4GB'),(8,10,'Optional 64GB solid-state drive'),(9,10,'80GB Parallel ATA Drive @ 4200 rpm'),(10,10,'1.60GHz Intel Core 2 Duo'),(11,10,'1.80GHz Intel Core 2 Duo'),(12,10,'80GB: 20,000 Songs'),(13,10,'160GB: 40,000 Songs'),(3,10,'Metal'),(4,10,'Blue'),(5,10,'Pink'),(6,10,'Green'),(7,10,'Orange'),(15,10,'8Go'),(16,10,'16Go'),(17,10,'32Go'),(18,10,'Purple'),(19,10,'Yellow'),(20,10,'Red'),(14,10,'Black'),(1,11,'2GB'),(2,11,'4GB'),(8,11,'Optional 64GB solid-state drive'),(9,11,'80GB Parallel ATA Drive @ 4200 rpm'),(10,11,'1.60GHz Intel Core 2 Duo'),(11,11,'1.80GHz Intel Core 2 Duo'),(12,11,'80GB: 20,000 Songs'),(13,11,'160GB: 40,000 Songs'),(3,11,'Metal'),(4,11,'Blue'),(5,11,'Pink'),(6,11,'Green'),(7,11,'Orange'),(15,11,'8Go'),(16,11,'16Go'),(17,11,'32Go'),(18,11,'Purple'),(19,11,'Yellow'),(20,11,'Red'),(14,11,'Black');
CREATE TABLE `pss_carrier` (
  `id_carrier` int(10) unsigned NOT NULL auto_increment,
  `id_tax_rules_group` int(10) unsigned default '0',
  `name` varchar(64) NOT NULL,
  `url` varchar(255) default NULL,
  `active` tinyint(1) unsigned NOT NULL default '0',
  `deleted` tinyint(1) unsigned NOT NULL default '0',
  `shipping_handling` tinyint(1) unsigned NOT NULL default '1',
  `range_behavior` tinyint(1) unsigned NOT NULL default '0',
  `is_module` tinyint(1) unsigned NOT NULL default '0',
  `is_free` tinyint(1) unsigned NOT NULL default '0',
  `shipping_external` tinyint(1) unsigned NOT NULL default '0',
  `need_range` tinyint(1) unsigned NOT NULL default '0',
  `external_module_name` varchar(64) default NULL,
  `shipping_method` int(2) NOT NULL default '0',
  PRIMARY KEY  (`id_carrier`),
  KEY `deleted` (`deleted`,`active`),
  KEY `id_tax_rules_group` (`id_tax_rules_group`)
) ENGINE=MyISAM AUTO_INCREMENT=4 DEFAULT CHARSET=utf8;

INSERT INTO `pss_carrier` VALUES (1,0,'0',NULL,1,0,0,0,0,0,0,0,NULL,0),(2,1,'My carrier','',1,1,1,0,0,0,0,0,'',0),(3,1,'Kiala','',1,0,1,0,0,0,0,0,'',0);
CREATE TABLE `pss_carrier_group` (
  `id_carrier` int(10) unsigned NOT NULL,
  `id_group` int(10) unsigned NOT NULL,
  UNIQUE KEY `id_carrier` (`id_carrier`,`id_group`)
) ENGINE=MyISAM DEFAULT CHARSET=utf8;

INSERT INTO `pss_carrier_group` VALUES (1,1),(3,1);
CREATE TABLE `pss_carrier_lang` (
  `id_carrier` int(10) unsigned NOT NULL,
  `id_lang` int(10) unsigned NOT NULL,
  `delay` varchar(128) default NULL,
  UNIQUE KEY `shipper_lang_index` (`id_lang`,`id_carrier`)
) ENGINE=MyISAM DEFAULT CHARSET=utf8;

INSERT INTO `pss_carrier_lang` VALUES (1,1,'Pick up in-store'),(1,2,'Retrait au magasin'),(1,3,'Recogida en la tienda'),(1,4,'Abholung im Geschäft'),(1,5,'Ritiro in magazzino'),(2,1,'Delivery next day!'),(2,2,'Livraison le lendemain !'),(2,3,'¡Entrega día siguiente!'),(2,4,'Zustellung am nächsten Tag!'),(2,5,'Consegna il giorno dopo!'),(1,6,'Pick up in-store'),(2,6,'Delivery next day!'),(1,7,'Pick up in-store'),(2,7,'Delivery next day!'),(1,8,'Pick up in-store'),(2,8,'Delivery next day!'),(1,9,'Pick up in-store'),(2,9,'Delivery next day!'),(1,10,'Pick up in-store'),(2,10,'Delivery next day!'),(1,11,'Pick up in-store'),(2,11,'Delivery next day!'),(3,1,'Delivery next day!'),(3,2,'Livraison 2-4jo'),(3,3,'¡Entrega día siguiente!'),(3,4,'Zustellung am nächsten Tag!'),(3,5,'Consegna il giorno dopo!'),(3,6,'Delivery next day!'),(3,7,'Delivery next day!'),(3,8,'Delivery next day!'),(3,9,'Delivery next day!'),(3,10,'Delivery next day!'),(3,11,'Delivery next day!');
CREATE TABLE `pss_carrier_zone` (
  `id_carrier` int(10) unsigned NOT NULL,
  `id_zone` int(10) unsigned NOT NULL,
  PRIMARY KEY  (`id_carrier`,`id_zone`)
) ENGINE=MyISAM DEFAULT CHARSET=utf8;

INSERT INTO `pss_carrier_zone` VALUES (1,1),(2,1);
CREATE TABLE `pss_cart` (
  `id_cart` int(10) unsigned NOT NULL auto_increment,
  `id_carrier` int(10) unsigned NOT NULL,
  `id_lang` int(10) unsigned NOT NULL,
  `id_address_delivery` int(10) unsigned NOT NULL,
  `id_address_invoice` int(10) unsigned NOT NULL,
  `id_currency` int(10) unsigned NOT NULL,
  `id_customer` int(10) unsigned NOT NULL,
  `id_guest` int(10) unsigned NOT NULL,
  `secure_key` varchar(32) NOT NULL default '-1',
  `recyclable` tinyint(1) unsigned NOT NULL default '1',
  `gift` tinyint(1) unsigned NOT NULL default '0',
  `gift_message` text,
  `date_add` datetime NOT NULL,
  `date_upd` datetime NOT NULL,
  PRIMARY KEY  (`id_cart`),
  KEY `cart_customer` (`id_customer`),
  KEY `id_address_delivery` (`id_address_delivery`),
  KEY `id_address_invoice` (`id_address_invoice`),
  KEY `id_carrier` (`id_carrier`),
  KEY `id_lang` (`id_lang`),
  KEY `id_currency` (`id_currency`),
  KEY `id_guest` (`id_guest`)
) ENGINE=MyISAM AUTO_INCREMENT=2 DEFAULT CHARSET=utf8;

INSERT INTO `pss_cart` VALUES (1,2,2,6,6,1,1,1,'-1',1,0,NULL,'2011-05-16 15:49:18','2011-05-16 15:49:18');
CREATE TABLE `pss_cart_discount` (
  `id_cart` int(10) unsigned NOT NULL,
  `id_discount` int(10) unsigned NOT NULL,
  KEY `cart_discount_index` (`id_cart`,`id_discount`),
  KEY `id_discount` (`id_discount`)
) ENGINE=MyISAM DEFAULT CHARSET=utf8;

CREATE TABLE `pss_cart_product` (
  `id_cart` int(10) unsigned NOT NULL,
  `id_product` int(10) unsigned NOT NULL,
  `id_product_attribute` int(10) unsigned default NULL,
  `quantity` int(10) unsigned NOT NULL default '0',
  `date_add` datetime NOT NULL,
  KEY `cart_product_index` (`id_cart`,`id_product`),
  KEY `id_product_attribute` (`id_product_attribute`)
) ENGINE=MyISAM DEFAULT CHARSET=utf8;

CREATE TABLE `pss_category` (
  `id_category` int(10) unsigned NOT NULL auto_increment,
  `id_parent` int(10) unsigned NOT NULL,
  `level_depth` tinyint(3) unsigned NOT NULL default '0',
  `nleft` int(10) unsigned NOT NULL default '0',
  `nright` int(10) unsigned NOT NULL default '0',
  `active` tinyint(1) unsigned NOT NULL default '0',
  `date_add` datetime NOT NULL,
  `date_upd` datetime NOT NULL,
  `position` int(10) unsigned NOT NULL default '0',
  PRIMARY KEY  (`id_category`),
  KEY `category_parent` (`id_parent`),
  KEY `nleftright` (`nleft`,`nright`)
) ENGINE=MyISAM AUTO_INCREMENT=9 DEFAULT CHARSET=utf8;

INSERT INTO `pss_category` VALUES (1,0,0,1,10,1,'2011-05-16 15:49:17','2011-05-16 15:49:17',0),(7,1,1,6,7,1,'2011-11-20 13:41:29','2011-11-20 13:41:29',2),(6,1,1,4,5,1,'2011-11-07 13:31:32','2011-11-07 13:31:32',1),(5,1,1,2,3,1,'2011-11-07 11:41:39','2011-11-07 11:41:39',0),(8,1,1,8,9,1,'2011-11-21 19:56:48','2011-11-21 19:56:48',3);
CREATE TABLE `pss_category_group` (
  `id_category` int(10) unsigned NOT NULL,
  `id_group` int(10) unsigned NOT NULL,
  UNIQUE KEY `category_group_index` (`id_category`,`id_group`),
  KEY `id_category` (`id_category`),
  KEY `id_group` (`id_group`)
) ENGINE=MyISAM DEFAULT CHARSET=utf8;

INSERT INTO `pss_category_group` VALUES (1,1),(5,1),(6,1),(7,1),(8,1);
CREATE TABLE `pss_category_lang` (
  `id_category` int(10) unsigned NOT NULL,
  `id_lang` int(10) unsigned NOT NULL,
  `name` varchar(128) NOT NULL,
  `description` text,
  `link_rewrite` varchar(128) NOT NULL,
  `meta_title` varchar(128) default NULL,
  `meta_keywords` varchar(255) default NULL,
  `meta_description` varchar(255) default NULL,
  UNIQUE KEY `category_lang_index` (`id_category`,`id_lang`),
  KEY `category_name` (`name`)
) ENGINE=MyISAM DEFAULT CHARSET=utf8;

INSERT INTO `pss_category_lang` VALUES (1,1,'Home','','home',NULL,NULL,NULL),(1,2,'Accueil','','home',NULL,NULL,NULL),(1,3,'Inicio','','home',NULL,NULL,NULL),(1,4,'Start','','home',NULL,NULL,NULL),(1,5,'Home page','','home',NULL,NULL,NULL),(8,8,'PC PORTABLES','','pc-portables','','',''),(8,9,'PC PORTABLES','','pc-portables','','',''),(8,10,'PC PORTABLES','','pc-portables','','',''),(8,11,'PC PORTABLES','','pc-portables','','',''),(7,11,'PIECES occasion portables','','pieces-occasion-portables','','',''),(8,1,'PC PORTABLES','','pc-portables','','',''),(8,2,'PC PORTABLES','une game de pc portables ','pc-portables','portables','pc portables, portables notebook ','portables'),(8,3,'PC PORTABLES','','pc-portables','','',''),(8,4,'PC PORTABLES','','pc-portables','','',''),(8,5,'PC PORTABLES','','pc-portables','','',''),(8,6,'PC PORTABLES','','pc-portables','','',''),(8,7,'PC PORTABLES','','pc-portables','','',''),(7,7,'PIECES occasion portables','','pieces-occasion-portables','','',''),(7,8,'PIECES occasion portables','','pieces-occasion-portables','','',''),(7,9,'PIECES occasion portables','','pieces-occasion-portables','','',''),(7,10,'PIECES occasion portables','','pieces-occasion-portables','','',''),(1,6,'Home','','home',NULL,NULL,NULL),(7,3,'PIECES occasion portables','','pieces-occasion-portables','','',''),(7,4,'PIECES occasion portables','','pieces-occasion-portables','','',''),(7,5,'PIECES occasion portables','','pieces-occasion-portables','','',''),(7,6,'PIECES occasion portables','','pieces-occasion-portables','','',''),(1,7,'Home','','home',NULL,NULL,NULL),(7,1,'PIECES occasion portables','','pieces-occasion-portables','','',''),(7,2,'PIECES occasion portables','UN stock de nombreuses pièces pour portables , acer,asus,asustek,packardbell,HP,hellet-packard','pieces-occasion-portables','pieces portables','portables,occasion,pieces,détachées','pieces pour portables'),(1,8,'Home','','home',NULL,NULL,NULL),(6,6,'DISQUES DURS','','disques-durs','','',''),(6,7,'DISQUES DURS','','disques-durs','','',''),(6,8,'DISQUES DURS','','disques-durs','','',''),(6,9,'DISQUES DURS','','disques-durs','','',''),(6,10,'DISQUES DURS','','disques-durs','','',''),(6,11,'DISQUES DURS','','disques-durs','','',''),(1,9,'Home','','home',NULL,NULL,NULL),(6,1,'DISQUES DURS','','disques-durs','','',''),(6,2,'DISQUES DURS','disque durs 2.5\" et 3.5\"','disques-durs','hard disk,disques durs','disque dur, hard disk','disque durs,disque'),(6,3,'DISQUES DURS','','disques-durs','','',''),(6,4,'DISQUES DURS','','disques-durs','','',''),(6,5,'DISQUES DURS','','disques-durs','','',''),(1,10,'Home','','home',NULL,NULL,NULL),(5,6,'ECRANS TFT-LED','','ecrans-tft-led','','',''),(5,7,'ECRANS TFT-LED','','ecrans-tft-led','','',''),(5,8,'ECRANS TFT-LED','','ecrans-tft-led','','',''),(5,9,'ECRANS TFT-LED','','ecrans-tft-led','','',''),(5,10,'ECRANS TFT-LED','','ecrans-tft-led','','',''),(5,11,'ECRANS TFT-LED','','ecrans-tft-led','','',''),(1,11,'Home','','home',NULL,NULL,NULL),(5,1,'ECRANS TFT-LED','','ecrans-tft-led','','',''),(5,2,'ECRANS TFT-LED','ecrans tft et led','ecrans-tft-led','ecrans,montieurs,monitor','monitors,moniteurs,ecrans','moniteurs'),(5,3,'ECRANS TFT-LED','','ecrans-tft-led','','',''),(5,4,'ECRANS TFT-LED','','ecrans-tft-led','','',''),(5,5,'ECRANS TFT-LED','','ecrans-tft-led','','','');
CREATE TABLE `pss_category_product` (
  `id_category` int(10) unsigned NOT NULL,
  `id_product` int(10) unsigned NOT NULL,
  `position` int(10) unsigned NOT NULL default '0',
  KEY `category_product_index` (`id_category`,`id_product`),
  KEY `id_product` (`id_product`)
) ENGINE=MyISAM DEFAULT CHARSET=utf8;

INSERT INTO `pss_category_product` VALUES (8,21,3),(8,17,1),(7,14,2),(5,19,1),(7,20,4),(7,15,3),(8,18,2),(7,12,0),(6,11,0),(5,10,0),(7,13,1),(7,22,5);
CREATE TABLE `pss_cms` (
  `id_cms` int(10) unsigned NOT NULL auto_increment,
  `id_cms_category` int(10) unsigned NOT NULL,
  `position` int(10) unsigned NOT NULL default '0',
  `active` tinyint(1) unsigned NOT NULL default '0',
  PRIMARY KEY  (`id_cms`)
) ENGINE=MyISAM AUTO_INCREMENT=6 DEFAULT CHARSET=utf8;

INSERT INTO `pss_cms` VALUES (1,1,0,1),(2,1,1,1),(3,1,2,1),(4,1,3,0),(5,1,4,1);
CREATE TABLE `pss_cms_block` (
  `id_cms_block` int(10) unsigned NOT NULL auto_increment,
  `id_cms_category` int(10) unsigned NOT NULL,
  `name` varchar(40) NOT NULL,
  `location` tinyint(1) unsigned NOT NULL,
  `position` int(10) unsigned NOT NULL default '0',
  `display_store` tinyint(1) NOT NULL default '1',
  PRIMARY KEY  (`id_cms_block`)
) ENGINE=MyISAM AUTO_INCREMENT=2 DEFAULT CHARSET=utf8;

INSERT INTO `pss_cms_block` VALUES (1,1,'',0,0,1);
CREATE TABLE `pss_cms_block_lang` (
  `id_cms_block` int(10) unsigned NOT NULL,
  `id_lang` int(10) unsigned NOT NULL,
  `name` varchar(40) NOT NULL default '',
  PRIMARY KEY  (`id_cms_block`,`id_lang`)
) ENGINE=MyISAM DEFAULT CHARSET=utf8;

INSERT INTO `pss_cms_block_lang` VALUES (1,1,'Information'),(1,2,'Informations'),(1,3,'Informaciónes'),(1,4,'Information'),(1,5,'Informazioni'),(1,6,'Information'),(1,7,'Information'),(1,8,'Information'),(1,9,'Information'),(1,10,'Information'),(1,11,'Information');
CREATE TABLE `pss_cms_block_page` (
  `id_cms_block_page` int(10) unsigned NOT NULL auto_increment,
  `id_cms_block` int(10) unsigned NOT NULL,
  `id_cms` int(10) unsigned NOT NULL,
  `is_category` tinyint(1) unsigned NOT NULL,
  PRIMARY KEY  (`id_cms_block_page`)
) ENGINE=MyISAM AUTO_INCREMENT=16 DEFAULT CHARSET=utf8;

INSERT INTO `pss_cms_block_page` VALUES (15,1,5,0),(14,1,4,0),(13,1,3,0),(12,1,2,0),(11,1,1,0);
CREATE TABLE `pss_cms_category` (
  `id_cms_category` int(10) unsigned NOT NULL auto_increment,
  `id_parent` int(10) unsigned NOT NULL,
  `level_depth` tinyint(3) unsigned NOT NULL default '0',
  `active` tinyint(1) unsigned NOT NULL default '0',
  `date_add` datetime NOT NULL,
  `date_upd` datetime NOT NULL,
  `position` int(10) unsigned NOT NULL default '0',
  PRIMARY KEY  (`id_cms_category`),
  KEY `category_parent` (`id_parent`)
) ENGINE=MyISAM AUTO_INCREMENT=2 DEFAULT CHARSET=utf8;

INSERT INTO `pss_cms_category` VALUES (1,0,0,1,'2011-05-16 15:49:18','2011-05-16 15:49:18',0);
CREATE TABLE `pss_cms_category_lang` (
  `id_cms_category` int(10) unsigned NOT NULL,
  `id_lang` int(10) unsigned NOT NULL,
  `name` varchar(128) NOT NULL,
  `description` text,
  `link_rewrite` varchar(128) NOT NULL,
  `meta_title` varchar(128) default NULL,
  `meta_keywords` varchar(255) default NULL,
  `meta_description` varchar(255) default NULL,
  UNIQUE KEY `category_lang_index` (`id_cms_category`,`id_lang`),
  KEY `category_name` (`name`)
) ENGINE=MyISAM DEFAULT CHARSET=utf8;

INSERT INTO `pss_cms_category_lang` VALUES (1,1,'Home','','home',NULL,NULL,NULL),(1,2,'Accueil','','home',NULL,NULL,NULL),(1,3,'Inicio','','home',NULL,NULL,NULL),(1,4,'Start','','Start',NULL,NULL,NULL),(1,5,'Home','','home',NULL,NULL,NULL),(1,6,'Home','','home',NULL,NULL,NULL),(1,7,'Home','','home',NULL,NULL,NULL),(1,8,'Home','','home',NULL,NULL,NULL),(1,9,'Home','','home',NULL,NULL,NULL),(1,10,'Home','','home',NULL,NULL,NULL),(1,11,'Home','','home',NULL,NULL,NULL);
CREATE TABLE `pss_cms_lang` (
  `id_cms` int(10) unsigned NOT NULL,
  `id_lang` int(10) unsigned NOT NULL,
  `meta_title` varchar(128) NOT NULL,
  `meta_description` varchar(255) default NULL,
  `meta_keywords` varchar(255) default NULL,
  `content` longtext,
  `link_rewrite` varchar(128) NOT NULL,
  PRIMARY KEY  (`id_cms`,`id_lang`)
) ENGINE=MyISAM DEFAULT CHARSET=utf8;

INSERT INTO `pss_cms_lang` VALUES (1,1,'Delivery','Our terms and conditions of delivery','conditions, delivery, delay, shipment, pack','<h2>Shipments and returns</h2>\r\n<h3>Your pack shipment</h3>\r\n<p>Packages are generally dispatched within 2 days after receipt of payment and are shipped via UPS with tracking and drop-off without signature. If you prefer delivery by UPS Extra with required signature, an additional cost will be applied, so please contact us before choosing this method. Whichever shipment choice you make, we will provide you with a link to track your package online.</p>\r\n<p>Shipping fees include handling and packing fees as well as postage costs. Handling fees are fixed, whereas transport fees vary according to total weight of the shipment. We advise you to group your items in one order. We cannot group two distinct orders placed separately, and shipping fees will apply to each of them. Your package will be dispatched at your own risk, but special care is taken to protect fragile objects.<br /><br />Boxes are amply sized and your items are well-protected.</p>','delivery'),(1,2,'Livraison','Nos conditions générales de livraison','conditions, livraison, délais, transport, colis','<h2>Livraisons et retours</h2>\r\n<h3>Le transport de votre colis</h3>\r\n<p>Les colis sont généralement expédiés en 48h après réception de votre paiement. Le mode d\'expédition standard est Kiala , repris par vous dans un centre. Si vous souhaitez une remise avec signature, un coût supplémentaire s\'applique, merci de nous contacter. Quel que soit le mode d\'expédition choisi, nous vous fournirons dès que possible un lien qui vous permettra de suivre en ligne la livraison de votre colis.</p>\r\n<p>Les frais d\'expédition comprennent l\'emballage, la manutention et les frais postaux. Ils peuvent contenir une partie fixe et une partie variable en fonction du prix ou du poids de votre commande. Nous vous conseillons de regrouper vos achats en une unique commande. Nous ne pouvons pas grouper deux commandes distinctes et vous devrez vous acquitter des frais de port pour chacune d\'entre elles. Votre colis est expédié à vos propres risques, un soin particulier est apporté au colis contenant des produits fragiles..<br /><br />Les colis sont surdimensionnés et protégés.</p>','livraison'),(2,1,'Legal Notice','Legal notice','notice, legal, credits','<h2>Legal</h2>\r\n<h3>Credits</h3>\r\n<p>Concept and production:</p>\r\n<p>This Web site was created using <a href=\"http://www.prestashop.com\">PrestaShop</a>™ open-source software.</p>','legal-notice'),(2,2,'Mentions légales','Mentions légales','mentions, légales, crédits','<h2>Mentions légales</h2>\r\n<p>les coordonnées de la société sont :</p>\r\n<p><big><big><big><span><big><big><big><span style=\"font-family: Comic Sans MS;\"><small>EURO VENTE sprl</small><br /> <small><small>Chée de Thuin 332<br /> 6150 Anderlues<br /> tva BE0424823277</small></small><br /> </span></big></big></big></span></big></big></big></p>\r\n<div class=\"moz-signature\"><big><small><small>Registre commerce Charleroi 140313<br /> tél +32 71 94 71 48</small></small><br /> e-mail : <a class=\"moz-txt-link-abbreviated\" href=\"mailto:eurovente@scarlet.be\">eurovente@voo.be</a></big></div>\r\n<p>﻿</p>\r\n<p>Concept et production : evwc</p>\r\n<p>Ce site internet a été réalisé en utilisant la solution open-source <a href=\"http://www.prestashop.com\">PrestaShop</a>™ .</p>','mentions-legales'),(3,1,'Terms and conditions of use','Our terms and conditions of use','conditions, terms, use, sell','<h2>Your terms and conditions of use</h2>\r\n<h3>Rule 1</h3>\r\n<p>Here is the rule 1 content</p>\r\n<h3>Rule 2</h3>\r\n<p>Here is the rule 2 content</p>\r\n<h3>Rule 3</h3>\r\n<p>Here is the rule 3 content</p>','terms-and-conditions-of-use'),(3,2,'Conditions d\'utilisation','Nos conditions générales de ventes','conditions, utilisation, générales, ventes','<h2>Vos conditions Générales de ventes</h2>\r\n<p>téléchargez les CGV au format .pdf <a href=\"../cgv.pdf\">ICI</a></p>','conditions-generales-de-ventes'),(4,1,'About us','Learn more about us','about us, informations','<h2>About us</h2>\r\n<h3>Our company</h3>\r\n<p>Our company</p>\r\n<h3>Our team</h3>\r\n<p>Our team</p>\r\n<h3>Informations</h3>\r\n<p>Informations</p>','about-us'),(4,2,'A propos','Apprenez-en d\'avantage sur nous','à propos, informations','<h2>A propos</h2>\r\n<h3>Notre entreprise</h3>\r\n<p>Notre entreprise</p>\r\n<h3>Notre équipe</h3>\r\n<p>Notre équipe</p>\r\n<h3>Informations</h3>\r\n<p>Informations</p>','a-propos'),(5,1,'Secure payment','Our secure payment mean','secure payment, ssl, visa, mastercard, paypal','<h2>Secure payment</h2>\r\n<h3>Our secure payment</h3><p>With SSL</p>\r\n<h3>Using Visa/Mastercard/Paypal</h3><p>About this services</p>','secure-payment'),(5,2,'Paiement sécurisé','Notre offre de paiement sécurisé','paiement sécurisé, ssl, visa, mastercard, paypal','<h2>Paiement sécurisé</h2>\r\n<h3>Notre offre de paiement sécurisé</h3><p>Avec SSL</p>\r\n<h3>Utilisation de Visa/Mastercard/Paypal</h3><p>A propos de ces services</p>','paiement-securise'),(1,3,'Entrega','Nuestras condiciones de entrega','condiciones, plazos de entrega, transporte, paquetería','<h2><span id=\"result_box\"><span style=\"background-color: #ffffff;\" title=\"Livraisons et retours\">shipping &amp; Returns</span></span></h2>\r\n<h3><span id=\"result_box\"><span style=\"background-color: #ffffff;\" title=\"Le transport de votre colis\">El transporte de su paquete</span></span></h3>\r\n<p><span id=\"result_box\"><span style=\"background-color: #ffffff;\" title=\"Les colis sont généralement expédiés en 48h après réception de votre paiement.\">Los paquetes son generalmente enviados en 48 horas después de la recepción de su pago. </span><span style=\"background-color: #ffffff;\" title=\"Le mode d\'expédition standard est le Colissimo suivi, remis sans signature.\">La moda es el estándar expédition Colissimo seguido, entrega sin firma. </span><span style=\"background-color: #ffffff;\" title=\"Si vous souhaitez une remise avec signature, un coût supplémentaire s\'applique, merci de nous contacter.\">Si desea una entrega con la firma, un cargo adicional, gracias al contacto con nosotros. </span><span style=\"background-color: #ffffff;\" title=\"Quel que soit le mode d\'expédition choisi, nous vous fournirons dès que possible un lien qui vous permettra de suivre en ligne la livraison de votre colis.\">Sea cual sea el método de envío seleccionado, vamos a presentar lo antes posible, un vínculo que le permite rastrear el envío en línea de su paquete.<br /><br /></span><span style=\"background-color: #ffffff;\" title=\"Les frais d\'expédition comprennent l\'emballage, la manutention et les frais postaux.\">Gastos de envío incluyen el embalaje, la manipulación y envío. </span><span style=\"background-color: #ffffff;\" title=\"Ils peuvent contenir une partie fixe et une partie variable en fonction du prix ou du poids de votre commande.\">Pueden contener un fijo y una parte variable basado en el precio o el peso de su solicitud. </span><span style=\"background-color: #ffffff;\" title=\"Nous vous conseillons de regrouper vos achats en une unique commande.\">Le recomendamos que para consolidar sus compras en un solo comando. </span><span style=\"background-color: #ffffff;\" title=\"Nous ne pouvons pas grouper deux commandes distinctes et vous devrez vous acquitter des frais de port pour chacune d\'entre elles.\">No podemos grupo de dos órdenes distintos y hay que pagar gastos de envío para cada uno. </span><span style=\"background-color: #ffffff;\" title=\"Votre colis est expédié à vos propres risques, un soin particulier est apporté au colis contenant des produits fragiles..\">Su paquete es enviado a su propio riesgo, se presta especial atención a las parcelas que contienen objetos frágiles ..<br /><br /></span><span style=\"background-color: #ffffff;\" title=\"Les colis sont surdimensionnés et protégés.\">Los paquetes son de gran tamaño y protegidas.</span></span></p>','entrega'),(2,3,'Aviso legal','Aviso legal','términos, condiciones y créditos fotográficos','<h2><span id=\"result_box\"><span style=\"background-color: #ffffff;\" title=\"Mentions légales\">Pie de imprenta</span></span></h2>\r\n<h2><span id=\"result_box\"><span style=\"background-color: #ffffff;\" title=\"Crédits\">Créditos</span></span></h2>\r\n<h3> </h3>\r\n<p><span id=\"result_box\"><span style=\"background-color: #ffffff;\" title=\"Crédits\"><br /></span><span style=\"background-color: #ffffff;\" title=\"Concept et production :\">Concepto y producción:<br /><br /></span><span style=\"background-color: #ffffff;\" title=\"Ce site internet a été réalisé en utilisant la solution open-source PrestaShop™ .\">Este sitio web fue creado utilizando la solución de código abierto <a href=\"http://www.prestashop.com\" target=\"_blank\">PrestaShop</a>™.</span></span></p>','aviso-legal'),(3,3,'Condiciones de uso','Condiciones de uso','condiciones, el consumo, las ventas generales','<h2><span id=\"result_box\"><span style=\"background-color: #ffffff;\" title=\"Vos conditions de ventes\">Sus condiciones de venta</span></span></h2>\r\n<h3>Regla N º 1</h3>\r\n<p><span id=\"result_box\"><span style=\"background-color: #ffffff;\" title=\"Contenu de la règle numéro 1\">Contenido de la Regla Número 1</span></span></p>\r\n<h3>Regla N º 2</h3>\r\n<p><span id=\"result_box\"><span style=\"background-color: #ffffff;\" title=\"Contenu de la règle numéro 2\">Contenido de la Regla N º 2</span></span></p>\r\n<h3>Regla N º 3</h3>\r\n<p><span id=\"result_box\"><span style=\"background-color: #ffffff;\" title=\"Contenu de la règle numéro 3\">Contenido de la Regla Número 3</span></span></p>','condiciones-de-uso'),(4,3,'Sobre','Conozca más sobre nosotros','sobre, información','<h2>Sobre</h2>','sobre'),(5,3,'Pago seguro','Ofrecemos pago seguro','pago seguro, ssl, visa, mastercard, paypal','<h2><span id=\"result_box\"><span style=\"background-color: #ffffff;\" title=\"Paiement sécurisé\">Pago seguro</span></span></h2>\r\n<h3><span id=\"result_box\"><span style=\"background-color: #ffffff;\" title=\"Notre offre de paiement sécurisé\">Ofrecemos pago seguro</span></span></h3>\r\n<p><span id=\"result_box\"><span style=\"background-color: #ffffff;\" title=\"Avec SSL\">SSL</span></span></p>\r\n<h3><span id=\"result_box\"><span style=\"background-color: #ffffff;\" title=\"Utilisation de Visa/Mastercard/Paypal\">Utilice Visa / Mastercard / Paypal</span></span></h3>\r\n<p><span id=\"result_box\"><span style=\"background-color: #ffffff;\" title=\"A propos de ces services\">Acerca de estos servicios</span></span></p>','pago-seguro'),(1,4,'Lieferung','Unsere Lieferbedingungen','Bedingungen, Lieferung, Frist, Versand, Verpackung','<h2>Versand und Rücknahme</h2>\r\n<h3>Ihre Versandverpackung</h3>\r\n<p>Pakete werden normalerweise 2 Tage nach Zahlungseingang mit UPS mit Bestellverfolgemöglichkeit und Ablieferung ohne Unterschrift geliefert. Wenn Sie lieber eine UPS-Sendung per Einschreiben erhalten möchten, entstehen zusätzliche Kosten. Bitte kontaktieren Sie uns, bevor Sie dieses Liefermethode wählen. Wir senden Ihnen einen Link für die Bestellverfolgung unabhängig davon, welche Liefermethode Sie wählen.</p>\r\n<p>Die Versandkosten beinhalten Lade- und Verpackungsgebühren sowie die Portokosten. Die Verladegebühren stehen fest, wobei Transportkosten schwanken, je nach Gesamtgewicht des Pakets. Wir raten Ihnen, mehrere Artikel in einer Bestellung zusammenzufassen. Wir können zwei verschiedene Bestellungen nicht zusammenlegen, und die Versandkosten werden separat für jede Bestellung gerechnet. Ihr Paket wird auf Ihr Risiko versandt, aber zerbrechliche Ware wird besonders sorgsam behandelt.<br /><br />Die Versandschachteln sind weit geschnitten und ihre Ware wird gut geschützt verpackt.</p>','Lieferung'),(2,4,'Rechtliche Hinweise','Rechtliche Hinweise','Hinweise, rechtlich, Gutscheine','<h2>Legal</h2>\r\n<h3>Credits</h3>\r\n<p>Konzept und Gestaltung:</p>\r\n<p>Diese Webseite wurde hergestellt unter Verwendung von <a href=\"http://www.prestashop.com\">PrestaShop</a>™ open-source software.</p>','rechtliche-hinweise'),(3,4,'Allgemeine Nutzungsbedingungen','Unsere allgemeinen Nutzungsbedingungen','Voraussetzungen, Bedingungen, nutzen, verkaufen','<h2>Your terms and conditions of use</h2>\r\n<h3>Rule 1</h3>\r\n<p>Here is the rule 1 content</p>\r\n<h3>Rule 2</h3>\r\n<p>Here is the rule 2 content</p>\r\n<h3>Rule 3</h3>\r\n<p>Here is the rule 3 content</p>','allgemeine-nutzungsbedingungen'),(4,4,'Über uns','Learn more about us','über uns, Informationen','<h2>About us</h2>\r\n<h3>Our company</h3>\r\n<p>Our company</p>\r\n<h3>Our team</h3>\r\n<p>Our team</p>\r\n<h3>Informations</h3>\r\n<p>Informations</p>','uber-uns'),(5,4,'Sichere Zahlung','Unsere Sicherheits-Zahlungsmethoden','Sichere Zahlung, SSL, Visa, MasterCard, PayPal','<h2>Secure payment</h2>\r\n<h3>Our secure payment</h3><p>With SSL</p>\r\n<h3>Using Visa/Mastercard/Paypal</h3><p>About this services</p>','sichere-zahlung'),(1,5,'Consegna','I nostri termini e condizioni di consegna','condizioni, consegna, tempo, spedizione, pacco','<h2>Spedizioni e resi</h2>\r\n<h3>Spedizione del tuo pacco</h3>\r\n<p>I pacchi sono solitamente spediti entro 2 giorni dopo il ricevimento del pagamento e inviati tramite UPS con controllo e consegna senza firma. Se preferisci una consegna con UPS Extra con richiesta di firma, sarà applicato un costo aggiuntivo, pertanto contattaci prima di scegliere questo mezzo. Qualunque tipo di spedizione tu scelga, ti garantiremo un link per controllare online il percorso del tuo pacco.</p>\r\n<p>Le spese di spedizione comprendono le spese di imballaggio e affrancatura. Le spese di imballaggio sono fisse, mentre quelle di trasporto variano in base al peso totale della spedizione. Ti consigliamo di raggruppare i tuoi articoli in un unico ordine. Non possiamo raggruppare due ordini distinti eseguiti separatamente, e ad ognuno di esso saranno applicate le spese di spedizione. Il tuo pacco sarà inviato sotto la tua responsabilità, ma un\'attenzione particolare è riservata agli oggetti fragili.<br /><br />Le scatole hanno dimensioni ragionevoli e i tuoi articoli sono ben protetti.</p>','consegna'),(2,5,'Nota Legale','Nota legale','nota, legale, crediti','<h2>Legale</h2>\r\n<h3>Crediti</h3>\r\n<p>Creazione e produzione:</p>\r\n<p>Questo sito web è stato realizzato usando un software open-source<a href=\"http://www.prestashop.com\">PrestaShop</a>™.</p>','nota-legale'),(3,5,'Termini e condizioni d\'uso','I nostri termini e condizioni d\'uso','condizioni, termini, uso, vendi','<h2>I tuoi termini e condizioni d\'uso</h2>\r\n<h3>Regola 1</h3>\r\n<p>Ecco il contenuto della regola 1</p>\r\n<h3>Regola 2</h3>\r\n<p>Ecco il contenuto della regola 2</p>\r\n<h3>Regola 3</h3>\r\n<p>Ecco il contenuto della regola 3</p>','termini-e-condizioni-di-uso'),(4,5,'Chi siamo','Per sapere chi siamo','chi siamo, informazioni','<h2>Chi siamo</h2>\r\n<h3>La nostra azienda</h3>\r\n<p>La nostra azienda</p>\r\n<h3>Il nostro team</h3>\r\n<p>Il nostro team</p>\r\n<h3>Informazioni</h3>\r\n<p>Informazioni</p>','chi-siamo'),(5,5,'Pagamento sicuro','Il nostro mezzo di pagamento sicuro','pagamento sicuro, ssl, visa, mastercard, paypal','<h2>Pagamento sicuro</h2>\r\n<h3>Il nostro pagamento sicuro</h3><p>Con SSL</p>\r\n<h3>Usando Visa/Mastercard/Paypal</h3><p>Cosa sono questi servizi</p>','pagamento-sicuro'),(1,6,'Delivery','Our terms and conditions of delivery','conditions, delivery, delay, shipment, pack','<h2>Shipments and returns</h2>\r\n<h3>Your pack shipment</h3>\r\n<p>Packages are generally dispatched within 2 days after receipt of payment and are shipped via UPS with tracking and drop-off without signature. If you prefer delivery by UPS Extra with required signature, an additional cost will be applied, so please contact us before choosing this method. Whichever shipment choice you make, we will provide you with a link to track your package online.</p>\r\n<p>Shipping fees include handling and packing fees as well as postage costs. Handling fees are fixed, whereas transport fees vary according to total weight of the shipment. We advise you to group your items in one order. We cannot group two distinct orders placed separately, and shipping fees will apply to each of them. Your package will be dispatched at your own risk, but special care is taken to protect fragile objects.<br /><br />Boxes are amply sized and your items are well-protected.</p>','delivery'),(2,6,'Legal Notice','Legal notice','notice, legal, credits','<h2>Legal</h2>\r\n<h3>Credits</h3>\r\n<p>Concept and production:</p>\r\n<p>This Web site was created using <a href=\"http://www.prestashop.com\">PrestaShop</a>™ open-source software.</p>','legal-notice'),(3,6,'Terms and conditions of use','Our terms and conditions of use','conditions, terms, use, sell','<h2>Your terms and conditions of use</h2>\r\n<h3>Rule 1</h3>\r\n<p>Here is the rule 1 content</p>\r\n<h3>Rule 2</h3>\r\n<p>Here is the rule 2 content</p>\r\n<h3>Rule 3</h3>\r\n<p>Here is the rule 3 content</p>','terms-and-conditions-of-use'),(4,6,'About us','Learn more about us','about us, informations','<h2>About us</h2>\r\n<h3>Our company</h3>\r\n<p>Our company</p>\r\n<h3>Our team</h3>\r\n<p>Our team</p>\r\n<h3>Informations</h3>\r\n<p>Informations</p>','about-us'),(5,6,'Secure payment','Our secure payment mean','secure payment, ssl, visa, mastercard, paypal','<h2>Secure payment</h2>\r\n<h3>Our secure payment</h3><p>With SSL</p>\r\n<h3>Using Visa/Mastercard/Paypal</h3><p>About this services</p>','secure-payment'),(1,7,'Delivery','Our terms and conditions of delivery','conditions, delivery, delay, shipment, pack','<h2>Shipments and returns</h2>\r\n<h3>Your pack shipment</h3>\r\n<p>Packages are generally dispatched within 2 days after receipt of payment and are shipped via UPS with tracking and drop-off without signature. If you prefer delivery by UPS Extra with required signature, an additional cost will be applied, so please contact us before choosing this method. Whichever shipment choice you make, we will provide you with a link to track your package online.</p>\r\n<p>Shipping fees include handling and packing fees as well as postage costs. Handling fees are fixed, whereas transport fees vary according to total weight of the shipment. We advise you to group your items in one order. We cannot group two distinct orders placed separately, and shipping fees will apply to each of them. Your package will be dispatched at your own risk, but special care is taken to protect fragile objects.<br /><br />Boxes are amply sized and your items are well-protected.</p>','delivery'),(2,7,'Legal Notice','Legal notice','notice, legal, credits','<h2>Legal</h2>\r\n<h3>Credits</h3>\r\n<p>Concept and production:</p>\r\n<p>This Web site was created using <a href=\"http://www.prestashop.com\">PrestaShop</a>™ open-source software.</p>','legal-notice'),(3,7,'Terms and conditions of use','Our terms and conditions of use','conditions, terms, use, sell','<h2>Your terms and conditions of use</h2>\r\n<h3>Rule 1</h3>\r\n<p>Here is the rule 1 content</p>\r\n<h3>Rule 2</h3>\r\n<p>Here is the rule 2 content</p>\r\n<h3>Rule 3</h3>\r\n<p>Here is the rule 3 content</p>','terms-and-conditions-of-use'),(4,7,'About us','Learn more about us','about us, informations','<h2>About us</h2>\r\n<h3>Our company</h3>\r\n<p>Our company</p>\r\n<h3>Our team</h3>\r\n<p>Our team</p>\r\n<h3>Informations</h3>\r\n<p>Informations</p>','about-us'),(5,7,'Secure payment','Our secure payment mean','secure payment, ssl, visa, mastercard, paypal','<h2>Secure payment</h2>\r\n<h3>Our secure payment</h3><p>With SSL</p>\r\n<h3>Using Visa/Mastercard/Paypal</h3><p>About this services</p>','secure-payment'),(1,8,'Delivery','Our terms and conditions of delivery','conditions, delivery, delay, shipment, pack','<h2>Shipments and returns</h2>\r\n<h3>Your pack shipment</h3>\r\n<p>Packages are generally dispatched within 2 days after receipt of payment and are shipped via UPS with tracking and drop-off without signature. If you prefer delivery by UPS Extra with required signature, an additional cost will be applied, so please contact us before choosing this method. Whichever shipment choice you make, we will provide you with a link to track your package online.</p>\r\n<p>Shipping fees include handling and packing fees as well as postage costs. Handling fees are fixed, whereas transport fees vary according to total weight of the shipment. We advise you to group your items in one order. We cannot group two distinct orders placed separately, and shipping fees will apply to each of them. Your package will be dispatched at your own risk, but special care is taken to protect fragile objects.<br /><br />Boxes are amply sized and your items are well-protected.</p>','delivery'),(2,8,'Legal Notice','Legal notice','notice, legal, credits','<h2>Legal</h2>\r\n<h3>Credits</h3>\r\n<p>Concept and production:</p>\r\n<p>This Web site was created using <a href=\"http://www.prestashop.com\">PrestaShop</a>™ open-source software.</p>','legal-notice'),(3,8,'Terms and conditions of use','Our terms and conditions of use','conditions, terms, use, sell','<h2>Your terms and conditions of use</h2>\r\n<h3>Rule 1</h3>\r\n<p>Here is the rule 1 content</p>\r\n<h3>Rule 2</h3>\r\n<p>Here is the rule 2 content</p>\r\n<h3>Rule 3</h3>\r\n<p>Here is the rule 3 content</p>','terms-and-conditions-of-use'),(4,8,'About us','Learn more about us','about us, informations','<h2>About us</h2>\r\n<h3>Our company</h3>\r\n<p>Our company</p>\r\n<h3>Our team</h3>\r\n<p>Our team</p>\r\n<h3>Informations</h3>\r\n<p>Informations</p>','about-us'),(5,8,'Secure payment','Our secure payment mean','secure payment, ssl, visa, mastercard, paypal','<h2>Secure payment</h2>\r\n<h3>Our secure payment</h3><p>With SSL</p>\r\n<h3>Using Visa/Mastercard/Paypal</h3><p>About this services</p>','secure-payment'),(1,9,'Delivery','Our terms and conditions of delivery','conditions, delivery, delay, shipment, pack','<h2>Shipments and returns</h2>\r\n<h3>Your pack shipment</h3>\r\n<p>Packages are generally dispatched within 2 days after receipt of payment and are shipped via UPS with tracking and drop-off without signature. If you prefer delivery by UPS Extra with required signature, an additional cost will be applied, so please contact us before choosing this method. Whichever shipment choice you make, we will provide you with a link to track your package online.</p>\r\n<p>Shipping fees include handling and packing fees as well as postage costs. Handling fees are fixed, whereas transport fees vary according to total weight of the shipment. We advise you to group your items in one order. We cannot group two distinct orders placed separately, and shipping fees will apply to each of them. Your package will be dispatched at your own risk, but special care is taken to protect fragile objects.<br /><br />Boxes are amply sized and your items are well-protected.</p>','delivery'),(2,9,'Legal Notice','Legal notice','notice, legal, credits','<h2>Legal</h2>\r\n<h3>Credits</h3>\r\n<p>Concept and production:</p>\r\n<p>This Web site was created using <a href=\"http://www.prestashop.com\">PrestaShop</a>™ open-source software.</p>','legal-notice'),(3,9,'Terms and conditions of use','Our terms and conditions of use','conditions, terms, use, sell','<h2>Your terms and conditions of use</h2>\r\n<h3>Rule 1</h3>\r\n<p>Here is the rule 1 content</p>\r\n<h3>Rule 2</h3>\r\n<p>Here is the rule 2 content</p>\r\n<h3>Rule 3</h3>\r\n<p>Here is the rule 3 content</p>','terms-and-conditions-of-use'),(4,9,'About us','Learn more about us','about us, informations','<h2>About us</h2>\r\n<h3>Our company</h3>\r\n<p>Our company</p>\r\n<h3>Our team</h3>\r\n<p>Our team</p>\r\n<h3>Informations</h3>\r\n<p>Informations</p>','about-us'),(5,9,'Secure payment','Our secure payment mean','secure payment, ssl, visa, mastercard, paypal','<h2>Secure payment</h2>\r\n<h3>Our secure payment</h3><p>With SSL</p>\r\n<h3>Using Visa/Mastercard/Paypal</h3><p>About this services</p>','secure-payment'),(1,10,'Delivery','Our terms and conditions of delivery','conditions, delivery, delay, shipment, pack','<h2>Shipments and returns</h2>\r\n<h3>Your pack shipment</h3>\r\n<p>Packages are generally dispatched within 2 days after receipt of payment and are shipped via UPS with tracking and drop-off without signature. If you prefer delivery by UPS Extra with required signature, an additional cost will be applied, so please contact us before choosing this method. Whichever shipment choice you make, we will provide you with a link to track your package online.</p>\r\n<p>Shipping fees include handling and packing fees as well as postage costs. Handling fees are fixed, whereas transport fees vary according to total weight of the shipment. We advise you to group your items in one order. We cannot group two distinct orders placed separately, and shipping fees will apply to each of them. Your package will be dispatched at your own risk, but special care is taken to protect fragile objects.<br /><br />Boxes are amply sized and your items are well-protected.</p>','delivery'),(2,10,'Legal Notice','Legal notice','notice, legal, credits','<h2>Legal</h2>\r\n<h3>Credits</h3>\r\n<p>Concept and production:</p>\r\n<p>This Web site was created using <a href=\"http://www.prestashop.com\">PrestaShop</a>™ open-source software.</p>','legal-notice'),(3,10,'Terms and conditions of use','Our terms and conditions of use','conditions, terms, use, sell','<h2>Your terms and conditions of use</h2>\r\n<h3>Rule 1</h3>\r\n<p>Here is the rule 1 content</p>\r\n<h3>Rule 2</h3>\r\n<p>Here is the rule 2 content</p>\r\n<h3>Rule 3</h3>\r\n<p>Here is the rule 3 content</p>','terms-and-conditions-of-use'),(4,10,'About us','Learn more about us','about us, informations','<h2>About us</h2>\r\n<h3>Our company</h3>\r\n<p>Our company</p>\r\n<h3>Our team</h3>\r\n<p>Our team</p>\r\n<h3>Informations</h3>\r\n<p>Informations</p>','about-us'),(5,10,'Secure payment','Our secure payment mean','secure payment, ssl, visa, mastercard, paypal','<h2>Secure payment</h2>\r\n<h3>Our secure payment</h3><p>With SSL</p>\r\n<h3>Using Visa/Mastercard/Paypal</h3><p>About this services</p>','secure-payment'),(1,11,'Delivery','Our terms and conditions of delivery','conditions, delivery, delay, shipment, pack','<h2>Shipments and returns</h2>\r\n<h3>Your pack shipment</h3>\r\n<p>Packages are generally dispatched within 2 days after receipt of payment and are shipped via UPS with tracking and drop-off without signature. If you prefer delivery by UPS Extra with required signature, an additional cost will be applied, so please contact us before choosing this method. Whichever shipment choice you make, we will provide you with a link to track your package online.</p>\r\n<p>Shipping fees include handling and packing fees as well as postage costs. Handling fees are fixed, whereas transport fees vary according to total weight of the shipment. We advise you to group your items in one order. We cannot group two distinct orders placed separately, and shipping fees will apply to each of them. Your package will be dispatched at your own risk, but special care is taken to protect fragile objects.<br /><br />Boxes are amply sized and your items are well-protected.</p>','delivery'),(2,11,'Legal Notice','Legal notice','notice, legal, credits','<h2>Legal</h2>\r\n<h3>Credits</h3>\r\n<p>Concept and production:</p>\r\n<p>This Web site was created using <a href=\"http://www.prestashop.com\">PrestaShop</a>™ open-source software.</p>','legal-notice'),(3,11,'Terms and conditions of use','Our terms and conditions of use','conditions, terms, use, sell','<h2>Your terms and conditions of use</h2>\r\n<h3>Rule 1</h3>\r\n<p>Here is the rule 1 content</p>\r\n<h3>Rule 2</h3>\r\n<p>Here is the rule 2 content</p>\r\n<h3>Rule 3</h3>\r\n<p>Here is the rule 3 content</p>','terms-and-conditions-of-use'),(4,11,'About us','Learn more about us','about us, informations','<h2>About us</h2>\r\n<h3>Our company</h3>\r\n<p>Our company</p>\r\n<h3>Our team</h3>\r\n<p>Our team</p>\r\n<h3>Informations</h3>\r\n<p>Informations</p>','about-us'),(5,11,'Secure payment','Our secure payment mean','secure payment, ssl, visa, mastercard, paypal','<h2>Secure payment</h2>\r\n<h3>Our secure payment</h3><p>With SSL</p>\r\n<h3>Using Visa/Mastercard/Paypal</h3><p>About this services</p>','secure-payment');
CREATE TABLE `pss_compare_product` (
  `id_compare_product` int(10) unsigned NOT NULL auto_increment,
  `id_product` int(10) unsigned NOT NULL,
  `id_guest` int(10) unsigned NOT NULL,
  `id_customer` int(10) unsigned NOT NULL,
  `date_add` datetime NOT NULL,
  `date_upd` datetime NOT NULL,
  PRIMARY KEY  (`id_compare_product`)
) ENGINE=MyISAM DEFAULT CHARSET=utf8;

CREATE TABLE `pss_configuration` (
  `id_configuration` int(10) unsigned NOT NULL auto_increment,
  `name` varchar(32) NOT NULL,
  `value` text,
  `date_add` datetime NOT NULL,
  `date_upd` datetime NOT NULL,
  PRIMARY KEY  (`id_configuration`),
  UNIQUE KEY `name` (`name`)
) ENGINE=MyISAM AUTO_INCREMENT=267 DEFAULT CHARSET=utf8;

INSERT INTO `pss_configuration` VALUES (4,'PS_REWRITING_SETTINGS','1','2011-05-16 15:49:17','2011-11-07 12:51:25'),(5,'PS_ORDER_OUT_OF_STOCK','1','2011-05-16 15:49:17','2011-11-07 12:12:53'),(6,'PS_LAST_QTIES','3','2011-05-16 15:49:17','2011-11-07 12:12:53'),(7,'PS_CART_REDIRECT','1','2011-05-16 15:49:17','2011-11-07 12:12:53'),(8,'PS_HELPBOX','1','2011-05-16 15:49:17','2011-12-01 13:58:52'),(9,'PS_CONDITIONS','1','2011-05-16 15:49:17','2011-12-01 13:58:52'),(10,'PS_RECYCLABLE_PACK','0','2011-05-16 15:49:17','2011-12-01 13:58:52'),(11,'PS_GIFT_WRAPPING','0','2011-05-16 15:49:17','2011-12-01 13:58:52'),(12,'PS_GIFT_WRAPPING_PRICE','0','2011-05-16 15:49:17','2011-12-01 13:58:52'),(13,'PS_STOCK_MANAGEMENT','1','2011-05-16 15:49:17','2011-11-07 12:12:53'),(14,'PS_NAVIGATION_PIPE','->','2011-05-16 15:49:17','2011-12-28 12:50:16'),(15,'PS_PRODUCTS_PER_PAGE','10','2011-05-16 15:49:17','2011-11-07 12:12:53'),(16,'PS_PURCHASE_MINIMUM','25','2011-05-16 15:49:17','2011-11-07 12:12:53'),(17,'PS_PRODUCTS_ORDER_WAY','0','2011-05-16 15:49:17','2011-11-07 12:12:53'),(18,'PS_PRODUCTS_ORDER_BY','4','2011-05-16 15:49:17','2011-11-07 12:12:53'),(19,'PS_DISPLAY_QTIES','1','2011-05-16 15:49:17','2011-11-07 12:12:53'),(20,'PS_SHIPPING_HANDLING','0','2011-05-16 15:49:17','2011-11-07 12:42:56'),(21,'PS_SHIPPING_FREE_PRICE','0','2011-05-16 15:49:17','2011-11-07 12:42:56'),(22,'PS_SHIPPING_FREE_WEIGHT','0','2011-05-16 15:49:17','2011-11-07 12:42:56'),(23,'PS_SHIPPING_METHOD','1','2011-05-16 15:49:17','2011-11-07 12:42:56'),(24,'PS_TAX','1','2011-05-16 15:49:17','2011-05-16 15:49:17'),(25,'PS_SHOP_ENABLE','1','2011-05-16 15:49:17','2011-12-01 13:58:52'),(26,'PS_NB_DAYS_NEW_PRODUCT','0','2011-05-16 15:49:17','2011-11-07 12:12:53'),(27,'PS_SSL_ENABLED','1','2011-05-16 15:49:17','2011-12-01 13:58:52'),(28,'PS_WEIGHT_UNIT','kg','2011-05-16 15:49:17','2011-07-30 14:42:15'),(29,'PS_BLOCK_CART_AJAX','1','2011-05-16 15:49:17','2011-05-16 15:49:17'),(30,'PS_ORDER_RETURN','0','2011-05-16 15:49:17','2011-05-16 15:49:17'),(31,'PS_ORDER_RETURN_NB_DAYS','7','2011-05-16 15:49:17','2011-05-16 15:49:17'),(32,'PS_MAIL_TYPE','3','2011-05-16 15:49:17','2011-05-16 15:49:17'),(33,'PS_PRODUCT_PICTURE_MAX_SIZE','131072','2011-05-16 15:49:17','2011-11-07 12:12:53'),(34,'PS_PRODUCT_PICTURE_WIDTH','64','2011-05-16 15:49:17','2011-11-07 12:12:53'),(35,'PS_PRODUCT_PICTURE_HEIGHT','64','2011-05-16 15:49:17','2011-11-07 12:12:53'),(36,'PS_INVOICE_PREFIX','IN','2011-05-16 15:49:17','2011-05-16 15:49:17'),(37,'PS_INVOICE_NUMBER','1','2011-05-16 15:49:17','2011-05-16 15:49:17'),(38,'PS_DELIVERY_PREFIX','DE','2011-05-16 15:49:17','2011-05-16 15:49:17'),(39,'PS_DELIVERY_NUMBER','1','2011-05-16 15:49:17','2011-05-16 15:49:17'),(40,'PS_INVOICE','1','2011-05-16 15:49:17','2011-05-16 15:49:17'),(41,'PS_PASSWD_TIME_BACK','360','2011-05-16 15:49:17','2011-05-16 15:49:17'),(42,'PS_PASSWD_TIME_FRONT','360','2011-05-16 15:49:17','2011-05-16 15:49:17'),(43,'PS_DISP_UNAVAILABLE_ATTR','1','2011-05-16 15:49:17','2011-11-07 12:12:53'),(44,'PS_VOUCHERS','1','2011-05-16 15:49:17','2011-05-16 15:49:17'),(45,'PS_SEARCH_MINWORDLEN','3','2011-05-16 15:49:17','2011-05-16 15:49:17'),(46,'PS_SEARCH_BLACKLIST','','2011-05-16 15:49:17','2011-05-16 15:49:17'),(47,'PS_SEARCH_WEIGHT_PNAME','6','2011-05-16 15:49:17','2011-05-16 15:49:17'),(48,'PS_SEARCH_WEIGHT_REF','10','2011-05-16 15:49:17','2011-05-16 15:49:17'),(49,'PS_SEARCH_WEIGHT_SHORTDESC','1','2011-05-16 15:49:17','2011-05-16 15:49:17'),(50,'PS_SEARCH_WEIGHT_DESC','1','2011-05-16 15:49:17','2011-05-16 15:49:17'),(51,'PS_SEARCH_WEIGHT_CNAME','3','2011-05-16 15:49:17','2011-05-16 15:49:17'),(52,'PS_SEARCH_WEIGHT_MNAME','3','2011-05-16 15:49:17','2011-05-16 15:49:17'),(53,'PS_SEARCH_WEIGHT_TAG','4','2011-05-16 15:49:17','2011-05-16 15:49:17'),(54,'PS_SEARCH_WEIGHT_ATTRIBUTE','2','2011-05-16 15:49:17','2011-05-16 15:49:17'),(55,'PS_SEARCH_WEIGHT_FEATURE','2','2011-05-16 15:49:17','2011-05-16 15:49:17'),(56,'PS_SEARCH_AJAX','1','2011-05-16 15:49:17','2011-05-16 15:49:17'),(58,'PS_THEME_V11','0','2011-05-16 15:49:17','2011-05-16 15:49:17'),(59,'PRESTASTORE_LIVE','0','2011-05-16 15:49:17','2011-12-01 13:58:52'),(60,'PS_TIN_ACTIVE','0','2011-05-16 15:49:17','2011-05-16 15:49:17'),(61,'PS_SHOW_ALL_MODULES','0','2011-05-16 15:49:17','2011-05-16 15:49:17'),(62,'PS_BACKUP_ALL','0','2011-05-16 15:49:17','2011-05-16 15:49:17'),(63,'PS_1_3_UPDATE_DATE','2011-05-16 15:49:17','2011-05-16 15:49:17','2011-05-16 15:49:17'),(64,'PS_PRICE_ROUND_MODE','2','2011-05-16 15:49:17','2011-12-01 13:58:52'),(65,'PS_1_3_2_UPDATE_DATE','2011-05-16 15:49:17','2011-05-16 15:49:17','2011-05-16 15:49:17'),(66,'PS_CONDITIONS_CMS_ID','3','2011-05-16 15:49:17','2011-12-01 13:58:52'),(67,'TRACKING_DIRECT_TRAFFIC','0','2011-05-16 15:49:17','2011-05-16 15:49:17'),(68,'PS_META_KEYWORDS','0','2011-05-16 15:49:17','2011-05-16 15:49:17'),(69,'PS_DISPLAY_JQZOOM','1','2011-05-16 15:49:17','2011-11-07 12:12:53'),(70,'PS_VOLUME_UNIT','L','2011-05-16 15:49:17','2011-07-30 14:42:15'),(71,'PS_CIPHER_ALGORITHM','1','2011-05-16 15:49:17','2011-05-16 15:49:17'),(72,'PS_ATTRIBUTE_CATEGORY_DISPLAY','1','2011-05-16 15:49:17','2011-11-07 12:12:53'),(73,'PS_CUSTOMER_SERVICE_FILE_UPLOAD','1','2011-05-16 15:49:17','2011-11-07 10:30:40'),(74,'PS_CUSTOMER_SERVICE_SIGNATURE','','2011-05-16 15:49:17','2011-05-16 15:49:17'),(75,'PS_BLOCK_BESTSELLERS_DISPLAY','0','2011-05-16 15:49:17','2011-05-16 15:49:17'),(76,'PS_BLOCK_NEWPRODUCTS_DISPLAY','0','2011-05-16 15:49:17','2011-05-16 15:49:17'),(77,'PS_BLOCK_SPECIALS_DISPLAY','0','2011-05-16 15:49:17','2011-05-16 15:49:17'),(78,'PS_STOCK_MVT_REASON_DEFAULT','3','2011-05-16 15:49:17','2011-05-16 15:49:17'),(79,'PS_COMPARATOR_MAX_ITEM','3','2011-05-16 15:49:17','2011-11-07 12:12:53'),(80,'PS_ORDER_PROCESS_TYPE','0','2011-05-16 15:49:17','2011-12-01 13:58:52'),(81,'PS_SPECIFIC_PRICE_PRIORITIES','id_shop;id_currency;id_country;id_group','2011-05-16 15:49:17','2011-05-16 15:49:17'),(82,'PS_TAX_DISPLAY','0','2011-05-16 15:49:17','2011-05-16 15:49:17'),(83,'PS_SMARTY_FORCE_COMPILE','0','2011-05-16 15:49:17','2011-05-16 15:49:17'),(84,'PS_DISTANCE_UNIT','mi','2011-05-16 15:49:17','2011-07-30 14:42:15'),(85,'PS_STORES_DISPLAY_CMS','1','2011-05-16 15:49:17','2011-05-16 15:49:17'),(86,'PS_STORES_DISPLAY_FOOTER','1','2011-05-16 15:49:17','2011-11-07 13:27:35'),(87,'PS_STORES_SIMPLIFIED','1','2011-05-16 15:49:17','2011-11-07 13:27:35'),(88,'SHOP_LOGO_WIDTH','225','2011-05-16 15:49:17','2011-12-28 12:50:16'),(89,'SHOP_LOGO_HEIGHT','53','2011-05-16 15:49:17','2011-12-28 12:50:16'),(90,'EDITORIAL_IMAGE_WIDTH','492','2011-05-16 15:49:17','2011-12-28 12:54:02'),(91,'EDITORIAL_IMAGE_HEIGHT','290','2011-05-16 15:49:17','2011-12-28 12:54:02'),(92,'PS_STATSDATA_CUSTOMER_PAGESVIEWS','0','2011-05-16 15:49:17','2011-05-16 15:49:17'),(93,'PS_STATSDATA_PAGESVIEWS','0','2011-05-16 15:49:17','2011-05-16 15:49:17'),(94,'PS_STATSDATA_PLUGINS','0','2011-05-16 15:49:17','2011-05-16 15:49:17'),(95,'PS_GEOLOCATION_ENABLED','0','2011-05-16 15:49:17','2011-05-16 15:49:17'),(96,'PS_ALLOWED_COUNTRIES','DE;AD;AT;BE;DK;IE;ES;FI;FR;HU;IT;LU;NO;NL;PL;PT;CZ;RO;SK;SI;SE;CH','2011-05-16 15:49:17','2011-07-30 14:46:04'),(218,'DIBS_ACCEPTED_URL','http://eurovente.be/shop/order-confirmation.php','2011-07-30 16:52:13','2011-07-30 18:08:32'),(219,'DIBS_CANCELLED_URL','http://eurovente.be/shop/','2011-07-30 16:52:13','2011-07-30 18:08:32'),(220,'DIBS_TESTING','0','2011-07-30 16:52:13','2011-07-30 18:08:32'),(221,'DIBS_MORE_SETTINGS','a:4:{s:13:&quot;flexwin_color&quot;;s:4:&quot;blue&quot;;s:10:&quot;logo_color&quot;;s:5:&quot;black&quot;;s:2:&quot;k1&quot;;s:0:&quot;&quot;;s:2:&quot;k2&quot;;s:0:&quot;&quot;;}','2011-07-30 16:52:13','2011-07-30 18:08:32'),(225,'DIBS_ID_MERCHANT','','2011-07-30 18:08:32','2011-07-30 18:08:32'),(97,'PS_GEOLOCATION_BEHAVIOR','0','2011-05-16 15:49:17','2011-07-30 14:46:04'),(100,'PS_ATTACHMENT_MAXIMUM_SIZE','2','2011-05-16 15:49:17','2011-12-01 13:58:52'),(101,'PS_SMARTY_CACHE','1','2011-05-16 15:49:17','2011-05-16 15:49:17'),(102,'PS_DIMENSION_UNIT','cm','2011-05-16 15:49:17','2011-07-30 14:42:15'),(103,'PS_FORCE_SMARTY_2','0','2011-05-16 15:49:17','2011-12-01 13:58:52'),(104,'PS_GUEST_CHECKOUT_ENABLED','0','2011-05-16 15:49:17','2011-12-01 13:58:52'),(105,'PS_DISPLAY_SUPPLIERS','1','2011-05-16 15:49:17','2011-12-01 13:58:52'),(106,'PS_CATALOG_MODE','0','2011-05-16 15:49:17','2011-11-07 12:12:53'),(107,'PS_GEOLOCATION_WHITELIST','209.185.108;209.185.253;209.85.238;209.85.238.11;209.85.238.4;216.239.33.96;216.239.33.97;216.239.33.98;216.239.33.99;216.239.37.98;216.239.37.99;216.239.39.98;216.239.39.99;216.239.41.96;216.239.41.97;216.239.41.98;216.239.41.99;216.239.45.4;216.239.46;216.239.51.96;216.239.51.97;216.239.51.98;216.239.51.99;216.239.53.98;216.239.53.99;216.239.57.96;216.239.57.97;216.239.57.98;216.239.57.99;216.239.59.98;216.239.59.99;216.33.229.163;64.233.173.193;64.233.173.194;64.233.173.195;64.233.173.196;64.233.173.197;64.233.173.198;64.233.173.199;64.233.173.200;64.233.173.201;64.233.173.202;64.233.173.203;64.233.173.204;64.233.173.205;64.233.173.206;64.233.173.207;64.233.173.208;64.233.173.209;64.233.173.210;64.233.173.211;64.233.173.212;64.233.173.213;64.233.173.214;64.233.173.215;64.233.173.216;64.233.173.217;64.233.173.218;64.233.173.219;64.233.173.220;64.233.173.221;64.233.173.222;64.233.173.223;64.233.173.224;64.233.173.225;64.233.173.226;64.233.173.227;64.233.173.228;64.233.173.229;64.233.173.230;64.233.173.231;64.233.173.232;64.233.173.233;64.233.173.234;64.233.173.235;64.233.173.236;64.233.173.237;64.233.173.238;64.233.173.239;64.233.173.240;64.233.173.241;64.233.173.242;64.233.173.243;64.233.173.244;64.233.173.245;64.233.173.246;64.233.173.247;64.233.173.248;64.233.173.249;64.233.173.250;64.233.173.251;64.233.173.252;64.233.173.253;64.233.173.254;64.233.173.255;64.68.80;64.68.81;64.68.82;64.68.83;64.68.84;64.68.85;64.68.86;64.68.87;64.68.88;64.68.89;64.68.90.1;64.68.90.10;64.68.90.11;64.68.90.12;64.68.90.129;64.68.90.13;64.68.90.130;64.68.90.131;64.68.90.132;64.68.90.133;64.68.90.134;64.68.90.135;64.68.90.136;64.68.90.137;64.68.90.138;64.68.90.139;64.68.90.14;64.68.90.140;64.68.90.141;64.68.90.142;64.68.90.143;64.68.90.144;64.68.90.145;64.68.90.146;64.68.90.147;64.68.90.148;64.68.90.149;64.68.90.15;64.68.90.150;64.68.90.151;64.68.90.152;64.68.90.153;64.68.90.154;64.68.90.155;64.68.90.156;64.68.90.157;64.68.90.158;64.68.90.159;64.68.90.16;64.68.90.160;64.68.90.161;64.68.90.162;64.68.90.163;64.68.90.164;64.68.90.165;64.68.90.166;64.68.90.167;64.68.90.168;64.68.90.169;64.68.90.17;64.68.90.170;64.68.90.171;64.68.90.172;64.68.90.173;64.68.90.174;64.68.90.175;64.68.90.176;64.68.90.177;64.68.90.178;64.68.90.179;64.68.90.18;64.68.90.180;64.68.90.181;64.68.90.182;64.68.90.183;64.68.90.184;64.68.90.185;64.68.90.186;64.68.90.187;64.68.90.188;64.68.90.189;64.68.90.19;64.68.90.190;64.68.90.191;64.68.90.192;64.68.90.193;64.68.90.194;64.68.90.195;64.68.90.196;64.68.90.197;64.68.90.198;64.68.90.199;64.68.90.2;64.68.90.20;64.68.90.200;64.68.90.201;64.68.90.202;64.68.90.203;64.68.90.204;64.68.90.205;64.68.90.206;64.68.90.207;64.68.90.208;64.68.90.21;64.68.90.22;64.68.90.23;64.68.90.24;64.68.90.25;64.68.90.26;64.68.90.27;64.68.90.28;64.68.90.29;64.68.90.3;64.68.90.30;64.68.90.31;64.68.90.32;64.68.90.33;64.68.90.34;64.68.90.35;64.68.90.36;64.68.90.37;64.68.90.38;64.68.90.39;64.68.90.4;64.68.90.40;64.68.90.41;64.68.90.42;64.68.90.43;64.68.90.44;64.68.90.45;64.68.90.46;64.68.90.47;64.68.90.48;64.68.90.49;64.68.90.5;64.68.90.50;64.68.90.51;64.68.90.52;64.68.90.53;64.68.90.54;64.68.90.55;64.68.90.56;64.68.90.57;64.68.90.58;64.68.90.59;64.68.90.6;64.68.90.60;64.68.90.61;64.68.90.62;64.68.90.63;64.68.90.64;64.68.90.65;64.68.90.66;64.68.90.67;64.68.90.68;64.68.90.69;64.68.90.7;64.68.90.70;64.68.90.71;64.68.90.72;64.68.90.73;64.68.90.74;64.68.90.75;64.68.90.76;64.68.90.77;64.68.90.78;64.68.90.79;64.68.90.8;64.68.90.80;64.68.90.9;64.68.91;64.68.92;66.249.64;66.249.65;66.249.66;66.249.67;66.249.68;66.249.69;66.249.70;66.249.71;66.249.72;66.249.73;66.249.78;66.249.79;72.14.199;8.6.48','2011-05-16 15:49:17','2011-05-16 15:49:17'),(108,'PS_LOGS_BY_EMAIL','5','2011-05-16 15:49:17','2011-05-16 15:49:17'),(109,'PS_COOKIE_CHECKIP','1','2011-05-16 15:49:17','2011-12-01 13:58:52'),(110,'PS_STORES_CENTER_LAT','25.948969','2011-05-16 15:49:17','2011-11-07 13:27:35'),(111,'PS_STORES_CENTER_LONG','-80.226439','2011-05-16 15:49:17','2011-11-07 13:27:35'),(112,'PS_HOMEPAGE_PHP_SELF','index.php','2011-05-16 15:49:17','2011-05-16 15:49:17'),(113,'PS_USE_ECOTAX','0','2011-05-16 15:49:17','2011-05-16 15:49:17'),(114,'PS_CANONICAL_REDIRECT','1','2011-05-16 15:49:17','2011-05-16 15:49:17'),(115,'PS_IMG_UPDATE_TIME','1325073016','2011-05-16 15:49:17','2011-12-28 12:50:16'),(116,'PS_CARRIER_DEFAULT','3','2011-05-16 15:49:18','2011-11-07 12:44:48'),(117,'PS_TAX_ADDRESS_TYPE','id_address_delivery','2011-05-16 15:49:18','2011-05-16 15:49:18'),(118,'MB_PAY_TO_EMAIL','testmerchant@moneybookers.com','2011-05-16 15:49:18','2011-05-16 15:49:18'),(119,'MB_SECRET_WORD','mbtest','2011-05-16 15:49:18','2011-05-16 15:49:18'),(120,'MB_HIDE_LOGIN','1','2011-05-16 15:49:18','2011-05-16 15:49:18'),(121,'MB_ID_LOGO','1','2011-05-16 15:49:18','2011-05-16 15:49:18'),(122,'MB_ID_LOGO_WALLET','1','2011-05-16 15:49:18','2011-05-16 15:49:18'),(123,'MB_PARAMETERS','1','2011-05-16 15:49:18','2011-05-16 15:49:18'),(124,'MB_PARAMETERS_2','1','2011-05-16 15:49:18','2011-05-16 15:49:18'),(125,'MB_DISPLAY_MODE','0','2011-05-16 15:49:18','2011-05-16 15:49:18'),(126,'MB_CANCEL_URL','http://www.yoursite.com','2011-05-16 15:49:18','2011-05-16 15:49:18'),(127,'MB_LOCAL_METHODS','2','2011-05-16 15:49:18','2011-05-16 15:49:18'),(128,'MB_INTER_METHODS','5','2011-05-16 15:49:18','2011-05-16 15:49:18'),(129,'BANK_WIRE_CURRENCIES','2,1','2011-05-16 15:49:18','2011-05-16 15:49:18'),(130,'CHEQUE_CURRENCIES','2,1','2011-05-16 15:49:18','2011-05-16 15:49:18'),(131,'PRODUCTS_VIEWED_NBR','2','2011-05-16 15:49:18','2011-05-16 15:49:18'),(132,'BLOCK_CATEG_DHTML','1','2011-05-16 15:49:18','2011-05-16 15:49:18'),(133,'BLOCK_CATEG_MAX_DEPTH','3','2011-05-16 15:49:18','2011-05-16 15:49:18'),(134,'MANUFACTURER_DISPLAY_FORM','1','2011-05-16 15:49:18','2011-05-16 15:49:18'),(135,'MANUFACTURER_DISPLAY_TEXT','1','2011-05-16 15:49:18','2011-05-16 15:49:18'),(136,'MANUFACTURER_DISPLAY_TEXT_NB','5','2011-05-16 15:49:18','2011-05-16 15:49:18'),(137,'NEW_PRODUCTS_NBR','5','2011-05-16 15:49:18','2011-05-16 15:49:18'),(138,'PS_TOKEN_ENABLE','1','2011-05-16 15:49:18','2011-12-01 13:58:52'),(139,'PS_STATS_RENDER','graphxmlswfcharts','2011-05-16 15:49:18','2011-05-16 15:49:18'),(140,'PS_STATS_OLD_CONNECT_AUTO_CLEAN','never','2011-05-16 15:49:18','2011-05-16 15:49:18'),(141,'PS_STATS_GRID_RENDER','gridhtml','2011-05-16 15:49:18','2011-05-16 15:49:18'),(142,'BLOCKTAGS_NBR','10','2011-05-16 15:49:18','2011-05-16 15:49:18'),(143,'CHECKUP_DESCRIPTIONS_LT','100','2011-05-16 15:49:18','2011-05-16 15:49:18'),(144,'CHECKUP_DESCRIPTIONS_GT','400','2011-05-16 15:49:18','2011-05-16 15:49:18'),(145,'CHECKUP_IMAGES_LT','1','2011-05-16 15:49:18','2011-05-16 15:49:18'),(146,'CHECKUP_IMAGES_GT','2','2011-05-16 15:49:18','2011-05-16 15:49:18'),(147,'CHECKUP_SALES_LT','1','2011-05-16 15:49:18','2011-05-16 15:49:18'),(148,'CHECKUP_SALES_GT','2','2011-05-16 15:49:18','2011-05-16 15:49:18'),(149,'CHECKUP_STOCK_LT','1','2011-05-16 15:49:18','2011-05-16 15:49:18'),(150,'CHECKUP_STOCK_GT','3','2011-05-16 15:49:18','2011-05-16 15:49:18'),(151,'FOOTER_CMS','','2011-05-16 15:49:18','2011-11-07 12:35:15'),(152,'FOOTER_BLOCK_ACTIVATION','','2011-05-16 15:49:18','2011-11-07 12:35:15'),(153,'BLOCKADVERT_LINK','0','2011-05-16 15:49:18','2011-05-16 15:49:18'),(154,'BLOCKSTORE_IMG','store.jpg','2011-05-16 15:49:18','2011-05-16 15:49:18'),(155,'PS_BASE_DISTANCE_UNIT','ft','2011-05-16 15:52:32','2011-07-30 14:42:03'),(158,'PS_INSTALL_VERSION','1.4.1.0','2011-05-16 15:52:32','2011-05-16 15:52:32'),(161,'PS_MAIL_METHOD','1','2011-05-16 15:52:32','2011-05-16 15:52:32'),(162,'PS_SHOP_ACTIVITY','0','2011-05-16 15:52:32','2011-05-16 15:52:32'),(163,'TS_TAB1_ENV_API','production','2011-05-16 14:58:20','2011-12-14 15:48:27'),(164,'PS_SHOW_TYPE_MODULES_1','allModules','2011-05-16 16:15:21','2011-07-30 18:15:39'),(165,'PS_SHOW_COUNTRY_MODULES_1','0','2011-05-16 16:15:21','2011-07-30 18:15:39'),(166,'PS_SHOW_INSTALLED_MODULES_1','installedUninstalled','2011-05-16 16:15:21','2011-07-30 18:15:39'),(167,'PS_SHOW_ENABLED_MODULES_1','enabledDisabled','2011-05-16 16:15:21','2011-07-30 18:15:39'),(168,'BHL_HOMEPAGE_LOGO_HEIGHT','71','2011-05-16 16:25:52','2011-11-07 12:16:30'),(169,'BHL_HOMEPAGE_LOGO_WIDTH','215','2011-05-16 16:25:52','2011-11-07 12:16:30'),(170,'BHL_HOMEPAGE_LOGO','v2-logo.png','2011-05-16 16:25:52','2011-05-16 16:25:52'),(171,'BHL_HOMEPAGE_AD_HEIGHT','53','2011-05-16 16:25:52','2011-11-07 12:16:30'),(172,'BHL_HOMEPAGE_AD_WIDTH','225','2011-05-16 16:25:52','2011-11-07 12:16:30'),(173,'BHL_HOMEPAGE_AD','logo_ev.jpg','2011-05-16 16:25:52','2011-11-07 12:16:30'),(174,'BAH_AD_HEIGHT','220','2011-05-16 16:25:52','2011-05-16 16:25:52'),(175,'BAH_AD_WIDTH','610','2011-05-16 16:25:52','2011-05-16 16:25:52'),(176,'BAH_AD','v2-defaultad.jpg','2011-05-16 16:25:52','2011-05-16 16:25:52'),(177,'PAYPAL_SANDBOX','1','2011-05-17 08:45:54','2011-11-07 10:32:14'),(178,'PAYPAL_BUSINESS','eurovente@voo.be','2011-05-17 08:45:54','2011-11-07 10:32:14'),(179,'PAYPAL_HEADER','','2011-05-17 08:45:54','2011-11-07 10:32:14'),(180,'PAYPAL_API_USER','pierre3@voo.be','2011-05-17 08:45:54','2011-11-07 10:32:14'),(181,'PAYPAL_API_PASSWORD','2rBR92Nr ','2011-05-17 08:45:54','2011-11-07 10:32:14'),(182,'PAYPAL_API_SIGNATURE','','2011-05-17 08:45:54','2011-11-07 10:32:14'),(183,'PAYPAL_EXPRESS_CHECKOUT','0','2011-05-17 08:45:54','2011-11-07 10:32:14'),(184,'PAYPAL_CAPTURE','0','2011-05-17 08:45:54','2011-11-07 10:32:14'),(185,'PAYPAL_PAYMENT_METHOD','1','2011-05-17 08:45:54','2011-11-07 10:32:14'),(186,'PAYPAL_TEMPLATE','A','2011-05-17 08:45:54','2011-11-07 10:32:14'),(187,'PAYPAL_NEW','1','2011-05-17 08:45:54','2011-05-17 08:45:54'),(188,'PAYPAL_DEBUG_MODE','0','2011-05-17 08:45:54','2011-05-17 08:45:54'),(189,'PAYPAL_OS_AUTHORIZATION','12','2011-05-17 08:45:54','2011-05-17 08:45:54'),(1,'PS_LANG_DEFAULT','2','2011-05-16 15:49:17','2011-05-16 15:49:17'),(2,'PS_CURRENCY_DEFAULT','1','2011-05-16 15:49:17','2011-05-16 15:52:32'),(3,'PS_COUNTRY_DEFAULT','3','2011-05-16 15:49:17','2011-11-07 12:47:09'),(57,'PS_TIMEZONE','Europe/Brussels','2011-05-16 15:49:17','2011-12-01 13:58:52'),(98,'PS_LOCALE_LANGUAGE','fr','2011-05-16 15:49:17','2011-11-07 12:12:09'),(99,'PS_LOCALE_COUNTRY','BE','2011-05-16 15:49:17','2011-11-07 12:12:09'),(156,'PS_SHOP_DOMAIN','eurovente.be','2011-05-16 15:52:32','2011-05-16 15:52:32'),(157,'PS_SHOP_DOMAIN_SSL','eurovente.be','2011-05-16 15:52:32','2011-05-16 15:52:32'),(159,'PS_SHOP_NAME','Euro vente sprl','2011-05-16 15:52:32','2011-12-01 13:59:30'),(160,'PS_SHOP_EMAIL','postmaster@eurovente.be','2011-05-16 15:52:32','2011-12-01 13:59:30'),(190,'PS_MAINTENANCE_IP','','2011-07-30 10:12:07','2011-12-01 13:58:52'),(191,'PS_GIFT_WRAPPING_TAX','0','2011-07-30 10:12:07','2011-12-01 13:58:52'),(192,'PS_CART_FOLLOWING','1','2011-07-30 10:12:07','2011-12-01 13:58:52'),(193,'PS_HIDE_OPTIMIZATION_TIPS','0','2011-07-30 10:12:07','2011-12-01 13:58:52'),(194,'PS_SHOP_COUNTRY','Belgique','2011-07-30 10:13:24','2011-12-01 13:59:30'),(195,'PS_SHOP_STATE','','2011-07-30 10:13:24','2011-12-01 13:59:30'),(196,'PS_SHOP_DETAILS','TVA BE0424823277','2011-07-30 10:13:24','2011-12-01 13:59:30'),(197,'PS_SHOP_ADDR1','chaussée de Thuin 332','2011-07-30 10:13:24','2011-12-01 13:59:30'),(198,'PS_SHOP_ADDR2','','2011-07-30 10:13:24','2011-12-01 13:59:30'),(199,'PS_SHOP_CODE','6150','2011-07-30 10:13:24','2011-12-01 13:59:30'),(200,'PS_SHOP_CITY','ANDERLUES','2011-07-30 10:13:24','2011-12-01 13:59:30'),(201,'PS_SHOP_COUNTRY_ID','3','2011-07-30 10:13:24','2011-12-01 13:59:30'),(202,'PS_SHOP_STATE_ID','0','2011-07-30 10:13:24','2011-12-01 13:59:30'),(203,'PS_SHOP_PHONE','003271947148','2011-07-30 10:13:24','2011-12-01 13:59:30'),(204,'PS_SHOP_FAX','','2011-07-30 10:13:24','2011-12-01 13:59:30'),(205,'PS_LOGO','','2011-07-30 10:14:37','2011-12-28 12:50:16'),(206,'PS_LOGO_MAIL','','2011-07-30 10:14:37','2011-12-28 12:50:16'),(207,'PS_LOGO_INVOICE','','2011-07-30 10:14:37','2011-12-28 12:50:16'),(208,'PS_FAVICON','','2011-07-30 10:14:37','2011-12-28 12:50:16'),(209,'PS_STORES_ICON','','2011-07-30 10:14:37','2011-12-28 12:50:16'),(210,'PS_HTACCESS_CACHE_CONTROL','1','2011-07-30 10:18:52','2011-11-07 12:51:25'),(211,'PS_HTACCESS_SPECIFIC','','2011-07-30 10:18:52','2011-11-07 12:51:25'),(212,'PS_STORES_DISPLAY_SITEMAP','1','2011-07-30 10:43:09','2011-11-07 13:27:35'),(213,'PS_IMAGE_GENERATION_METHOD','0','2011-07-30 10:47:10','2011-11-07 12:12:53'),(224,'BANK_WIRE_ADDRESS','IBAN BE95 9730 2813 2458\r\nBCI ARSPBE22','2011-07-30 18:07:46','2011-07-30 18:07:54'),(223,'BANK_WIRE_OWNER','euro vente compte de  Delaitte-Beaumez','2011-07-30 18:07:46','2011-07-30 18:07:54'),(222,'BANK_WIRE_DETAILS','Banque ARGENTA','2011-07-30 18:07:46','2011-07-30 18:07:54'),(217,'PS_GEOLOCATION_NA_BEHAVIOR','0','2011-07-30 14:46:04','2011-07-30 14:46:04'),(226,'VATNUMBER_MANAGEMENT','1','2011-07-30 18:15:52','2011-07-30 18:15:52'),(227,'VATNUMBER_COUNTRY','3','2011-07-30 18:16:13','2011-07-30 18:16:13'),(228,'VATNUMBER_CHECKING','1','2011-07-30 18:16:13','2011-07-30 18:16:13'),(229,'MOD_NOVAPDF_CONFIG','','2011-07-30 18:21:07','2011-07-30 18:21:07'),(230,'SPECIAL_CAROUSEL_TEFFECT','800','2011-07-30 18:29:40','2011-11-07 12:15:27'),(231,'SPECIAL_CAROUSEL_TTRANS','5000','2011-07-30 18:29:40','2011-11-07 12:15:27'),(232,'SPECIAL_CAROUSEL_DISAPEAR','1','2011-07-30 18:29:40','2011-11-07 12:15:27'),(233,'PAYPAL_MODE_DEBUG','0','2011-11-07 10:31:38','2011-11-07 10:32:14'),(234,'PS_PAYMENT_LOGO_CMS_ID','5','2011-11-07 12:19:44','2011-11-07 12:19:44'),(235,'PS_SHOW_TYPE_MODULES_2','allModules','2011-11-07 12:40:19','2011-12-14 14:50:34'),(236,'PS_SHOW_COUNTRY_MODULES_2','0','2011-11-07 12:40:19','2011-12-14 14:50:34'),(237,'PS_SHOW_INSTALLED_MODULES_2','installedUninstalled','2011-11-07 12:40:19','2011-12-14 14:50:34'),(238,'PS_SHOW_ENABLED_MODULES_2','enabledDisabled','2011-11-07 12:40:19','2011-12-14 14:50:34'),(239,'PS_CSS_THEME_CACHE','0','2011-11-07 12:50:27','2011-11-07 12:50:27'),(240,'PS_JS_THEME_CACHE','0','2011-11-07 12:50:27','2011-11-07 12:50:27'),(241,'PS_HTML_THEME_COMPRESSION','0','2011-11-07 12:50:27','2011-11-07 12:50:27'),(242,'PS_JS_HTML_THEME_COMPRESSION','0','2011-11-07 12:50:27','2011-11-07 12:50:27'),(243,'PS_HIGH_HTML_THEME_COMPRESSION','0','2011-11-07 12:50:27','2011-11-07 12:50:27'),(244,'PS_BACKUP_DROP_TABLE','1','2011-12-28 12:34:24','2011-12-28 12:34:24'),(245,'PS_LEGACY_IMAGES','1','2011-12-28 12:34:24','2011-12-28 12:34:24'),(246,'PS_OS_CHEQUE','1','2011-12-28 12:34:24','2011-12-28 12:34:24'),(247,'PS_OS_PAYMENT','2','2011-12-28 12:34:24','2011-12-28 12:34:24'),(248,'PS_OS_PREPARATION','3','2011-12-28 12:34:24','2011-12-28 12:34:24'),(249,'PS_OS_SHIPPING','4','2011-12-28 12:34:24','2011-12-28 12:34:24'),(250,'PS_OS_DELIVERED','5','2011-12-28 12:34:24','2011-12-28 12:34:24'),(251,'PS_OS_CANCELED','6','2011-12-28 12:34:24','2011-12-28 12:34:24'),(252,'PS_OS_REFUND','7','2011-12-28 12:34:24','2011-12-28 12:34:24'),(253,'PS_OS_ERROR','8','2011-12-28 12:34:24','2011-12-28 12:34:24'),(254,'PS_OS_OUTOFSTOCK','9','2011-12-28 12:34:24','2011-12-28 12:34:24'),(255,'PS_OS_BANKWIRE','10','2011-12-28 12:34:24','2011-12-28 12:34:24'),(256,'PS_OS_PAYPAL','11','2011-12-28 12:34:24','2011-12-28 12:34:24'),(257,'PS_OS_WS_PAYMENT','12','2011-12-28 12:34:24','2011-12-28 12:34:24'),(258,'PS_IMAGE_QUALITY','jpg','2011-12-28 12:34:24','2011-12-28 12:34:24'),(259,'PS_PNG_QUALITY','7','2011-12-28 12:34:24','2011-12-28 12:34:24'),(260,'PS_JPEG_QUALITY','90','2011-12-28 12:34:24','2011-12-28 12:34:24'),(261,'PS_COOKIE_LIFETIME_FO','480','2011-12-28 12:34:24','2011-12-28 12:34:24'),(262,'PS_COOKIE_LIFETIME_BO','480','2011-12-28 12:34:24','2011-12-28 12:34:24'),(263,'PS_LAST_VERSION','a:4:{s:4:\"name\";s:13:\"1.4.7.0 final\";s:3:\"num\";s:7:\"1.4.7.0\";s:4:\"link\";s:57:\"http://www.prestashop.com/download/prestashop_1.4.7.0.zip\";s:11:\"autoupgrade\";i:1;}','2011-12-28 12:46:45','2012-02-25 13:24:48'),(264,'PS_LAST_VERSION_CHECK','1330172688','2011-12-28 12:46:45','2012-02-25 13:24:48'),(265,'BLOCKADVERT_IMG_EXT','jpg','2011-12-28 12:52:07','2011-12-28 12:52:07'),(266,'EDITORIAL_IMAGE_DISABLE','0','2011-12-28 12:54:02','2011-12-28 12:54:02');
CREATE TABLE `pss_configuration_lang` (
  `id_configuration` int(10) unsigned NOT NULL,
  `id_lang` int(10) unsigned NOT NULL,
  `value` text,
  `date_upd` datetime default NULL,
  PRIMARY KEY  (`id_configuration`,`id_lang`)
) ENGINE=MyISAM DEFAULT CHARSET=utf8;

INSERT INTO `pss_configuration_lang` VALUES (36,1,'IN','2011-05-16 15:49:17'),(36,2,'FA','2011-05-16 15:49:17'),(36,3,'CU','2011-05-16 15:49:17'),(36,4,'FA','2011-05-16 15:49:17'),(36,5,'FA','2011-05-16 15:49:17'),(38,1,'DE','2011-05-16 15:49:17'),(38,2,'LI','2011-05-16 15:49:17'),(38,3,'EN','2011-05-16 15:49:17'),(38,4,'LI','2011-05-16 15:49:17'),(38,5,'BC','2011-05-16 15:49:17'),(46,1,'a|the|of|on|in|and|to','2011-05-16 15:49:17'),(46,2,'le|les|de|et|en|des|les|une','2011-05-16 15:49:17'),(46,3,'de|los|las|lo|la|en|de|y|el|a','2011-05-16 15:49:17'),(46,4,'','2011-05-16 15:49:17'),(46,5,'','2011-05-16 15:49:17'),(68,1,'0','2011-05-16 15:49:17'),(68,2,'0','2011-05-16 15:49:17'),(68,3,'0','2011-05-16 15:49:17'),(68,4,'0','2011-05-16 15:49:17'),(68,5,'0','2011-05-16 15:49:17'),(74,1,'Dear Customer,\\r\\n\\r\\nRegards,\\r\\nCustomer service','2011-11-07 10:30:40'),(74,2,'Cher client,\\r\\nnous sommes à votre écoute !\\r\\nCordialement,\\r\\nLe service client','2011-11-07 10:30:40'),(74,3,'Estimado cliente,\\r\\n\\r\\nUn cordial saludo,\\r\\nAtención al cliente','2011-11-07 10:30:40'),(74,4,'Lieber Kunde,\\r\\n\\r\\nMit freundlichen Grüßen,\\r\\nIhr Kundenservice','2011-11-07 10:30:40'),(74,5,'Gentile Cliente,\\r\\n\\r\\nCordiali saluti,\\r\\nServizio Clienti','2011-11-07 10:30:40'),(36,6,'IN','2011-05-16 15:49:17'),(38,6,'DE','2011-05-16 15:49:17'),(46,6,'a|the|of|on|in|and|to','2011-05-16 15:49:17'),(68,6,'0','2011-05-16 15:49:17'),(74,6,'Dear Customer,\\r\\n\\r\\nRegards,\\r\\nCustomer service','2011-11-07 10:30:40'),(36,7,'IN','2011-05-16 15:49:17'),(38,7,'DE','2011-05-16 15:49:17'),(46,7,'a|the|of|on|in|and|to','2011-05-16 15:49:17'),(68,7,'0','2011-05-16 15:49:17'),(74,7,'Dear Customer,\\r\\n\\r\\nRegards,\\r\\nCustomer service','2011-11-07 10:30:40'),(36,8,'IN','2011-05-16 15:49:17'),(38,8,'DE','2011-05-16 15:49:17'),(46,8,'a|the|of|on|in|and|to','2011-05-16 15:49:17'),(68,8,'0','2011-05-16 15:49:17'),(74,8,'Dear Customer,\\r\\n\\r\\nRegards,\\r\\nCustomer service','2011-11-07 10:30:40'),(36,9,'IN','2011-05-16 15:49:17'),(38,9,'DE','2011-05-16 15:49:17'),(46,9,'a|the|of|on|in|and|to','2011-05-16 15:49:17'),(68,9,'0','2011-05-16 15:49:17'),(74,9,'Dear Customer,\\r\\n\\r\\nRegards,\\r\\nCustomer service','2011-11-07 10:30:40'),(36,10,'IN','2011-05-16 15:49:17'),(38,10,'DE','2011-05-16 15:49:17'),(46,10,'a|the|of|on|in|and|to','2011-05-16 15:49:17'),(68,10,'0','2011-05-16 15:49:17'),(74,10,'Dear Customer,\\r\\n\\r\\nRegards,\\r\\nCustomer service','2011-11-07 10:30:40'),(36,11,'IN','2011-05-16 15:49:17'),(38,11,'DE','2011-05-16 15:49:17'),(46,11,'a|the|of|on|in|and|to','2011-05-16 15:49:17'),(68,11,'0','2011-05-16 15:49:17'),(74,11,'Dear Customer,\\r\\n\\r\\nRegards,\\r\\nCustomer service','2011-11-07 10:30:40');
CREATE TABLE `pss_connections` (
  `id_connections` int(10) unsigned NOT NULL auto_increment,
  `id_guest` int(10) unsigned NOT NULL,
  `id_page` int(10) unsigned NOT NULL,
  `ip_address` bigint(20) default NULL,
  `date_add` datetime NOT NULL,
  `http_referer` varchar(255) default NULL,
  PRIMARY KEY  (`id_connections`),
  KEY `id_guest` (`id_guest`),
  KEY `date_add` (`date_add`),
  KEY `id_page` (`id_page`)
) ENGINE=MyISAM AUTO_INCREMENT=30 DEFAULT CHARSET=utf8;

INSERT INTO `pss_connections` VALUES (1,1,1,2130706433,'2011-05-16 15:49:18','http://www.prestashop.com'),(2,2,1,-709217694,'2011-05-16 14:56:05',''),(3,2,1,-709217694,'2011-05-16 16:26:37',''),(4,3,1,1439285269,'2011-07-18 18:15:37',''),(5,4,4,1439285269,'2011-07-30 10:05:30',''),(6,4,1,1439285269,'2011-07-30 10:43:34',''),(7,4,1,1439285269,'2011-07-30 14:52:16',''),(8,5,1,1439285269,'2011-07-30 15:49:28',''),(9,5,1,1439285269,'2011-07-30 18:01:49',''),(10,6,8,1439285269,'2011-11-07 12:16:37',''),(11,6,2,1439285269,'2011-11-07 12:56:06',''),(12,6,1,1439285269,'2011-11-16 15:46:36',''),(13,6,4,1439285269,'2011-11-16 17:20:50',''),(14,7,1,1375061696,'2011-11-17 08:45:40',''),(15,6,1,1439285269,'2011-11-20 18:06:27',''),(16,6,4,1439285269,'2011-11-22 13:11:42',''),(17,6,1,1439285269,'2011-12-01 12:28:06',''),(18,6,1,1439285269,'2011-12-01 14:53:10',''),(19,8,1,1439285269,'2011-12-12 18:55:16',''),(20,8,1,1439285269,'2011-12-14 15:23:21',''),(21,8,1,1439285269,'2011-12-14 15:56:15',''),(22,8,1,1439285269,'2011-12-25 10:37:33',''),(23,9,1,1439285269,'2011-12-28 12:47:15',''),(24,9,1,1439285269,'2012-01-05 21:04:20',''),(25,9,1,1439285269,'2012-01-09 15:41:03',''),(26,9,1,1439285269,'2012-01-12 09:40:34',''),(27,10,1,1538414894,'2012-01-12 10:01:49',''),(28,11,1,1834592761,'2012-03-06 11:55:21',''),(29,11,3,1834592761,'2012-03-12 14:08:00','');
CREATE TABLE `pss_connections_page` (
  `id_connections` int(10) unsigned NOT NULL,
  `id_page` int(10) unsigned NOT NULL,
  `time_start` datetime NOT NULL,
  `time_end` datetime default NULL,
  PRIMARY KEY  (`id_connections`,`id_page`,`time_start`)
) ENGINE=MyISAM DEFAULT CHARSET=utf8;

CREATE TABLE `pss_connections_source` (
  `id_connections_source` int(10) unsigned NOT NULL auto_increment,
  `id_connections` int(10) unsigned NOT NULL,
  `http_referer` varchar(255) default NULL,
  `request_uri` varchar(255) default NULL,
  `keywords` varchar(255) default NULL,
  `date_add` datetime NOT NULL,
  PRIMARY KEY  (`id_connections_source`),
  KEY `connections` (`id_connections`),
  KEY `orderby` (`date_add`),
  KEY `http_referer` (`http_referer`),
  KEY `request_uri` (`request_uri`)
) ENGINE=MyISAM DEFAULT CHARSET=utf8;

CREATE TABLE `pss_contact` (
  `id_contact` int(10) unsigned NOT NULL auto_increment,
  `email` varchar(128) NOT NULL,
  `customer_service` tinyint(1) NOT NULL default '0',
  `position` tinyint(2) unsigned NOT NULL default '0',
  PRIMARY KEY  (`id_contact`)
) ENGINE=MyISAM AUTO_INCREMENT=3 DEFAULT CHARSET=utf8;

INSERT INTO `pss_contact` VALUES (1,'postmaster@eurovente.be',1,0),(2,'postmaster@eurovente.be',1,0);
CREATE TABLE `pss_contact_lang` (
  `id_contact` int(10) unsigned NOT NULL,
  `id_lang` int(10) unsigned NOT NULL,
  `name` varchar(32) NOT NULL,
  `description` text,
  UNIQUE KEY `contact_lang_index` (`id_contact`,`id_lang`)
) ENGINE=MyISAM DEFAULT CHARSET=utf8;

INSERT INTO `pss_contact_lang` VALUES (1,1,'Webmaster','If a technical problem occurs on this website'),(1,2,'Webmaster','Si un problème technique survient sur le site'),(1,3,'Webmaster','Si se produce un problema técnico en el sitio'),(1,4,'Webmaster','Falls ein technisches Problem auf der Webseite auftritt'),(1,5,'Webmaster','Se nel sito interviene un problema tecnico'),(2,1,'Customer service','For any question about a product, an order'),(2,2,'Service client','Pour toute question ou réclamation sur une commande'),(2,3,'Service client','Para cualquier pregunta o queja acerca de un pedido'),(2,4,'Kundenservice','Bei Fragen oder Reklamationen zu einer Bestellung'),(2,5,'Servizio clienti','Per qualsiasi domanda o reclamo riguardo ad un ordine'),(1,6,'Webmaster','If a technical problem occurs on this website'),(2,6,'Customer service','For any question about a product, an order'),(1,7,'Webmaster','If a technical problem occurs on this website'),(2,7,'Customer service','For any question about a product, an order'),(1,8,'Webmaster','If a technical problem occurs on this website'),(2,8,'Customer service','For any question about a product, an order'),(1,9,'Webmaster','If a technical problem occurs on this website'),(2,9,'Customer service','For any question about a product, an order'),(1,10,'Webmaster','If a technical problem occurs on this website'),(2,10,'Customer service','For any question about a product, an order'),(1,11,'Webmaster','If a technical problem occurs on this website'),(2,11,'Customer service','For any question about a product, an order');
CREATE TABLE `pss_country` (
  `id_country` int(10) unsigned NOT NULL auto_increment,
  `id_zone` int(10) unsigned NOT NULL,
  `id_currency` int(10) unsigned NOT NULL default '0',
  `iso_code` varchar(3) NOT NULL,
  `call_prefix` int(10) NOT NULL default '0',
  `active` tinyint(1) unsigned NOT NULL default '0',
  `contains_states` tinyint(1) NOT NULL default '0',
  `need_identification_number` tinyint(1) NOT NULL default '0',
  `need_zip_code` tinyint(1) NOT NULL default '1',
  `zip_code_format` varchar(12) NOT NULL default '',
  `display_tax_label` tinyint(1) NOT NULL,
  PRIMARY KEY  (`id_country`),
  KEY `country_iso_code` (`iso_code`),
  KEY `country_` (`id_zone`)
) ENGINE=MyISAM AUTO_INCREMENT=245 DEFAULT CHARSET=utf8;

INSERT INTO `pss_country` VALUES (1,1,0,'DE',49,1,0,0,1,'NNNNN',1),(2,1,0,'AT',43,1,0,0,1,'NNNN',1),(3,7,0,'BE',32,1,0,0,1,'NNNN',1),(4,0,0,'CA',1,1,1,0,1,'LNL NLN',0),(5,0,0,'CN',86,0,0,0,1,'NNNNNN',1),(6,1,0,'ES',34,1,0,1,1,'NNNNN',1),(7,1,0,'FI',358,1,0,0,1,'NNNNN',1),(8,1,0,'FR',33,1,0,0,1,'NNNNN',1),(9,1,0,'GR',30,1,0,0,1,'NNNNN',1),(10,1,0,'IT',39,1,0,0,1,'NNNNN',1),(11,0,0,'JP',81,1,0,0,1,'NNN-NNNN',1),(12,1,0,'LU',352,1,0,0,1,'NNNN',1),(13,1,0,'NL',31,1,0,0,1,'NNNN LL',1),(14,1,0,'PL',48,1,0,0,1,'NN-NNN',1),(15,1,0,'PT',351,1,0,0,1,'NNNN NNN',1),(16,1,0,'CZ',420,1,0,0,1,'NNN NN',1),(17,1,0,'GB',44,0,0,0,1,'',1),(18,1,0,'SE',46,1,0,0,1,'NNN NN',1),(19,7,0,'CH',41,1,0,0,1,'NNNN',1),(20,1,0,'DK',45,1,0,0,1,'NNNN',1),(21,0,0,'US',1,0,1,0,1,'NNNNN',1),(22,0,0,'HK',852,0,0,0,0,'',1),(23,1,0,'NO',47,1,0,0,1,'NNNN',1),(24,0,0,'AU',61,0,0,0,1,'NNNN',1),(25,0,0,'SG',65,0,0,0,1,'NNNNNN',1),(26,1,0,'IE',353,1,0,0,1,'',1),(27,0,0,'NZ',64,0,0,0,1,'NNNN',1),(28,0,0,'KR',82,0,0,0,1,'NNN-NNN',1),(29,0,0,'IL',972,0,0,0,1,'NNNNN',1),(30,0,0,'ZA',27,0,0,0,1,'NNNN',1),(31,0,0,'NG',234,0,0,0,1,'',1),(32,0,0,'CI',225,0,0,0,1,'',1),(33,0,0,'TG',228,0,0,0,1,'',1),(34,0,0,'BO',591,0,0,0,1,'',1),(35,0,0,'MU',230,0,0,0,1,'',1),(36,1,0,'RO',40,1,0,0,1,'NNNNNN',1),(37,1,0,'SK',421,1,0,0,1,'NNN NN',1),(38,0,0,'DZ',213,0,0,0,1,'NNNNN',1),(39,0,0,'AS',0,0,0,0,1,'',1),(40,7,0,'AD',376,0,0,0,1,'CNNN',1),(41,0,0,'AO',244,0,0,0,0,'',1),(42,0,0,'AI',0,0,0,0,1,'',1),(43,0,0,'AG',0,0,0,0,1,'',1),(44,0,0,'AR',54,0,1,0,1,'LNNNN',1),(45,0,0,'AM',374,0,0,0,1,'NNNN',1),(46,0,0,'AW',297,0,0,0,1,'',1),(47,0,0,'AZ',994,0,0,0,1,'CNNNN',1),(48,0,0,'BS',0,0,0,0,1,'',1),(49,0,0,'BH',973,0,0,0,1,'',1),(50,0,0,'BD',880,0,0,0,1,'NNNN',1),(51,0,0,'BB',0,1,0,0,1,'CNNNNN',1),(52,7,0,'BY',0,1,0,0,1,'NNNNNN',1),(53,0,0,'BZ',501,1,0,0,0,'',1),(54,0,0,'BJ',229,1,0,0,0,'',1),(55,0,0,'BM',0,1,0,0,1,'',1),(56,0,0,'BT',975,1,0,0,1,'',1),(57,0,0,'BW',267,1,0,0,1,'',1),(58,0,0,'BR',55,1,0,0,1,'NNNNN-NNN',1),(59,0,0,'BN',673,1,0,0,1,'LLNNNN',1),(60,0,0,'BF',226,1,0,0,1,'',1),(61,0,0,'MM',95,1,0,0,1,'',1),(62,0,0,'BI',257,1,0,0,1,'',1),(63,0,0,'KH',855,1,0,0,1,'NNNNN',1),(64,0,0,'CM',237,1,0,0,1,'',1),(65,0,0,'CV',238,1,0,0,1,'NNNN',1),(66,0,0,'CF',236,1,0,0,1,'',1),(67,0,0,'TD',235,1,0,0,1,'',1),(68,0,0,'CL',56,1,0,0,1,'NNN-NNNN',1),(69,0,0,'CO',57,1,0,0,1,'NNNNNN',1),(70,0,0,'KM',269,1,0,0,1,'',1),(71,0,0,'CD',242,1,0,0,1,'',1),(72,0,0,'CG',243,1,0,0,1,'',1),(73,0,0,'CR',506,1,0,0,1,'NNNNN',1),(74,7,0,'HR',385,1,0,0,1,'NNNNN',1),(75,0,0,'CU',53,1,0,0,1,'',1),(76,1,0,'CY',357,1,0,0,1,'NNNN',1),(77,0,0,'DJ',253,1,0,0,1,'',1),(78,0,0,'DM',0,1,0,0,1,'',1),(79,0,0,'DO',0,1,0,0,1,'',1),(80,0,0,'TL',670,1,0,0,1,'',1),(81,0,0,'EC',593,1,0,0,1,'CNNNNNN',1),(82,0,0,'EG',20,1,0,0,0,'',1),(83,0,0,'SV',503,1,0,0,1,'',1),(84,0,0,'GQ',240,1,0,0,1,'',1),(85,0,0,'ER',291,1,0,0,1,'',1),(86,1,0,'EE',372,1,0,0,1,'NNNNN',1),(87,0,0,'ET',251,1,0,0,1,'',1),(88,0,0,'FK',0,1,0,0,1,'LLLL NLL',1),(89,7,0,'FO',298,1,0,0,1,'',1),(90,0,0,'FJ',679,1,0,0,1,'',1),(91,0,0,'GA',241,1,0,0,1,'',1),(92,0,0,'GM',220,1,0,0,1,'',1),(93,0,0,'GE',995,1,0,0,1,'NNNN',1),(94,0,0,'GH',233,1,0,0,1,'',1),(95,0,0,'GD',0,1,0,0,1,'',1),(96,7,0,'GL',299,1,0,0,1,'',1),(97,7,0,'GI',350,1,0,0,1,'',1),(98,0,0,'GP',590,1,0,0,1,'',1),(99,0,0,'GU',0,1,0,0,1,'',1),(100,0,0,'GT',502,1,0,0,1,'',1),(101,7,0,'GG',0,1,0,0,1,'LLN NLL',1),(102,0,0,'GN',224,1,0,0,1,'',1),(103,0,0,'GW',245,1,0,0,1,'',1),(104,0,0,'GY',592,1,0,0,1,'',1),(105,0,0,'HT',509,1,0,0,1,'',1),(106,0,0,'HM',0,1,0,0,1,'',1),(107,7,0,'VA',379,1,0,0,1,'NNNNN',1),(108,0,0,'HN',504,1,0,0,1,'',1),(109,7,0,'IS',354,1,0,0,1,'NNN',1),(110,0,0,'IN',91,1,0,0,1,'NNN NNN',1),(111,0,0,'ID',62,1,0,0,1,'NNNNN',1),(112,0,0,'IR',98,1,0,0,1,'NNNNN-NNNNN',1),(113,0,0,'IQ',964,1,0,0,1,'NNNNN',1),(114,7,0,'IM',0,1,0,0,1,'CN NLL',1),(115,0,0,'JM',0,1,0,0,1,'',1),(116,7,0,'JE',0,1,0,0,1,'CN NLL',1),(117,0,0,'JO',962,1,0,0,1,'',1),(118,0,0,'KZ',7,1,0,0,1,'NNNNNN',1),(119,0,0,'KE',254,1,0,0,1,'',1),(120,7,0,'KI',686,1,0,0,1,'',1),(121,0,0,'KP',850,1,0,0,1,'',1),(122,0,0,'KW',965,1,0,0,1,'',1),(123,0,0,'KG',996,1,0,0,1,'',1),(124,0,0,'LA',856,1,0,0,1,'',1),(125,1,0,'LV',371,1,0,0,1,'C-NNNN',1),(126,0,0,'LB',961,1,0,0,1,'',1),(127,0,0,'LS',266,1,0,0,1,'',1),(128,0,0,'LR',231,1,0,0,1,'',1),(129,0,0,'LY',218,1,0,0,1,'',1),(130,1,0,'LI',423,1,0,0,1,'NNNN',1),(131,1,0,'LT',370,1,0,0,1,'NNNNN',1),(132,0,0,'MO',853,1,0,0,0,'',1),(133,7,0,'MK',389,1,0,0,1,'',1),(134,0,0,'MG',261,1,0,0,1,'',1),(135,0,0,'MW',265,1,0,0,1,'',1),(136,0,0,'MY',60,1,0,0,1,'NNNNN',1),(137,0,0,'MV',960,1,0,0,1,'',1),(138,0,0,'ML',223,1,0,0,1,'',1),(139,1,0,'MT',356,1,0,0,1,'LLL NNNN',1),(140,0,0,'MH',692,1,0,0,1,'',1),(141,0,0,'MQ',596,1,0,0,1,'',1),(142,0,0,'MR',222,1,0,0,1,'',1),(143,1,0,'HU',36,1,0,0,1,'NNNN',1),(144,0,0,'YT',262,1,0,0,1,'',1),(145,0,0,'MX',52,1,1,0,1,'NNNNN',1),(146,0,0,'FM',691,1,0,0,1,'',1),(147,7,0,'MD',373,1,0,0,1,'C-NNNN',1),(148,7,0,'MC',377,1,0,0,1,'980NN',1),(149,0,0,'MN',976,1,0,0,1,'',1),(150,7,0,'ME',382,1,0,0,1,'NNNNN',1),(151,0,0,'MS',0,1,0,0,1,'',1),(152,0,0,'MA',212,1,0,0,1,'NNNNN',1),(153,0,0,'MZ',258,1,0,0,1,'',1),(154,0,0,'NA',264,1,0,0,1,'',1),(155,0,0,'NR',674,1,0,0,1,'',1),(156,0,0,'NP',977,1,0,0,1,'',1),(157,0,0,'AN',599,1,0,0,1,'',1),(158,0,0,'NC',687,1,0,0,1,'',1),(159,0,0,'NI',505,1,0,0,1,'NNNNNN',1),(160,0,0,'NE',227,1,0,0,1,'',1),(161,0,0,'NU',683,1,0,0,1,'',1),(162,0,0,'NF',0,1,0,0,1,'',1),(163,0,0,'MP',0,1,0,0,1,'',1),(164,0,0,'OM',968,1,0,0,1,'',1),(165,0,0,'PK',92,1,0,0,1,'',1),(166,0,0,'PW',680,1,0,0,1,'',1),(167,0,0,'PS',0,1,0,0,1,'',1),(168,0,0,'PA',507,1,0,0,1,'NNNNNN',1),(169,0,0,'PG',675,1,0,0,1,'',1),(170,0,0,'PY',595,1,0,0,1,'',1),(171,0,0,'PE',51,1,0,0,1,'',1),(172,0,0,'PH',63,1,0,0,1,'NNNN',1),(173,0,0,'PN',0,1,0,0,1,'LLLL NLL',1),(174,0,0,'PR',0,1,0,0,1,'NNNNN',1),(175,0,0,'QA',974,1,0,0,1,'',1),(176,0,0,'RE',262,1,0,0,1,'',1),(177,7,0,'RU',7,1,0,0,1,'NNNNNN',1),(178,0,0,'RW',250,1,0,0,1,'',1),(179,0,0,'BL',0,1,0,0,1,'',1),(180,0,0,'KN',0,1,0,0,1,'',1),(181,0,0,'LC',0,1,0,0,1,'',1),(182,0,0,'MF',0,1,0,0,1,'',1),(183,0,0,'PM',508,1,0,0,1,'',1),(184,0,0,'VC',0,1,0,0,1,'',1),(185,0,0,'WS',685,1,0,0,1,'',1),(186,7,0,'SM',378,1,0,0,1,'NNNNN',1),(187,0,0,'ST',239,1,0,0,1,'',1),(188,0,0,'SA',966,1,0,0,1,'',1),(189,0,0,'SN',221,1,0,0,1,'',1),(190,7,0,'RS',381,1,0,0,1,'NNNNN',1),(191,0,0,'SC',248,1,0,0,1,'',1),(192,0,0,'SL',232,1,0,0,1,'',1),(193,1,0,'SI',386,1,0,0,1,'C-NNNN',1),(194,0,0,'SB',677,1,0,0,1,'',1),(195,0,0,'SO',252,1,0,0,1,'',1),(196,0,0,'GS',0,1,0,0,1,'LLLL NLL',1),(197,0,0,'LK',94,1,0,0,1,'NNNNN',1),(198,0,0,'SD',249,1,0,0,1,'',1),(199,0,0,'SR',597,1,0,0,1,'',1),(200,7,0,'SJ',0,1,0,0,1,'',1),(201,0,0,'SZ',268,1,0,0,1,'',1),(202,0,0,'SY',963,1,0,0,1,'',1),(203,0,0,'TW',886,1,0,0,1,'NNNNN',1),(204,0,0,'TJ',992,1,0,0,1,'',1),(205,0,0,'TZ',255,1,0,0,1,'',1),(206,0,0,'TH',66,1,0,0,1,'NNNNN',1),(207,0,0,'TK',690,1,0,0,1,'',1),(208,0,0,'TO',676,1,0,0,1,'',1),(209,0,0,'TT',0,1,0,0,1,'',1),(210,0,0,'TN',216,1,0,0,1,'',1),(211,7,0,'TR',90,1,0,0,1,'NNNNN',1),(212,0,0,'TM',993,1,0,0,1,'',1),(213,0,0,'TC',0,1,0,0,1,'LLLL NLL',1),(214,0,0,'TV',688,1,0,0,1,'',1),(215,0,0,'UG',256,1,0,0,1,'',1),(216,1,0,'UA',380,1,0,0,1,'NNNNN',1),(217,0,0,'AE',971,1,0,0,1,'',1),(218,0,0,'UY',598,1,0,0,1,'',1),(219,0,0,'UZ',998,1,0,0,1,'',1),(220,0,0,'VU',678,1,0,0,1,'',1),(221,0,0,'VE',58,1,0,0,1,'',1),(222,0,0,'VN',84,1,0,0,1,'NNNNNN',1),(223,0,0,'VG',0,1,0,0,1,'CNNNN',1),(224,0,0,'VI',0,1,0,0,1,'',1),(225,0,0,'WF',681,1,0,0,1,'',1),(226,0,0,'EH',0,1,0,0,1,'',1),(227,0,0,'YE',967,1,0,0,1,'',1),(228,0,0,'ZM',260,1,0,0,1,'',1),(229,0,0,'ZW',263,1,0,0,1,'',1),(230,7,0,'AL',355,1,0,0,1,'NNNN',1),(231,0,0,'AF',93,1,0,0,0,'',1),(232,0,0,'AQ',0,1,0,0,1,'',1),(233,1,0,'BA',387,1,0,0,1,'',1),(234,0,0,'BV',0,1,0,0,1,'',1),(235,0,0,'IO',0,1,0,0,1,'LLLL NLL',1),(236,1,0,'BG',359,1,0,0,1,'NNNN',1),(237,0,0,'KY',0,1,0,0,1,'',1),(238,0,0,'CX',0,1,0,0,1,'',1),(239,0,0,'CC',0,1,0,0,1,'',1),(240,0,0,'CK',682,1,0,0,1,'',1),(241,0,0,'GF',594,1,0,0,1,'',1),(242,0,0,'PF',689,1,0,0,1,'',1),(243,0,0,'TF',0,1,0,0,1,'',1),(244,7,0,'AX',0,1,0,0,1,'NNNNN',1);
CREATE TABLE `pss_country_lang` (
  `id_country` int(10) unsigned NOT NULL,
  `id_lang` int(10) unsigned NOT NULL,
  `name` varchar(64) NOT NULL,
  UNIQUE KEY `country_lang_index` (`id_country`,`id_lang`)
) ENGINE=MyISAM DEFAULT CHARSET=utf8;

INSERT INTO `pss_country_lang` VALUES (1,1,'Germany'),(1,2,'Allemagne'),(1,3,'Alemania'),(2,1,'Austria'),(2,2,'Autriche'),(2,3,'Austria'),(3,1,'Belgium'),(3,2,'Belgique'),(3,3,'Bélgica'),(4,1,'Canada'),(4,2,'Canada'),(4,3,'Canadá'),(5,1,'China'),(5,2,'Chine'),(5,3,'Porcelana'),(6,1,'Spain'),(6,2,'Espagne'),(6,3,'España'),(7,1,'Finland'),(7,2,'Finlande'),(7,3,'Finlandia'),(8,1,'France'),(8,2,'France'),(8,3,'Francia'),(9,1,'Greece'),(9,2,'Grèce'),(9,3,'Grecia'),(10,1,'Italy'),(10,2,'Italie'),(10,3,'Italia'),(11,1,'Japan'),(11,2,'Japon'),(11,3,'Japón'),(12,1,'Luxemburg'),(12,2,'Luxembourg'),(12,3,'Luxemburgo'),(13,1,'Netherlands'),(13,2,'Pays-bas'),(13,3,'Países Bajos'),(14,1,'Poland'),(14,2,'Pologne'),(14,3,'Polonia'),(15,1,'Portugal'),(15,2,'Portugal'),(15,3,'Portugal'),(16,1,'Czech Republic'),(16,2,'République Tchèque'),(16,3,'República Checa'),(17,1,'United Kingdom'),(17,2,'Royaume-Uni'),(17,3,'Reino Unido'),(18,1,'Sweden'),(18,2,'Suède'),(18,3,'Suecia'),(19,1,'Switzerland'),(19,2,'Suisse'),(19,3,'Suiza'),(20,1,'Denmark'),(20,2,'Danemark'),(20,3,'Dinamarca'),(21,1,'United State'),(21,2,'États-Unis'),(21,3,'EE.UU.'),(22,1,'HongKong'),(22,2,'Hong-Kong'),(22,3,'Hong Kong'),(23,1,'Norway'),(23,2,'Norvège'),(23,3,'Noruega'),(24,1,'Australia'),(24,2,'Australie'),(24,3,'Australia'),(25,1,'Singapore'),(25,2,'Singapour'),(25,3,'Singapur'),(26,1,'Ireland'),(26,2,'Eire'),(26,3,'Irlanda'),(27,1,'New Zealand'),(27,2,'Nouvelle-Zélande'),(27,3,'Nueva Zelanda'),(28,1,'South Korea'),(28,2,'Corée du Sud'),(28,3,'Corea del Sur'),(29,1,'Israel'),(29,2,'Israël'),(29,3,'Israel'),(30,1,'South Africa'),(30,2,'Afrique du Sud'),(30,3,'Sudáfrica'),(31,1,'Nigeria'),(31,2,'Nigeria'),(31,3,'Nigeria'),(32,1,'Ivory Coast'),(32,2,'Côte d\'Ivoire'),(32,3,'Costa de Marfil'),(33,1,'Togo'),(33,2,'Togo'),(33,3,'Togo'),(34,1,'Bolivia'),(34,2,'Bolivie'),(34,3,'Bolivia'),(35,1,'Mauritius'),(35,2,'Ile Maurice'),(35,3,'Mauricio'),(36,1,'Romania'),(36,2,'Roumanie'),(36,3,'Rumania'),(37,1,'Slovakia'),(37,2,'Slovaquie'),(37,3,'Eslovaquia'),(38,1,'Algeria'),(38,2,'Algérie'),(38,3,'Argelia'),(39,1,'American Samoa'),(39,2,'Samoa Américaines'),(39,3,'Samoa Americana'),(40,1,'Andorra'),(40,2,'Andorre'),(40,3,'Andorra'),(41,1,'Angola'),(41,2,'Angola'),(41,3,'Angola'),(42,1,'Anguilla'),(42,2,'Anguilla'),(42,3,'Anguila'),(43,1,'Antigua and Barbuda'),(43,2,'Antigua et Barbuda'),(43,3,'Antigua y Barbuda'),(44,1,'Argentina'),(44,2,'Argentine'),(44,3,'Argentina'),(45,1,'Armenia'),(45,2,'Arménie'),(45,3,'Armenia'),(46,1,'Aruba'),(46,2,'Aruba'),(46,3,'Aruba'),(47,1,'Azerbaijan'),(47,2,'Azerbaïdjan'),(47,3,'Azerbaiyán'),(48,1,'Bahamas'),(48,2,'Bahamas'),(48,3,'Bahamas'),(49,1,'Bahrain'),(49,2,'Bahreïn'),(49,3,'Bahrein'),(50,1,'Bangladesh'),(50,2,'Bangladesh'),(50,3,'Bangladesh'),(51,1,'Barbados'),(51,2,'Barbade'),(51,3,'Barbados'),(52,1,'Belarus'),(52,2,'Bélarus'),(52,3,'Belarús'),(53,1,'Belize'),(53,2,'Belize'),(53,3,'Belice'),(54,1,'Benin'),(54,2,'Bénin'),(54,3,'Benin'),(55,1,'Bermuda'),(55,2,'Bermudes'),(55,3,'Bermudas'),(56,1,'Bhutan'),(56,2,'Bhoutan'),(56,3,'Bhután'),(57,1,'Botswana'),(57,2,'Botswana'),(57,3,'Botswana'),(58,1,'Brazil'),(58,2,'Brésil'),(58,3,'Brasil'),(59,1,'Brunei'),(59,2,'Brunéi Darussalam'),(59,3,'Brunei'),(60,1,'Burkina Faso'),(60,2,'Burkina Faso'),(60,3,'Burkina Faso'),(61,1,'Burma (Myanmar)'),(61,2,'Burma (Myanmar)'),(61,3,'Birmania (Myanmar)'),(62,1,'Burundi'),(62,2,'Burundi'),(62,3,'Burundi'),(63,1,'Cambodia'),(63,2,'Cambodge'),(63,3,'Camboya'),(64,1,'Cameroon'),(64,2,'Cameroun'),(64,3,'Camerún'),(65,1,'Cape Verde'),(65,2,'Cap-Vert'),(65,3,'Cabo Verde'),(66,1,'Central African Republic'),(66,2,'Centrafricaine, République'),(66,3,'República Centroafricana'),(67,1,'Chad'),(67,2,'Tchad'),(67,3,'Chad'),(68,1,'Chile'),(68,2,'Chili'),(68,3,'Chile'),(69,1,'Colombia'),(69,2,'Colombie'),(69,3,'Colombia'),(70,1,'Comoros'),(70,2,'Comores'),(70,3,'Comoras'),(71,1,'Congo, Dem. Republic'),(71,2,'Congo, Rép. Dém.'),(71,3,'Congo, Rep. Dem.'),(72,1,'Congo, Republic'),(72,2,'Congo, Rép.'),(72,3,'Congo, República'),(73,1,'Costa Rica'),(73,2,'Costa Rica'),(73,3,'Costa Rica'),(74,1,'Croatia'),(74,2,'Croatie'),(74,3,'Croacia'),(75,1,'Cuba'),(75,2,'Cuba'),(75,3,'Cuba'),(76,1,'Cyprus'),(76,2,'Chypre'),(76,3,'Chipre'),(77,1,'Djibouti'),(77,2,'Djibouti'),(77,3,'Djibouti'),(78,1,'Dominica'),(78,2,'Dominica'),(78,3,'Dominica'),(79,1,'Dominican Republic'),(79,2,'République Dominicaine'),(79,3,'República Dominicana'),(80,1,'East Timor'),(80,2,'Timor oriental'),(80,3,'Timor Oriental'),(81,1,'Ecuador'),(81,2,'Équateur'),(81,3,'Ecuador'),(82,1,'Egypt'),(82,2,'Égypte'),(82,3,'Egipto'),(83,1,'El Salvador'),(83,2,'El Salvador'),(83,3,'El Salvador'),(84,1,'Equatorial Guinea'),(84,2,'Guinée Équatoriale'),(84,3,'Guinea Ecuatorial'),(85,1,'Eritrea'),(85,2,'Érythrée'),(85,3,'Eritrea'),(86,1,'Estonia'),(86,2,'Estonie'),(86,3,'Estonia'),(87,1,'Ethiopia'),(87,2,'Éthiopie'),(87,3,'Etiopía'),(88,1,'Falkland Islands'),(88,2,'Falkland, Îles'),(88,3,'Islas Malvinas'),(89,1,'Faroe Islands'),(89,2,'Féroé, Îles'),(89,3,'Islas Feroe'),(90,1,'Fiji'),(90,2,'Fidji'),(90,3,'Fiji'),(91,1,'Gabon'),(91,2,'Gabon'),(91,3,'Gabón'),(92,1,'Gambia'),(92,2,'Gambie'),(92,3,'Gambia'),(93,1,'Georgia'),(93,2,'Géorgie'),(93,3,'Georgia'),(94,1,'Ghana'),(94,2,'Ghana'),(94,3,'Ghana'),(95,1,'Grenada'),(95,2,'Grenade'),(95,3,'Granada'),(96,1,'Greenland'),(96,2,'Groenland'),(96,3,'Groenlandia'),(97,1,'Gibraltar'),(97,2,'Gibraltar'),(97,3,'Gibraltar'),(98,1,'Guadeloupe'),(98,2,'Guadeloupe'),(98,3,'Guadalupe'),(99,1,'Guam'),(99,2,'Guam'),(99,3,'Guam'),(100,1,'Guatemala'),(100,2,'Guatemala'),(100,3,'Guatemala'),(101,1,'Guernsey'),(101,2,'Guernesey'),(101,3,'Guernsey'),(102,1,'Guinea'),(102,2,'Guinée'),(102,3,'Guinea'),(103,1,'Guinea-Bissau'),(103,2,'Guinée-Bissau'),(103,3,'Guinea-Bissau'),(104,1,'Guyana'),(104,2,'Guyana'),(104,3,'Guyana'),(105,1,'Haiti'),(105,2,'Haîti'),(105,3,'Haití'),(106,1,'Heard Island and McDonald Islands'),(106,2,'Heard, Île et Mcdonald, Îles'),(106,3,'Islas Heard y McDonald Islas'),(107,1,'Vatican City State'),(107,2,'Saint-Siege (État de la Cité du Vatican)'),(107,3,'Ciudad del Vaticano'),(108,1,'Honduras'),(108,2,'Honduras'),(108,3,'Honduras'),(109,1,'Iceland'),(109,2,'Islande'),(109,3,'Islandia'),(110,1,'India'),(110,2,'Inde'),(110,3,'India'),(111,1,'Indonesia'),(111,2,'Indonésie'),(111,3,'Indonesia'),(112,1,'Iran'),(112,2,'Iran'),(112,3,'Irán'),(113,1,'Iraq'),(113,2,'Iraq'),(113,3,'Iraq'),(114,1,'Man Island'),(114,2,'Man, Île de'),(114,3,'Man, Isla'),(115,1,'Jamaica'),(115,2,'Jamaique'),(115,3,'Jamaica'),(116,1,'Jersey'),(116,2,'Jersey'),(116,3,'Jersey'),(117,1,'Jordan'),(117,2,'Jordanie'),(117,3,'Jordania'),(118,1,'Kazakhstan'),(118,2,'Kazakhstan'),(118,3,'Kazajstán'),(119,1,'Kenya'),(119,2,'Kenya'),(119,3,'Kenya'),(120,1,'Kiribati'),(120,2,'Kiribati'),(120,3,'Kiribati'),(121,1,'Korea, Dem. Republic of'),(121,2,'Corée, Rép. Populaire Dém. de'),(121,3,'KOREA, DEM. República de'),(122,1,'Kuwait'),(122,2,'Koweït'),(122,3,'Kuwait'),(123,1,'Kyrgyzstan'),(123,2,'Kirghizistan'),(123,3,'Kirguistán'),(124,1,'Laos'),(124,2,'Laos'),(124,3,'Laos'),(125,1,'Latvia'),(125,2,'Lettonie'),(125,3,'Letonia'),(126,1,'Lebanon'),(126,2,'Liban'),(126,3,'Líbano'),(127,1,'Lesotho'),(127,2,'Lesotho'),(127,3,'Lesotho'),(128,1,'Liberia'),(128,2,'Libéria'),(128,3,'Liberia'),(129,1,'Libya'),(129,2,'Libyenne, Jamahiriya Arabe'),(129,3,'Libia'),(130,1,'Liechtenstein'),(130,2,'Liechtenstein'),(130,3,'Liechtenstein'),(131,1,'Lithuania'),(131,2,'Lituanie'),(131,3,'Lituania'),(132,1,'Macau'),(132,2,'Macao'),(132,3,'Macao'),(133,1,'Macedonia'),(133,2,'Macédoine'),(133,3,'Macedonia'),(134,1,'Madagascar'),(134,2,'Madagascar'),(134,3,'Madagascar'),(135,1,'Malawi'),(135,2,'Malawi'),(135,3,'Malawi'),(136,1,'Malaysia'),(136,2,'Malaisie'),(136,3,'Malasia'),(137,1,'Maldives'),(137,2,'Maldives'),(137,3,'Maldivas'),(138,1,'Mali'),(138,2,'Mali'),(138,3,'Malí'),(139,1,'Malta'),(139,2,'Malte'),(139,3,'Malta'),(140,1,'Marshall Islands'),(140,2,'Marshall, Îles'),(140,3,'Marshall, Islas'),(141,1,'Martinique'),(141,2,'Martinique'),(141,3,'Martinica'),(142,1,'Mauritania'),(142,2,'Mauritanie'),(142,3,'Mauritania'),(143,1,'Hungary'),(143,2,'Hongrie'),(143,3,'Hungría'),(144,1,'Mayotte'),(144,2,'Mayotte'),(144,3,'Mayotte'),(145,1,'Mexico'),(145,2,'Mexique'),(145,3,'México'),(146,1,'Micronesia'),(146,2,'Micronésie'),(146,3,'Micronesia'),(147,1,'Moldova'),(147,2,'Moldova'),(147,3,'Moldavia'),(148,1,'Monaco'),(148,2,'Monaco'),(148,3,'Mónaco'),(149,1,'Mongolia'),(149,2,'Mongolie'),(149,3,'Mongolia'),(150,1,'Montenegro'),(150,2,'Monténégro'),(150,3,'Montenegro'),(151,1,'Montserrat'),(151,2,'Montserrat'),(151,3,'Montserrat'),(152,1,'Morocco'),(152,2,'Maroc'),(152,3,'Marruecos'),(153,1,'Mozambique'),(153,2,'Mozambique'),(153,3,'Mozambique'),(154,1,'Namibia'),(154,2,'Namibie'),(154,3,'Namibia'),(155,1,'Nauru'),(155,2,'Nauru'),(155,3,'Nauru'),(156,1,'Nepal'),(156,2,'Népal'),(156,3,'Nepal'),(157,1,'Netherlands Antilles'),(157,2,'Antilles Néerlandaises'),(157,3,'Antillas Neerlandesas'),(158,1,'New Caledonia'),(158,2,'Nouvelle-Calédonie'),(158,3,'Nueva Caledonia'),(159,1,'Nicaragua'),(159,2,'Nicaragua'),(159,3,'Nicaragua'),(160,1,'Niger'),(160,2,'Niger'),(160,3,'Níger'),(161,1,'Niue'),(161,2,'Niué'),(161,3,'Niue'),(162,1,'Norfolk Island'),(162,2,'Norfolk, Île'),(162,3,'Norfolk Island'),(163,1,'Northern Mariana Islands'),(163,2,'Mariannes du Nord, Îles'),(163,3,'Islas Marianas del Norte'),(164,1,'Oman'),(164,2,'Oman'),(164,3,'Omán'),(165,1,'Pakistan'),(165,2,'Pakistan'),(165,3,'Pakistán'),(166,1,'Palau'),(166,2,'Palaos'),(166,3,'Palau'),(167,1,'Palestinian Territories'),(167,2,'Palestinien Occupé, Territoire'),(167,3,'Territorios Palestinos'),(168,1,'Panama'),(168,2,'Panama'),(168,3,'Panamá'),(169,1,'Papua New Guinea'),(169,2,'Papouasie-Nouvelle-Guinée'),(169,3,'Papua Nueva Guinea'),(170,1,'Paraguay'),(170,2,'Paraguay'),(170,3,'Paraguay'),(171,1,'Peru'),(171,2,'Pérou'),(171,3,'Perú'),(172,1,'Philippines'),(172,2,'Philippines'),(172,3,'Filipinas'),(173,1,'Pitcairn'),(173,2,'Pitcairn'),(173,3,'Pitcairn'),(174,1,'Puerto Rico'),(174,2,'Porto Rico'),(174,3,'Puerto Rico'),(175,1,'Qatar'),(175,2,'Qatar'),(175,3,'Qatar'),(176,1,'Reunion Island'),(176,2,'Réunion, Île de la'),(176,3,'Reunión, Isla de la'),(177,1,'Russian Federation'),(177,2,'Russie, Fédération de'),(177,3,'Rusia, Federación de'),(178,1,'Rwanda'),(178,2,'Rwanda'),(178,3,'Rwanda'),(179,1,'Saint Barthelemy'),(179,2,'Saint-Barthélemy'),(179,3,'San Bartolomé'),(180,1,'Saint Kitts and Nevis'),(180,2,'Saint-Kitts-et-Nevis'),(180,3,'Saint Kitts y Nevis'),(181,1,'Saint Lucia'),(181,2,'Sainte-Lucie'),(181,3,'Santa Lucía'),(182,1,'Saint Martin'),(182,2,'Saint-Martin'),(182,3,'Saint Martin'),(183,1,'Saint Pierre and Miquelon'),(183,2,'Saint-Pierre-et-Miquelon'),(183,3,'San Pedro y Miquelón'),(184,1,'Saint Vincent and the Grenadines'),(184,2,'Saint-Vincent-et-Les Grenadines'),(184,3,'San Vicente y las Granadinas'),(185,1,'Samoa'),(185,2,'Samoa'),(185,3,'Samoa'),(186,1,'San Marino'),(186,2,'Saint-Marin'),(186,3,'San Marino'),(187,1,'São Tomé and Príncipe'),(187,2,'Sao Tomé-et-Principe'),(187,3,'Santo Tomé y Príncipe'),(188,1,'Saudi Arabia'),(188,2,'Arabie Saoudite'),(188,3,'Arabia Saudita'),(189,1,'Senegal'),(189,2,'Sénégal'),(189,3,'Senegal'),(190,1,'Serbia'),(190,2,'Serbie'),(190,3,'Serbia'),(191,1,'Seychelles'),(191,2,'Seychelles'),(191,3,'Seychelles'),(192,1,'Sierra Leone'),(192,2,'Sierra Leone'),(192,3,'Sierra Leona'),(193,1,'Slovenia'),(193,2,'Slovénie'),(193,3,'Eslovenia'),(194,1,'Solomon Islands'),(194,2,'Salomon, Îles'),(194,3,'Salomón, Islas'),(195,1,'Somalia'),(195,2,'Somalie'),(195,3,'Somalia'),(196,1,'South Georgia and the South Sandwich Islands'),(196,2,'Géorgie du Sud et les Îles Sandwich du Sud'),(196,3,'Georgia del Sur e Islas Sandwich del Sur'),(197,1,'Sri Lanka'),(197,2,'Sri Lanka'),(197,3,'Sri Lanka'),(198,1,'Sudan'),(198,2,'Soudan'),(198,3,'Sudán'),(199,1,'Suriname'),(199,2,'Suriname'),(199,3,'Suriname'),(200,1,'Svalbard and Jan Mayen'),(200,2,'Svalbard et Île Jan Mayen'),(200,3,'Svalbard y Jan Mayen'),(201,1,'Swaziland'),(201,2,'Swaziland'),(201,3,'Swazilandia'),(202,1,'Syria'),(202,2,'Syrienne'),(202,3,'Siria'),(203,1,'Taiwan'),(203,2,'Taïwan'),(203,3,'Taiwán'),(204,1,'Tajikistan'),(204,2,'Tadjikistan'),(204,3,'Tayikistán'),(205,1,'Tanzania'),(205,2,'Tanzanie'),(205,3,'Tanzania'),(206,1,'Thailand'),(206,2,'Thaïlande'),(206,3,'Tailandia'),(207,1,'Tokelau'),(207,2,'Tokelau'),(207,3,'Tokelau'),(208,1,'Tonga'),(208,2,'Tonga'),(208,3,'Tonga'),(209,1,'Trinidad and Tobago'),(209,2,'Trinité-et-Tobago'),(209,3,'Trinidad y Tobago'),(210,1,'Tunisia'),(210,2,'Tunisie'),(210,3,'Túnez'),(211,1,'Turkey'),(211,2,'Turquie'),(211,3,'Turquía'),(212,1,'Turkmenistan'),(212,2,'Turkménistan'),(212,3,'Turkmenistán'),(213,1,'Turks and Caicos Islands'),(213,2,'Turks et Caiques, Îles'),(213,3,'Islas Turcas y Caicos'),(214,1,'Tuvalu'),(214,2,'Tuvalu'),(214,3,'Tuvalu'),(215,1,'Uganda'),(215,2,'Ouganda'),(215,3,'Uganda'),(216,1,'Ukraine'),(216,2,'Ukraine'),(216,3,'Ucrania'),(217,1,'United Arab Emirates'),(217,2,'Émirats Arabes Unis'),(217,3,'Emiratos Árabes Unidos'),(218,1,'Uruguay'),(218,2,'Uruguay'),(218,3,'Uruguay'),(219,1,'Uzbekistan'),(219,2,'Ouzbékistan'),(219,3,'Uzbekistán'),(220,1,'Vanuatu'),(220,2,'Vanuatu'),(220,3,'Vanuatu'),(221,1,'Venezuela'),(221,2,'Venezuela'),(221,3,'Venezuela'),(222,1,'Vietnam'),(222,2,'Vietnam'),(222,3,'Vietnam'),(223,1,'Virgin Islands (British)'),(223,2,'Îles Vierges Britanniques'),(223,3,'Islas Vírgenes (Británicas)'),(224,1,'Virgin Islands (U.S.)'),(224,2,'Îles Vierges des États-Unis'),(224,3,'Islas Vírgenes (EE.UU.)'),(225,1,'Wallis and Futuna'),(225,2,'Wallis et Futuna'),(225,3,'Wallis y Futuna'),(226,1,'Western Sahara'),(226,2,'Sahara Occidental'),(226,3,'Sáhara Occidental'),(227,1,'Yemen'),(227,2,'Yémen'),(227,3,'Yemen'),(228,1,'Zambia'),(228,2,'Zambie'),(228,3,'Zambia'),(229,1,'Zimbabwe'),(229,2,'Zimbabwe'),(229,3,'Zimbabwe'),(230,1,'Albania'),(230,2,'Albanie'),(230,3,'Albania'),(231,1,'Afghanistan'),(231,2,'Afghanistan'),(231,3,'Afganistán'),(232,1,'Antarctica'),(232,2,'Antarctique'),(232,3,'Antártida'),(233,1,'Bosnia and Herzegovina'),(233,2,'Bosnie-Herzégovine'),(233,3,'Bosnia y Herzegovina'),(234,1,'Bouvet Island'),(234,2,'Bouvet, Île'),(234,3,'Isla Bouvet'),(235,1,'British Indian Ocean Territory'),(235,2,'Océan Indien, Territoire Britannique de L\''),(235,3,'British Indian Ocean Territory'),(236,1,'Bulgaria'),(236,2,'Bulgarie'),(236,3,'Bulgaria'),(237,1,'Cayman Islands'),(237,2,'Caïmans, Îles'),(237,3,'Caimán, Islas'),(238,1,'Christmas Island'),(238,2,'Christmas, Île'),(238,3,'Navidad, Isla de'),(239,1,'Cocos (Keeling) Islands'),(239,2,'Cocos (Keeling), Îles'),(239,3,'Cocos (Keeling), Islas'),(240,1,'Cook Islands'),(240,2,'Cook, Îles'),(240,3,'Cook, Islas'),(241,1,'French Guiana'),(241,2,'Guyane Française'),(241,3,'Francés Guayana'),(242,1,'French Polynesia'),(242,2,'Polynésie Française'),(242,3,'Polinesia francés'),(243,1,'French Southern Territories'),(243,2,'Terres Australes Françaises'),(243,3,'Territorios del sur francés'),(244,1,'Åland Islands'),(244,2,'Åland, Îles'),(244,3,'Islas Åland'),(1,4,'Germany'),(1,5,'Germany'),(2,4,'Austria'),(2,5,'Austria'),(3,4,'Belgium'),(3,5,'Belgium'),(4,4,'Canada'),(4,5,'Canada'),(5,4,'China'),(5,5,'China'),(6,4,'Spain'),(6,5,'Spain'),(7,4,'Finland'),(7,5,'Finland'),(8,4,'France'),(8,5,'France'),(9,4,'Greece'),(9,5,'Greece'),(10,4,'Italy'),(10,5,'Italy'),(11,4,'Japan'),(11,5,'Japan'),(12,4,'Luxemburg'),(12,5,'Luxemburg'),(13,4,'Netherlands'),(13,5,'Netherlands'),(14,4,'Poland'),(14,5,'Poland'),(15,4,'Portugal'),(15,5,'Portugal'),(16,4,'Czech Republic'),(16,5,'Czech Republic'),(17,4,'United Kingdom'),(17,5,'United Kingdom'),(18,4,'Sweden'),(18,5,'Sweden'),(19,4,'Switzerland'),(19,5,'Switzerland'),(20,4,'Denmark'),(20,5,'Denmark'),(21,4,'USA'),(21,5,'USA'),(22,4,'HongKong'),(22,5,'HongKong'),(23,4,'Norway'),(23,5,'Norway'),(24,4,'Australia'),(24,5,'Australia'),(25,4,'Singapore'),(25,5,'Singapore'),(26,4,'Ireland'),(26,5,'Ireland'),(27,4,'New Zealand'),(27,5,'New Zealand'),(28,4,'South Korea'),(28,5,'South Korea'),(29,4,'Israel'),(29,5,'Israel'),(30,4,'South Africa'),(30,5,'South Africa'),(31,4,'Nigeria'),(31,5,'Nigeria'),(32,4,'Ivory Coast'),(32,5,'Ivory Coast'),(33,4,'Togo'),(33,5,'Togo'),(34,4,'Bolivia'),(34,5,'Bolivia'),(35,4,'Mauritius'),(35,5,'Mauritius'),(36,4,'Romania'),(36,5,'Romania'),(37,4,'Slovakia'),(37,5,'Slovakia'),(38,4,'Algeria'),(38,5,'Algeria'),(39,4,'American Samoa'),(39,5,'American Samoa'),(40,4,'Andorra'),(40,5,'Andorra'),(41,4,'Angola'),(41,5,'Angola'),(42,4,'Anguilla'),(42,5,'Anguilla'),(43,4,'Antigua and Barbuda'),(43,5,'Antigua and Barbuda'),(44,4,'Argentina'),(44,5,'Argentina'),(45,4,'Armenia'),(45,5,'Armenia'),(46,4,'Aruba'),(46,5,'Aruba'),(47,4,'Azerbaijan'),(47,5,'Azerbaijan'),(48,4,'Bahamas'),(48,5,'Bahamas'),(49,4,'Bahrain'),(49,5,'Bahrain'),(50,4,'Bangladesh'),(50,5,'Bangladesh'),(51,4,'Barbados'),(51,5,'Barbados'),(52,4,'Belarus'),(52,5,'Belarus'),(53,4,'Belize'),(53,5,'Belize'),(54,4,'Benin'),(54,5,'Benin'),(55,4,'Bermuda'),(55,5,'Bermuda'),(56,4,'Bhutan'),(56,5,'Bhutan'),(57,4,'Botswana'),(57,5,'Botswana'),(58,4,'Brazil'),(58,5,'Brazil'),(59,4,'Brunei'),(59,5,'Brunei'),(60,4,'Burkina Faso'),(60,5,'Burkina Faso'),(61,4,'Burma (Myanmar)'),(61,5,'Burma (Myanmar)'),(62,4,'Burundi'),(62,5,'Burundi'),(63,4,'Cambodia'),(63,5,'Cambodia'),(64,4,'Cameroon'),(64,5,'Cameroon'),(65,4,'Cape Verde'),(65,5,'Cape Verde'),(66,4,'Central African Republic'),(66,5,'Central African Republic'),(67,4,'Chad'),(67,5,'Chad'),(68,4,'Chile'),(68,5,'Chile'),(69,4,'Colombia'),(69,5,'Colombia'),(70,4,'Comoros'),(70,5,'Comoros'),(71,4,'Congo, Dem. Republic'),(71,5,'Congo, Dem. Republic'),(72,4,'Congo, Republic'),(72,5,'Congo, Republic'),(73,4,'Costa Rica'),(73,5,'Costa Rica'),(74,4,'Croatia'),(74,5,'Croatia'),(75,4,'Cuba'),(75,5,'Cuba'),(76,4,'Cyprus'),(76,5,'Cyprus'),(77,4,'Djibouti'),(77,5,'Djibouti'),(78,4,'Dominica'),(78,5,'Dominica'),(79,4,'Dominican Republic'),(79,5,'Dominican Republic'),(80,4,'East Timor'),(80,5,'East Timor'),(81,4,'Ecuador'),(81,5,'Ecuador'),(82,4,'Egypt'),(82,5,'Egypt'),(83,4,'El Salvador'),(83,5,'El Salvador'),(84,4,'Equatorial Guinea'),(84,5,'Equatorial Guinea'),(85,4,'Eritrea'),(85,5,'Eritrea'),(86,4,'Estonia'),(86,5,'Estonia'),(87,4,'Ethiopia'),(87,5,'Ethiopia'),(88,4,'Falkland Islands'),(88,5,'Falkland Islands'),(89,4,'Faroe Islands'),(89,5,'Faroe Islands'),(90,4,'Fiji'),(90,5,'Fiji'),(91,4,'Gabon'),(91,5,'Gabon'),(92,4,'Gambia'),(92,5,'Gambia'),(93,4,'Georgia'),(93,5,'Georgia'),(94,4,'Ghana'),(94,5,'Ghana'),(95,4,'Grenada'),(95,5,'Grenada'),(96,4,'Greenland'),(96,5,'Greenland'),(97,4,'Gibraltar'),(97,5,'Gibraltar'),(98,4,'Guadeloupe'),(98,5,'Guadeloupe'),(99,4,'Guam'),(99,5,'Guam'),(100,4,'Guatemala'),(100,5,'Guatemala'),(101,4,'Guernsey'),(101,5,'Guernsey'),(102,4,'Guinea'),(102,5,'Guinea'),(103,4,'Guinea-Bissau'),(103,5,'Guinea-Bissau'),(104,4,'Guyana'),(104,5,'Guyana'),(105,4,'Haiti'),(105,5,'Haiti'),(106,4,'Heard Island and McDonald Islands'),(106,5,'Heard Island and McDonald Islands'),(107,4,'Vatican City State'),(107,5,'Vatican City State'),(108,4,'Honduras'),(108,5,'Honduras'),(109,4,'Iceland'),(109,5,'Iceland'),(110,4,'India'),(110,5,'India'),(111,4,'Indonesia'),(111,5,'Indonesia'),(112,4,'Iran'),(112,5,'Iran'),(113,4,'Iraq'),(113,5,'Iraq'),(114,4,'Man Island'),(114,5,'Man Island'),(115,4,'Jamaica'),(115,5,'Jamaica'),(116,4,'Jersey'),(116,5,'Jersey'),(117,4,'Jordan'),(117,5,'Jordan'),(118,4,'Kazakhstan'),(118,5,'Kazakhstan'),(119,4,'Kenya'),(119,5,'Kenya'),(120,4,'Kiribati'),(120,5,'Kiribati'),(121,4,'Korea, Dem. Republic of'),(121,5,'Korea, Dem. Republic of'),(122,4,'Kuwait'),(122,5,'Kuwait'),(123,4,'Kyrgyzstan'),(123,5,'Kyrgyzstan'),(124,4,'Laos'),(124,5,'Laos'),(125,4,'Latvia'),(125,5,'Latvia'),(126,4,'Lebanon'),(126,5,'Lebanon'),(127,4,'Lesotho'),(127,5,'Lesotho'),(128,4,'Liberia'),(128,5,'Liberia'),(129,4,'Libya'),(129,5,'Libya'),(130,4,'Liechtenstein'),(130,5,'Liechtenstein'),(131,4,'Lithuania'),(131,5,'Lithuania'),(132,4,'Macau'),(132,5,'Macau'),(133,4,'Macedonia'),(133,5,'Macedonia'),(134,4,'Madagascar'),(134,5,'Madagascar'),(135,4,'Malawi'),(135,5,'Malawi'),(136,4,'Malaysia'),(136,5,'Malaysia'),(137,4,'Maldives'),(137,5,'Maldives'),(138,4,'Mali'),(138,5,'Mali'),(139,4,'Malta'),(139,5,'Malta'),(140,4,'Marshall Islands'),(140,5,'Marshall Islands'),(141,4,'Martinique'),(141,5,'Martinique'),(142,4,'Mauritania'),(142,5,'Mauritania'),(143,4,'Hungary'),(143,5,'Hungary'),(144,4,'Mayotte'),(144,5,'Mayotte'),(145,4,'Mexico'),(145,5,'Mexico'),(146,4,'Micronesia'),(146,5,'Micronesia'),(147,4,'Moldova'),(147,5,'Moldova'),(148,4,'Monaco'),(148,5,'Monaco'),(149,4,'Mongolia'),(149,5,'Mongolia'),(150,4,'Montenegro'),(150,5,'Montenegro'),(151,4,'Montserrat'),(151,5,'Montserrat'),(152,4,'Morocco'),(152,5,'Morocco'),(153,4,'Mozambique'),(153,5,'Mozambique'),(154,4,'Namibia'),(154,5,'Namibia'),(155,4,'Nauru'),(155,5,'Nauru'),(156,4,'Nepal'),(156,5,'Nepal'),(157,4,'Netherlands Antilles'),(157,5,'Netherlands Antilles'),(158,4,'New Caledonia'),(158,5,'New Caledonia'),(159,4,'Nicaragua'),(159,5,'Nicaragua'),(160,4,'Niger'),(160,5,'Niger'),(161,4,'Niue'),(161,5,'Niue'),(162,4,'Norfolk Island'),(162,5,'Norfolk Island'),(163,4,'Northern Mariana Islands'),(163,5,'Northern Mariana Islands'),(164,4,'Oman'),(164,5,'Oman'),(165,4,'Pakistan'),(165,5,'Pakistan'),(166,4,'Palau'),(166,5,'Palau'),(167,4,'Palestinian Territories'),(167,5,'Palestinian Territories'),(168,4,'Panama'),(168,5,'Panama'),(169,4,'Papua New Guinea'),(169,5,'Papua New Guinea'),(170,4,'Paraguay'),(170,5,'Paraguay'),(171,4,'Peru'),(171,5,'Peru'),(172,4,'Philippines'),(172,5,'Philippines'),(173,4,'Pitcairn'),(173,5,'Pitcairn'),(174,4,'Puerto Rico'),(174,5,'Puerto Rico'),(175,4,'Qatar'),(175,5,'Qatar'),(176,4,'Reunion Island'),(176,5,'Reunion Island'),(177,4,'Russian Federation'),(177,5,'Russian Federation'),(178,4,'Rwanda'),(178,5,'Rwanda'),(179,4,'Saint Barthelemy'),(179,5,'Saint Barthelemy'),(180,4,'Saint Kitts and Nevis'),(180,5,'Saint Kitts and Nevis'),(181,4,'Saint Lucia'),(181,5,'Saint Lucia'),(182,4,'Saint Martin'),(182,5,'Saint Martin'),(183,4,'Saint Pierre and Miquelon'),(183,5,'Saint Pierre and Miquelon'),(184,4,'Saint Vincent and the Grenadines'),(184,5,'Saint Vincent and the Grenadines'),(185,4,'Samoa'),(185,5,'Samoa'),(186,4,'San Marino'),(186,5,'San Marino'),(187,4,'São Tomé and Príncipe'),(187,5,'São Tomé and Príncipe'),(188,4,'Saudi Arabia'),(188,5,'Saudi Arabia'),(189,4,'Senegal'),(189,5,'Senegal'),(190,4,'Serbia'),(190,5,'Serbia'),(191,4,'Seychelles'),(191,5,'Seychelles'),(192,4,'Sierra Leone'),(192,5,'Sierra Leone'),(193,4,'Slovenia'),(193,5,'Slovenia'),(194,4,'Solomon Islands'),(194,5,'Solomon Islands'),(195,4,'Somalia'),(195,5,'Somalia'),(196,4,'South Georgia and the South Sandwich Islands'),(196,5,'South Georgia and the South Sandwich Islands'),(197,4,'Sri Lanka'),(197,5,'Sri Lanka'),(198,4,'Sudan'),(198,5,'Sudan'),(199,4,'Suriname'),(199,5,'Suriname'),(200,4,'Svalbard and Jan Mayen'),(200,5,'Svalbard and Jan Mayen'),(201,4,'Swaziland'),(201,5,'Swaziland'),(202,4,'Syria'),(202,5,'Syria'),(203,4,'Taiwan'),(203,5,'Taiwan'),(204,4,'Tajikistan'),(204,5,'Tajikistan'),(205,4,'Tanzania'),(205,5,'Tanzania'),(206,4,'Thailand'),(206,5,'Thailand'),(207,4,'Tokelau'),(207,5,'Tokelau'),(208,4,'Tonga'),(208,5,'Tonga'),(209,4,'Trinidad and Tobago'),(209,5,'Trinidad and Tobago'),(210,4,'Tunisia'),(210,5,'Tunisia'),(211,4,'Turkey'),(211,5,'Turkey'),(212,4,'Turkmenistan'),(212,5,'Turkmenistan'),(213,4,'Turks and Caicos Islands'),(213,5,'Turks and Caicos Islands'),(214,4,'Tuvalu'),(214,5,'Tuvalu'),(215,4,'Uganda'),(215,5,'Uganda'),(216,4,'Ukraine'),(216,5,'Ukraine'),(217,4,'United Arab Emirates'),(217,5,'United Arab Emirates'),(218,4,'Uruguay'),(218,5,'Uruguay'),(219,4,'Uzbekistan'),(219,5,'Uzbekistan'),(220,4,'Vanuatu'),(220,5,'Vanuatu'),(221,4,'Venezuela'),(221,5,'Venezuela'),(222,4,'Vietnam'),(222,5,'Vietnam'),(223,4,'Virgin Islands (British)'),(223,5,'Virgin Islands (British)'),(224,4,'Virgin Islands (U.S.)'),(224,5,'Virgin Islands (U.S.)'),(225,4,'Wallis and Futuna'),(225,5,'Wallis and Futuna'),(226,4,'Western Sahara'),(226,5,'Western Sahara'),(227,4,'Yemen'),(227,5,'Yemen'),(228,4,'Zambia'),(228,5,'Zambia'),(229,4,'Zimbabwe'),(229,5,'Zimbabwe'),(230,4,'Albania'),(230,5,'Albania'),(231,4,'Afghanistan'),(231,5,'Afghanistan'),(232,4,'Antarctica'),(232,5,'Antarctica'),(233,4,'Bosnia and Herzegovina'),(233,5,'Bosnia and Herzegovina'),(234,4,'Bouvet Island'),(234,5,'Bouvet Island'),(235,4,'British Indian Ocean Territory'),(235,5,'British Indian Ocean Territory'),(236,4,'Bulgaria'),(236,5,'Bulgaria'),(237,4,'Cayman Islands'),(237,5,'Cayman Islands'),(238,4,'Christmas Island'),(238,5,'Christmas Island'),(239,4,'Cocos (Keeling) Islands'),(239,5,'Cocos (Keeling) Islands'),(240,4,'Cook Islands'),(240,5,'Cook Islands'),(241,4,'French Guiana'),(241,5,'French Guiana'),(242,4,'French Polynesia'),(242,5,'French Polynesia'),(243,4,'French Southern Territories'),(243,5,'French Southern Territories'),(244,4,'Åland Islands'),(244,5,'Åland Islands'),(1,6,'Germany'),(2,6,'Austria'),(3,6,'Belgium'),(4,6,'Canada'),(5,6,'China'),(6,6,'Spain'),(7,6,'Finland'),(8,6,'France'),(9,6,'Greece'),(10,6,'Italy'),(11,6,'Japan'),(12,6,'Luxemburg'),(13,6,'Netherlands'),(14,6,'Poland'),(15,6,'Portugal'),(16,6,'Czech Republic'),(17,6,'United Kingdom'),(18,6,'Sweden'),(19,6,'Switzerland'),(20,6,'Denmark'),(21,6,'USA'),(22,6,'HongKong'),(23,6,'Norway'),(24,6,'Australia'),(25,6,'Singapore'),(26,6,'Ireland'),(27,6,'New Zealand'),(28,6,'South Korea'),(29,6,'Israel'),(30,6,'South Africa'),(31,6,'Nigeria'),(32,6,'Ivory Coast'),(33,6,'Togo'),(34,6,'Bolivia'),(35,6,'Mauritius'),(36,6,'Romania'),(37,6,'Slovakia'),(38,6,'Algeria'),(39,6,'American Samoa'),(40,6,'Andorra'),(41,6,'Angola'),(42,6,'Anguilla'),(43,6,'Antigua and Barbuda'),(44,6,'Argentina'),(45,6,'Armenia'),(46,6,'Aruba'),(47,6,'Azerbaijan'),(48,6,'Bahamas'),(49,6,'Bahrain'),(50,6,'Bangladesh'),(51,6,'Barbados'),(52,6,'Belarus'),(53,6,'Belize'),(54,6,'Benin'),(55,6,'Bermuda'),(56,6,'Bhutan'),(57,6,'Botswana'),(58,6,'Brazil'),(59,6,'Brunei'),(60,6,'Burkina Faso'),(61,6,'Burma (Myanmar)'),(62,6,'Burundi'),(63,6,'Cambodia'),(64,6,'Cameroon'),(65,6,'Cape Verde'),(66,6,'Central African Republic'),(67,6,'Chad'),(68,6,'Chile'),(69,6,'Colombia'),(70,6,'Comoros'),(71,6,'Congo, Dem. Republic'),(72,6,'Congo, Republic'),(73,6,'Costa Rica'),(74,6,'Croatia'),(75,6,'Cuba'),(76,6,'Cyprus'),(77,6,'Djibouti'),(78,6,'Dominica'),(79,6,'Dominican Republic'),(80,6,'East Timor'),(81,6,'Ecuador'),(82,6,'Egypt'),(83,6,'El Salvador'),(84,6,'Equatorial Guinea'),(85,6,'Eritrea'),(86,6,'Estonia'),(87,6,'Ethiopia'),(88,6,'Falkland Islands'),(89,6,'Faroe Islands'),(90,6,'Fiji'),(91,6,'Gabon'),(92,6,'Gambia'),(93,6,'Georgia'),(94,6,'Ghana'),(95,6,'Grenada'),(96,6,'Greenland'),(97,6,'Gibraltar'),(98,6,'Guadeloupe'),(99,6,'Guam'),(100,6,'Guatemala'),(101,6,'Guernsey'),(102,6,'Guinea'),(103,6,'Guinea-Bissau'),(104,6,'Guyana'),(105,6,'Haiti'),(106,6,'Heard Island and McDonald Islands'),(107,6,'Vatican City State'),(108,6,'Honduras'),(109,6,'Iceland'),(110,6,'India'),(111,6,'Indonesia'),(112,6,'Iran'),(113,6,'Iraq'),(114,6,'Man Island'),(115,6,'Jamaica'),(116,6,'Jersey'),(117,6,'Jordan'),(118,6,'Kazakhstan'),(119,6,'Kenya'),(120,6,'Kiribati'),(121,6,'Korea, Dem. Republic of'),(122,6,'Kuwait'),(123,6,'Kyrgyzstan'),(124,6,'Laos'),(125,6,'Latvia'),(126,6,'Lebanon'),(127,6,'Lesotho'),(128,6,'Liberia'),(129,6,'Libya'),(130,6,'Liechtenstein'),(131,6,'Lithuania'),(132,6,'Macau'),(133,6,'Macedonia'),(134,6,'Madagascar'),(135,6,'Malawi'),(136,6,'Malaysia'),(137,6,'Maldives'),(138,6,'Mali'),(139,6,'Malta'),(140,6,'Marshall Islands'),(141,6,'Martinique'),(142,6,'Mauritania'),(143,6,'Hungary'),(144,6,'Mayotte'),(145,6,'Mexico'),(146,6,'Micronesia'),(147,6,'Moldova'),(148,6,'Monaco'),(149,6,'Mongolia'),(150,6,'Montenegro'),(151,6,'Montserrat'),(152,6,'Morocco'),(153,6,'Mozambique'),(154,6,'Namibia'),(155,6,'Nauru'),(156,6,'Nepal'),(157,6,'Netherlands Antilles'),(158,6,'New Caledonia'),(159,6,'Nicaragua'),(160,6,'Niger'),(161,6,'Niue'),(162,6,'Norfolk Island'),(163,6,'Northern Mariana Islands'),(164,6,'Oman'),(165,6,'Pakistan'),(166,6,'Palau'),(167,6,'Palestinian Territories'),(168,6,'Panama'),(169,6,'Papua New Guinea'),(170,6,'Paraguay'),(171,6,'Peru'),(172,6,'Philippines'),(173,6,'Pitcairn'),(174,6,'Puerto Rico'),(175,6,'Qatar'),(176,6,'Reunion Island'),(177,6,'Russian Federation'),(178,6,'Rwanda'),(179,6,'Saint Barthelemy'),(180,6,'Saint Kitts and Nevis'),(181,6,'Saint Lucia'),(182,6,'Saint Martin'),(183,6,'Saint Pierre and Miquelon'),(184,6,'Saint Vincent and the Grenadines'),(185,6,'Samoa'),(186,6,'San Marino'),(187,6,'São Tomé and Príncipe'),(188,6,'Saudi Arabia'),(189,6,'Senegal'),(190,6,'Serbia'),(191,6,'Seychelles'),(192,6,'Sierra Leone'),(193,6,'Slovenia'),(194,6,'Solomon Islands'),(195,6,'Somalia'),(196,6,'South Georgia and the South Sandwich Islands'),(197,6,'Sri Lanka'),(198,6,'Sudan'),(199,6,'Suriname'),(200,6,'Svalbard and Jan Mayen'),(201,6,'Swaziland'),(202,6,'Syria'),(203,6,'Taiwan'),(204,6,'Tajikistan'),(205,6,'Tanzania'),(206,6,'Thailand'),(207,6,'Tokelau'),(208,6,'Tonga'),(209,6,'Trinidad and Tobago'),(210,6,'Tunisia'),(211,6,'Turkey'),(212,6,'Turkmenistan'),(213,6,'Turks and Caicos Islands'),(214,6,'Tuvalu'),(215,6,'Uganda'),(216,6,'Ukraine'),(217,6,'United Arab Emirates'),(218,6,'Uruguay'),(219,6,'Uzbekistan'),(220,6,'Vanuatu'),(221,6,'Venezuela'),(222,6,'Vietnam'),(223,6,'Virgin Islands (British)'),(224,6,'Virgin Islands (U.S.)'),(225,6,'Wallis and Futuna'),(226,6,'Western Sahara'),(227,6,'Yemen'),(228,6,'Zambia'),(229,6,'Zimbabwe'),(230,6,'Albania'),(231,6,'Afghanistan'),(232,6,'Antarctica'),(233,6,'Bosnia and Herzegovina'),(234,6,'Bouvet Island'),(235,6,'British Indian Ocean Territory'),(236,6,'Bulgaria'),(237,6,'Cayman Islands'),(238,6,'Christmas Island'),(239,6,'Cocos (Keeling) Islands'),(240,6,'Cook Islands'),(241,6,'French Guiana'),(242,6,'French Polynesia'),(243,6,'French Southern Territories'),(244,6,'Åland Islands'),(1,7,'Germany'),(2,7,'Austria'),(3,7,'Belgium'),(4,7,'Canada'),(5,7,'China'),(6,7,'Spain'),(7,7,'Finland'),(8,7,'France'),(9,7,'Greece'),(10,7,'Italy'),(11,7,'Japan'),(12,7,'Luxemburg'),(13,7,'Netherlands'),(14,7,'Poland'),(15,7,'Portugal'),(16,7,'Czech Republic'),(17,7,'United Kingdom'),(18,7,'Sweden'),(19,7,'Switzerland'),(20,7,'Denmark'),(21,7,'USA'),(22,7,'HongKong'),(23,7,'Norway'),(24,7,'Australia'),(25,7,'Singapore'),(26,7,'Ireland'),(27,7,'New Zealand'),(28,7,'South Korea'),(29,7,'Israel'),(30,7,'South Africa'),(31,7,'Nigeria'),(32,7,'Ivory Coast'),(33,7,'Togo'),(34,7,'Bolivia'),(35,7,'Mauritius'),(36,7,'Romania'),(37,7,'Slovakia'),(38,7,'Algeria'),(39,7,'American Samoa'),(40,7,'Andorra'),(41,7,'Angola'),(42,7,'Anguilla'),(43,7,'Antigua and Barbuda'),(44,7,'Argentina'),(45,7,'Armenia'),(46,7,'Aruba'),(47,7,'Azerbaijan'),(48,7,'Bahamas'),(49,7,'Bahrain'),(50,7,'Bangladesh'),(51,7,'Barbados'),(52,7,'Belarus'),(53,7,'Belize'),(54,7,'Benin'),(55,7,'Bermuda'),(56,7,'Bhutan'),(57,7,'Botswana'),(58,7,'Brazil'),(59,7,'Brunei'),(60,7,'Burkina Faso'),(61,7,'Burma (Myanmar)'),(62,7,'Burundi'),(63,7,'Cambodia'),(64,7,'Cameroon'),(65,7,'Cape Verde'),(66,7,'Central African Republic'),(67,7,'Chad'),(68,7,'Chile'),(69,7,'Colombia'),(70,7,'Comoros'),(71,7,'Congo, Dem. Republic'),(72,7,'Congo, Republic'),(73,7,'Costa Rica'),(74,7,'Croatia'),(75,7,'Cuba'),(76,7,'Cyprus'),(77,7,'Djibouti'),(78,7,'Dominica'),(79,7,'Dominican Republic'),(80,7,'East Timor'),(81,7,'Ecuador'),(82,7,'Egypt'),(83,7,'El Salvador'),(84,7,'Equatorial Guinea'),(85,7,'Eritrea'),(86,7,'Estonia'),(87,7,'Ethiopia'),(88,7,'Falkland Islands'),(89,7,'Faroe Islands'),(90,7,'Fiji'),(91,7,'Gabon'),(92,7,'Gambia'),(93,7,'Georgia'),(94,7,'Ghana'),(95,7,'Grenada'),(96,7,'Greenland'),(97,7,'Gibraltar'),(98,7,'Guadeloupe'),(99,7,'Guam'),(100,7,'Guatemala'),(101,7,'Guernsey'),(102,7,'Guinea'),(103,7,'Guinea-Bissau'),(104,7,'Guyana'),(105,7,'Haiti'),(106,7,'Heard Island and McDonald Islands'),(107,7,'Vatican City State'),(108,7,'Honduras'),(109,7,'Iceland'),(110,7,'India'),(111,7,'Indonesia'),(112,7,'Iran'),(113,7,'Iraq'),(114,7,'Man Island'),(115,7,'Jamaica'),(116,7,'Jersey'),(117,7,'Jordan'),(118,7,'Kazakhstan'),(119,7,'Kenya'),(120,7,'Kiribati'),(121,7,'Korea, Dem. Republic of'),(122,7,'Kuwait'),(123,7,'Kyrgyzstan'),(124,7,'Laos'),(125,7,'Latvia'),(126,7,'Lebanon'),(127,7,'Lesotho'),(128,7,'Liberia'),(129,7,'Libya'),(130,7,'Liechtenstein'),(131,7,'Lithuania'),(132,7,'Macau'),(133,7,'Macedonia'),(134,7,'Madagascar'),(135,7,'Malawi'),(136,7,'Malaysia'),(137,7,'Maldives'),(138,7,'Mali'),(139,7,'Malta'),(140,7,'Marshall Islands'),(141,7,'Martinique'),(142,7,'Mauritania'),(143,7,'Hungary'),(144,7,'Mayotte'),(145,7,'Mexico'),(146,7,'Micronesia'),(147,7,'Moldova'),(148,7,'Monaco'),(149,7,'Mongolia'),(150,7,'Montenegro'),(151,7,'Montserrat'),(152,7,'Morocco'),(153,7,'Mozambique'),(154,7,'Namibia'),(155,7,'Nauru'),(156,7,'Nepal'),(157,7,'Netherlands Antilles'),(158,7,'New Caledonia'),(159,7,'Nicaragua'),(160,7,'Niger'),(161,7,'Niue'),(162,7,'Norfolk Island'),(163,7,'Northern Mariana Islands'),(164,7,'Oman'),(165,7,'Pakistan'),(166,7,'Palau'),(167,7,'Palestinian Territories'),(168,7,'Panama'),(169,7,'Papua New Guinea'),(170,7,'Paraguay'),(171,7,'Peru'),(172,7,'Philippines'),(173,7,'Pitcairn'),(174,7,'Puerto Rico'),(175,7,'Qatar'),(176,7,'Reunion Island'),(177,7,'Russian Federation'),(178,7,'Rwanda'),(179,7,'Saint Barthelemy'),(180,7,'Saint Kitts and Nevis'),(181,7,'Saint Lucia'),(182,7,'Saint Martin'),(183,7,'Saint Pierre and Miquelon'),(184,7,'Saint Vincent and the Grenadines'),(185,7,'Samoa'),(186,7,'San Marino'),(187,7,'São Tomé and Príncipe'),(188,7,'Saudi Arabia'),(189,7,'Senegal'),(190,7,'Serbia'),(191,7,'Seychelles'),(192,7,'Sierra Leone'),(193,7,'Slovenia'),(194,7,'Solomon Islands'),(195,7,'Somalia'),(196,7,'South Georgia and the South Sandwich Islands'),(197,7,'Sri Lanka'),(198,7,'Sudan'),(199,7,'Suriname'),(200,7,'Svalbard and Jan Mayen'),(201,7,'Swaziland'),(202,7,'Syria'),(203,7,'Taiwan'),(204,7,'Tajikistan'),(205,7,'Tanzania'),(206,7,'Thailand'),(207,7,'Tokelau'),(208,7,'Tonga'),(209,7,'Trinidad and Tobago'),(210,7,'Tunisia'),(211,7,'Turkey'),(212,7,'Turkmenistan'),(213,7,'Turks and Caicos Islands'),(214,7,'Tuvalu'),(215,7,'Uganda'),(216,7,'Ukraine'),(217,7,'United Arab Emirates'),(218,7,'Uruguay'),(219,7,'Uzbekistan'),(220,7,'Vanuatu'),(221,7,'Venezuela'),(222,7,'Vietnam'),(223,7,'Virgin Islands (British)'),(224,7,'Virgin Islands (U.S.)'),(225,7,'Wallis and Futuna'),(226,7,'Western Sahara'),(227,7,'Yemen'),(228,7,'Zambia'),(229,7,'Zimbabwe'),(230,7,'Albania'),(231,7,'Afghanistan'),(232,7,'Antarctica'),(233,7,'Bosnia and Herzegovina'),(234,7,'Bouvet Island'),(235,7,'British Indian Ocean Territory'),(236,7,'Bulgaria'),(237,7,'Cayman Islands'),(238,7,'Christmas Island'),(239,7,'Cocos (Keeling) Islands'),(240,7,'Cook Islands'),(241,7,'French Guiana'),(242,7,'French Polynesia'),(243,7,'French Southern Territories'),(244,7,'Åland Islands'),(1,8,'Germany'),(2,8,'Austria'),(3,8,'Belgium'),(4,8,'Canada'),(5,8,'China'),(6,8,'Spain'),(7,8,'Finland'),(8,8,'France'),(9,8,'Greece'),(10,8,'Italy'),(11,8,'Japan'),(12,8,'Luxemburg'),(13,8,'Netherlands'),(14,8,'Poland'),(15,8,'Portugal'),(16,8,'Czech Republic'),(17,8,'United Kingdom'),(18,8,'Sweden'),(19,8,'Switzerland'),(20,8,'Denmark'),(21,8,'USA'),(22,8,'HongKong'),(23,8,'Norway'),(24,8,'Australia'),(25,8,'Singapore'),(26,8,'Ireland'),(27,8,'New Zealand'),(28,8,'South Korea'),(29,8,'Israel'),(30,8,'South Africa'),(31,8,'Nigeria'),(32,8,'Ivory Coast'),(33,8,'Togo'),(34,8,'Bolivia'),(35,8,'Mauritius'),(36,8,'Romania'),(37,8,'Slovakia'),(38,8,'Algeria'),(39,8,'American Samoa'),(40,8,'Andorra'),(41,8,'Angola'),(42,8,'Anguilla'),(43,8,'Antigua and Barbuda'),(44,8,'Argentina'),(45,8,'Armenia'),(46,8,'Aruba'),(47,8,'Azerbaijan'),(48,8,'Bahamas'),(49,8,'Bahrain'),(50,8,'Bangladesh'),(51,8,'Barbados'),(52,8,'Belarus'),(53,8,'Belize'),(54,8,'Benin'),(55,8,'Bermuda'),(56,8,'Bhutan'),(57,8,'Botswana'),(58,8,'Brazil'),(59,8,'Brunei'),(60,8,'Burkina Faso'),(61,8,'Burma (Myanmar)'),(62,8,'Burundi'),(63,8,'Cambodia'),(64,8,'Cameroon'),(65,8,'Cape Verde'),(66,8,'Central African Republic'),(67,8,'Chad'),(68,8,'Chile'),(69,8,'Colombia'),(70,8,'Comoros'),(71,8,'Congo, Dem. Republic'),(72,8,'Congo, Republic'),(73,8,'Costa Rica'),(74,8,'Croatia'),(75,8,'Cuba'),(76,8,'Cyprus'),(77,8,'Djibouti'),(78,8,'Dominica'),(79,8,'Dominican Republic'),(80,8,'East Timor'),(81,8,'Ecuador'),(82,8,'Egypt'),(83,8,'El Salvador'),(84,8,'Equatorial Guinea'),(85,8,'Eritrea'),(86,8,'Estonia'),(87,8,'Ethiopia'),(88,8,'Falkland Islands'),(89,8,'Faroe Islands'),(90,8,'Fiji'),(91,8,'Gabon'),(92,8,'Gambia'),(93,8,'Georgia'),(94,8,'Ghana'),(95,8,'Grenada'),(96,8,'Greenland'),(97,8,'Gibraltar'),(98,8,'Guadeloupe'),(99,8,'Guam'),(100,8,'Guatemala'),(101,8,'Guernsey'),(102,8,'Guinea'),(103,8,'Guinea-Bissau'),(104,8,'Guyana'),(105,8,'Haiti'),(106,8,'Heard Island and McDonald Islands'),(107,8,'Vatican City State'),(108,8,'Honduras'),(109,8,'Iceland'),(110,8,'India'),(111,8,'Indonesia'),(112,8,'Iran'),(113,8,'Iraq'),(114,8,'Man Island'),(115,8,'Jamaica'),(116,8,'Jersey'),(117,8,'Jordan'),(118,8,'Kazakhstan'),(119,8,'Kenya'),(120,8,'Kiribati'),(121,8,'Korea, Dem. Republic of'),(122,8,'Kuwait'),(123,8,'Kyrgyzstan'),(124,8,'Laos'),(125,8,'Latvia'),(126,8,'Lebanon'),(127,8,'Lesotho'),(128,8,'Liberia'),(129,8,'Libya'),(130,8,'Liechtenstein'),(131,8,'Lithuania'),(132,8,'Macau'),(133,8,'Macedonia'),(134,8,'Madagascar'),(135,8,'Malawi'),(136,8,'Malaysia'),(137,8,'Maldives'),(138,8,'Mali'),(139,8,'Malta'),(140,8,'Marshall Islands'),(141,8,'Martinique'),(142,8,'Mauritania'),(143,8,'Hungary'),(144,8,'Mayotte'),(145,8,'Mexico'),(146,8,'Micronesia'),(147,8,'Moldova'),(148,8,'Monaco'),(149,8,'Mongolia'),(150,8,'Montenegro'),(151,8,'Montserrat'),(152,8,'Morocco'),(153,8,'Mozambique'),(154,8,'Namibia'),(155,8,'Nauru'),(156,8,'Nepal'),(157,8,'Netherlands Antilles'),(158,8,'New Caledonia'),(159,8,'Nicaragua'),(160,8,'Niger'),(161,8,'Niue'),(162,8,'Norfolk Island'),(163,8,'Northern Mariana Islands'),(164,8,'Oman'),(165,8,'Pakistan'),(166,8,'Palau'),(167,8,'Palestinian Territories'),(168,8,'Panama'),(169,8,'Papua New Guinea'),(170,8,'Paraguay'),(171,8,'Peru'),(172,8,'Philippines'),(173,8,'Pitcairn'),(174,8,'Puerto Rico'),(175,8,'Qatar'),(176,8,'Reunion Island'),(177,8,'Russian Federation'),(178,8,'Rwanda'),(179,8,'Saint Barthelemy'),(180,8,'Saint Kitts and Nevis'),(181,8,'Saint Lucia'),(182,8,'Saint Martin'),(183,8,'Saint Pierre and Miquelon'),(184,8,'Saint Vincent and the Grenadines'),(185,8,'Samoa'),(186,8,'San Marino'),(187,8,'São Tomé and Príncipe'),(188,8,'Saudi Arabia'),(189,8,'Senegal'),(190,8,'Serbia'),(191,8,'Seychelles'),(192,8,'Sierra Leone'),(193,8,'Slovenia'),(194,8,'Solomon Islands'),(195,8,'Somalia'),(196,8,'South Georgia and the South Sandwich Islands'),(197,8,'Sri Lanka'),(198,8,'Sudan'),(199,8,'Suriname'),(200,8,'Svalbard and Jan Mayen'),(201,8,'Swaziland'),(202,8,'Syria'),(203,8,'Taiwan'),(204,8,'Tajikistan'),(205,8,'Tanzania'),(206,8,'Thailand'),(207,8,'Tokelau'),(208,8,'Tonga'),(209,8,'Trinidad and Tobago'),(210,8,'Tunisia'),(211,8,'Turkey'),(212,8,'Turkmenistan'),(213,8,'Turks and Caicos Islands'),(214,8,'Tuvalu'),(215,8,'Uganda'),(216,8,'Ukraine'),(217,8,'United Arab Emirates'),(218,8,'Uruguay'),(219,8,'Uzbekistan'),(220,8,'Vanuatu'),(221,8,'Venezuela'),(222,8,'Vietnam'),(223,8,'Virgin Islands (British)'),(224,8,'Virgin Islands (U.S.)'),(225,8,'Wallis and Futuna'),(226,8,'Western Sahara'),(227,8,'Yemen'),(228,8,'Zambia'),(229,8,'Zimbabwe'),(230,8,'Albania'),(231,8,'Afghanistan'),(232,8,'Antarctica'),(233,8,'Bosnia and Herzegovina'),(234,8,'Bouvet Island'),(235,8,'British Indian Ocean Territory'),(236,8,'Bulgaria'),(237,8,'Cayman Islands'),(238,8,'Christmas Island'),(239,8,'Cocos (Keeling) Islands'),(240,8,'Cook Islands'),(241,8,'French Guiana'),(242,8,'French Polynesia'),(243,8,'French Southern Territories'),(244,8,'Åland Islands'),(1,9,'Germany'),(2,9,'Austria'),(3,9,'Belgium'),(4,9,'Canada'),(5,9,'China'),(6,9,'Spain'),(7,9,'Finland'),(8,9,'France'),(9,9,'Greece'),(10,9,'Italy'),(11,9,'Japan'),(12,9,'Luxemburg'),(13,9,'Netherlands'),(14,9,'Poland'),(15,9,'Portugal'),(16,9,'Czech Republic'),(17,9,'United Kingdom'),(18,9,'Sweden'),(19,9,'Switzerland'),(20,9,'Denmark'),(21,9,'USA'),(22,9,'HongKong'),(23,9,'Norway'),(24,9,'Australia'),(25,9,'Singapore'),(26,9,'Ireland'),(27,9,'New Zealand'),(28,9,'South Korea'),(29,9,'Israel'),(30,9,'South Africa'),(31,9,'Nigeria'),(32,9,'Ivory Coast'),(33,9,'Togo'),(34,9,'Bolivia'),(35,9,'Mauritius'),(36,9,'Romania'),(37,9,'Slovakia'),(38,9,'Algeria'),(39,9,'American Samoa'),(40,9,'Andorra'),(41,9,'Angola'),(42,9,'Anguilla'),(43,9,'Antigua and Barbuda'),(44,9,'Argentina'),(45,9,'Armenia'),(46,9,'Aruba'),(47,9,'Azerbaijan'),(48,9,'Bahamas'),(49,9,'Bahrain'),(50,9,'Bangladesh'),(51,9,'Barbados'),(52,9,'Belarus'),(53,9,'Belize'),(54,9,'Benin'),(55,9,'Bermuda'),(56,9,'Bhutan'),(57,9,'Botswana'),(58,9,'Brazil'),(59,9,'Brunei'),(60,9,'Burkina Faso'),(61,9,'Burma (Myanmar)'),(62,9,'Burundi'),(63,9,'Cambodia'),(64,9,'Cameroon'),(65,9,'Cape Verde'),(66,9,'Central African Republic'),(67,9,'Chad'),(68,9,'Chile'),(69,9,'Colombia'),(70,9,'Comoros'),(71,9,'Congo, Dem. Republic'),(72,9,'Congo, Republic'),(73,9,'Costa Rica'),(74,9,'Croatia'),(75,9,'Cuba'),(76,9,'Cyprus'),(77,9,'Djibouti'),(78,9,'Dominica'),(79,9,'Dominican Republic'),(80,9,'East Timor'),(81,9,'Ecuador'),(82,9,'Egypt'),(83,9,'El Salvador'),(84,9,'Equatorial Guinea'),(85,9,'Eritrea'),(86,9,'Estonia'),(87,9,'Ethiopia'),(88,9,'Falkland Islands'),(89,9,'Faroe Islands'),(90,9,'Fiji'),(91,9,'Gabon'),(92,9,'Gambia'),(93,9,'Georgia'),(94,9,'Ghana'),(95,9,'Grenada'),(96,9,'Greenland'),(97,9,'Gibraltar'),(98,9,'Guadeloupe'),(99,9,'Guam'),(100,9,'Guatemala'),(101,9,'Guernsey'),(102,9,'Guinea'),(103,9,'Guinea-Bissau'),(104,9,'Guyana'),(105,9,'Haiti'),(106,9,'Heard Island and McDonald Islands'),(107,9,'Vatican City State'),(108,9,'Honduras'),(109,9,'Iceland'),(110,9,'India'),(111,9,'Indonesia'),(112,9,'Iran'),(113,9,'Iraq'),(114,9,'Man Island'),(115,9,'Jamaica'),(116,9,'Jersey'),(117,9,'Jordan'),(118,9,'Kazakhstan'),(119,9,'Kenya'),(120,9,'Kiribati'),(121,9,'Korea, Dem. Republic of'),(122,9,'Kuwait'),(123,9,'Kyrgyzstan'),(124,9,'Laos'),(125,9,'Latvia'),(126,9,'Lebanon'),(127,9,'Lesotho'),(128,9,'Liberia'),(129,9,'Libya'),(130,9,'Liechtenstein'),(131,9,'Lithuania'),(132,9,'Macau'),(133,9,'Macedonia'),(134,9,'Madagascar'),(135,9,'Malawi'),(136,9,'Malaysia'),(137,9,'Maldives'),(138,9,'Mali'),(139,9,'Malta'),(140,9,'Marshall Islands'),(141,9,'Martinique'),(142,9,'Mauritania'),(143,9,'Hungary'),(144,9,'Mayotte'),(145,9,'Mexico'),(146,9,'Micronesia'),(147,9,'Moldova'),(148,9,'Monaco'),(149,9,'Mongolia'),(150,9,'Montenegro'),(151,9,'Montserrat'),(152,9,'Morocco'),(153,9,'Mozambique'),(154,9,'Namibia'),(155,9,'Nauru'),(156,9,'Nepal'),(157,9,'Netherlands Antilles'),(158,9,'New Caledonia'),(159,9,'Nicaragua'),(160,9,'Niger'),(161,9,'Niue'),(162,9,'Norfolk Island'),(163,9,'Northern Mariana Islands'),(164,9,'Oman'),(165,9,'Pakistan'),(166,9,'Palau'),(167,9,'Palestinian Territories'),(168,9,'Panama'),(169,9,'Papua New Guinea'),(170,9,'Paraguay'),(171,9,'Peru'),(172,9,'Philippines'),(173,9,'Pitcairn'),(174,9,'Puerto Rico'),(175,9,'Qatar'),(176,9,'Reunion Island'),(177,9,'Russian Federation'),(178,9,'Rwanda'),(179,9,'Saint Barthelemy'),(180,9,'Saint Kitts and Nevis'),(181,9,'Saint Lucia'),(182,9,'Saint Martin'),(183,9,'Saint Pierre and Miquelon'),(184,9,'Saint Vincent and the Grenadines'),(185,9,'Samoa'),(186,9,'San Marino'),(187,9,'São Tomé and Príncipe'),(188,9,'Saudi Arabia'),(189,9,'Senegal'),(190,9,'Serbia'),(191,9,'Seychelles'),(192,9,'Sierra Leone'),(193,9,'Slovenia'),(194,9,'Solomon Islands'),(195,9,'Somalia'),(196,9,'South Georgia and the South Sandwich Islands'),(197,9,'Sri Lanka'),(198,9,'Sudan'),(199,9,'Suriname'),(200,9,'Svalbard and Jan Mayen'),(201,9,'Swaziland'),(202,9,'Syria'),(203,9,'Taiwan'),(204,9,'Tajikistan'),(205,9,'Tanzania'),(206,9,'Thailand'),(207,9,'Tokelau'),(208,9,'Tonga'),(209,9,'Trinidad and Tobago'),(210,9,'Tunisia'),(211,9,'Turkey'),(212,9,'Turkmenistan'),(213,9,'Turks and Caicos Islands'),(214,9,'Tuvalu'),(215,9,'Uganda'),(216,9,'Ukraine'),(217,9,'United Arab Emirates'),(218,9,'Uruguay'),(219,9,'Uzbekistan'),(220,9,'Vanuatu'),(221,9,'Venezuela'),(222,9,'Vietnam'),(223,9,'Virgin Islands (British)'),(224,9,'Virgin Islands (U.S.)'),(225,9,'Wallis and Futuna'),(226,9,'Western Sahara'),(227,9,'Yemen'),(228,9,'Zambia'),(229,9,'Zimbabwe'),(230,9,'Albania'),(231,9,'Afghanistan'),(232,9,'Antarctica'),(233,9,'Bosnia and Herzegovina'),(234,9,'Bouvet Island'),(235,9,'British Indian Ocean Territory'),(236,9,'Bulgaria'),(237,9,'Cayman Islands'),(238,9,'Christmas Island'),(239,9,'Cocos (Keeling) Islands'),(240,9,'Cook Islands'),(241,9,'French Guiana'),(242,9,'French Polynesia'),(243,9,'French Southern Territories'),(244,9,'Åland Islands'),(1,10,'Germany'),(2,10,'Austria'),(3,10,'Belgium'),(4,10,'Canada'),(5,10,'China'),(6,10,'Spain'),(7,10,'Finland'),(8,10,'France'),(9,10,'Greece'),(10,10,'Italy'),(11,10,'Japan'),(12,10,'Luxemburg'),(13,10,'Netherlands'),(14,10,'Poland'),(15,10,'Portugal'),(16,10,'Czech Republic'),(17,10,'United Kingdom'),(18,10,'Sweden'),(19,10,'Switzerland'),(20,10,'Denmark'),(21,10,'USA'),(22,10,'HongKong'),(23,10,'Norway'),(24,10,'Australia'),(25,10,'Singapore'),(26,10,'Ireland'),(27,10,'New Zealand'),(28,10,'South Korea'),(29,10,'Israel'),(30,10,'South Africa'),(31,10,'Nigeria'),(32,10,'Ivory Coast'),(33,10,'Togo'),(34,10,'Bolivia'),(35,10,'Mauritius'),(36,10,'Romania'),(37,10,'Slovakia'),(38,10,'Algeria'),(39,10,'American Samoa'),(40,10,'Andorra'),(41,10,'Angola'),(42,10,'Anguilla'),(43,10,'Antigua and Barbuda'),(44,10,'Argentina'),(45,10,'Armenia'),(46,10,'Aruba'),(47,10,'Azerbaijan'),(48,10,'Bahamas'),(49,10,'Bahrain'),(50,10,'Bangladesh'),(51,10,'Barbados'),(52,10,'Belarus'),(53,10,'Belize'),(54,10,'Benin'),(55,10,'Bermuda'),(56,10,'Bhutan'),(57,10,'Botswana'),(58,10,'Brazil'),(59,10,'Brunei'),(60,10,'Burkina Faso'),(61,10,'Burma (Myanmar)'),(62,10,'Burundi'),(63,10,'Cambodia'),(64,10,'Cameroon'),(65,10,'Cape Verde'),(66,10,'Central African Republic'),(67,10,'Chad'),(68,10,'Chile'),(69,10,'Colombia'),(70,10,'Comoros'),(71,10,'Congo, Dem. Republic'),(72,10,'Congo, Republic'),(73,10,'Costa Rica'),(74,10,'Croatia'),(75,10,'Cuba'),(76,10,'Cyprus'),(77,10,'Djibouti'),(78,10,'Dominica'),(79,10,'Dominican Republic'),(80,10,'East Timor'),(81,10,'Ecuador'),(82,10,'Egypt'),(83,10,'El Salvador'),(84,10,'Equatorial Guinea'),(85,10,'Eritrea'),(86,10,'Estonia'),(87,10,'Ethiopia'),(88,10,'Falkland Islands'),(89,10,'Faroe Islands'),(90,10,'Fiji'),(91,10,'Gabon'),(92,10,'Gambia'),(93,10,'Georgia'),(94,10,'Ghana'),(95,10,'Grenada'),(96,10,'Greenland'),(97,10,'Gibraltar'),(98,10,'Guadeloupe'),(99,10,'Guam'),(100,10,'Guatemala'),(101,10,'Guernsey'),(102,10,'Guinea'),(103,10,'Guinea-Bissau'),(104,10,'Guyana'),(105,10,'Haiti'),(106,10,'Heard Island and McDonald Islands'),(107,10,'Vatican City State'),(108,10,'Honduras'),(109,10,'Iceland'),(110,10,'India'),(111,10,'Indonesia'),(112,10,'Iran'),(113,10,'Iraq'),(114,10,'Man Island'),(115,10,'Jamaica'),(116,10,'Jersey'),(117,10,'Jordan'),(118,10,'Kazakhstan'),(119,10,'Kenya'),(120,10,'Kiribati'),(121,10,'Korea, Dem. Republic of'),(122,10,'Kuwait'),(123,10,'Kyrgyzstan'),(124,10,'Laos'),(125,10,'Latvia'),(126,10,'Lebanon'),(127,10,'Lesotho'),(128,10,'Liberia'),(129,10,'Libya'),(130,10,'Liechtenstein'),(131,10,'Lithuania'),(132,10,'Macau'),(133,10,'Macedonia'),(134,10,'Madagascar'),(135,10,'Malawi'),(136,10,'Malaysia'),(137,10,'Maldives'),(138,10,'Mali'),(139,10,'Malta'),(140,10,'Marshall Islands'),(141,10,'Martinique'),(142,10,'Mauritania'),(143,10,'Hungary'),(144,10,'Mayotte'),(145,10,'Mexico'),(146,10,'Micronesia'),(147,10,'Moldova'),(148,10,'Monaco'),(149,10,'Mongolia'),(150,10,'Montenegro'),(151,10,'Montserrat'),(152,10,'Morocco'),(153,10,'Mozambique'),(154,10,'Namibia'),(155,10,'Nauru'),(156,10,'Nepal'),(157,10,'Netherlands Antilles'),(158,10,'New Caledonia'),(159,10,'Nicaragua'),(160,10,'Niger'),(161,10,'Niue'),(162,10,'Norfolk Island'),(163,10,'Northern Mariana Islands'),(164,10,'Oman'),(165,10,'Pakistan'),(166,10,'Palau'),(167,10,'Palestinian Territories'),(168,10,'Panama'),(169,10,'Papua New Guinea'),(170,10,'Paraguay'),(171,10,'Peru'),(172,10,'Philippines'),(173,10,'Pitcairn'),(174,10,'Puerto Rico'),(175,10,'Qatar'),(176,10,'Reunion Island'),(177,10,'Russian Federation'),(178,10,'Rwanda'),(179,10,'Saint Barthelemy'),(180,10,'Saint Kitts and Nevis'),(181,10,'Saint Lucia'),(182,10,'Saint Martin'),(183,10,'Saint Pierre and Miquelon'),(184,10,'Saint Vincent and the Grenadines'),(185,10,'Samoa'),(186,10,'San Marino'),(187,10,'São Tomé and Príncipe'),(188,10,'Saudi Arabia'),(189,10,'Senegal'),(190,10,'Serbia'),(191,10,'Seychelles'),(192,10,'Sierra Leone'),(193,10,'Slovenia'),(194,10,'Solomon Islands'),(195,10,'Somalia'),(196,10,'South Georgia and the South Sandwich Islands'),(197,10,'Sri Lanka'),(198,10,'Sudan'),(199,10,'Suriname'),(200,10,'Svalbard and Jan Mayen'),(201,10,'Swaziland'),(202,10,'Syria'),(203,10,'Taiwan'),(204,10,'Tajikistan'),(205,10,'Tanzania'),(206,10,'Thailand'),(207,10,'Tokelau'),(208,10,'Tonga'),(209,10,'Trinidad and Tobago'),(210,10,'Tunisia'),(211,10,'Turkey'),(212,10,'Turkmenistan'),(213,10,'Turks and Caicos Islands'),(214,10,'Tuvalu'),(215,10,'Uganda'),(216,10,'Ukraine'),(217,10,'United Arab Emirates'),(218,10,'Uruguay'),(219,10,'Uzbekistan'),(220,10,'Vanuatu'),(221,10,'Venezuela'),(222,10,'Vietnam'),(223,10,'Virgin Islands (British)'),(224,10,'Virgin Islands (U.S.)'),(225,10,'Wallis and Futuna'),(226,10,'Western Sahara'),(227,10,'Yemen'),(228,10,'Zambia'),(229,10,'Zimbabwe'),(230,10,'Albania'),(231,10,'Afghanistan'),(232,10,'Antarctica'),(233,10,'Bosnia and Herzegovina'),(234,10,'Bouvet Island'),(235,10,'British Indian Ocean Territory'),(236,10,'Bulgaria'),(237,10,'Cayman Islands'),(238,10,'Christmas Island'),(239,10,'Cocos (Keeling) Islands'),(240,10,'Cook Islands'),(241,10,'French Guiana'),(242,10,'French Polynesia'),(243,10,'French Southern Territories'),(244,10,'Åland Islands'),(1,11,'Germany'),(2,11,'Austria'),(3,11,'Belgium'),(4,11,'Canada'),(5,11,'China'),(6,11,'Spain'),(7,11,'Finland'),(8,11,'France'),(9,11,'Greece'),(10,11,'Italy'),(11,11,'Japan'),(12,11,'Luxemburg'),(13,11,'Netherlands'),(14,11,'Poland'),(15,11,'Portugal'),(16,11,'Czech Republic'),(17,11,'United Kingdom'),(18,11,'Sweden'),(19,11,'Switzerland'),(20,11,'Denmark'),(21,11,'USA'),(22,11,'HongKong'),(23,11,'Norway'),(24,11,'Australia'),(25,11,'Singapore'),(26,11,'Ireland'),(27,11,'New Zealand'),(28,11,'South Korea'),(29,11,'Israel'),(30,11,'South Africa'),(31,11,'Nigeria'),(32,11,'Ivory Coast'),(33,11,'Togo'),(34,11,'Bolivia'),(35,11,'Mauritius'),(36,11,'Romania'),(37,11,'Slovakia'),(38,11,'Algeria'),(39,11,'American Samoa'),(40,11,'Andorra'),(41,11,'Angola'),(42,11,'Anguilla'),(43,11,'Antigua and Barbuda'),(44,11,'Argentina'),(45,11,'Armenia'),(46,11,'Aruba'),(47,11,'Azerbaijan'),(48,11,'Bahamas'),(49,11,'Bahrain'),(50,11,'Bangladesh'),(51,11,'Barbados'),(52,11,'Belarus'),(53,11,'Belize'),(54,11,'Benin'),(55,11,'Bermuda'),(56,11,'Bhutan'),(57,11,'Botswana'),(58,11,'Brazil'),(59,11,'Brunei'),(60,11,'Burkina Faso'),(61,11,'Burma (Myanmar)'),(62,11,'Burundi'),(63,11,'Cambodia'),(64,11,'Cameroon'),(65,11,'Cape Verde'),(66,11,'Central African Republic'),(67,11,'Chad'),(68,11,'Chile'),(69,11,'Colombia'),(70,11,'Comoros'),(71,11,'Congo, Dem. Republic'),(72,11,'Congo, Republic'),(73,11,'Costa Rica'),(74,11,'Croatia'),(75,11,'Cuba'),(76,11,'Cyprus'),(77,11,'Djibouti'),(78,11,'Dominica'),(79,11,'Dominican Republic'),(80,11,'East Timor'),(81,11,'Ecuador'),(82,11,'Egypt'),(83,11,'El Salvador'),(84,11,'Equatorial Guinea'),(85,11,'Eritrea'),(86,11,'Estonia'),(87,11,'Ethiopia'),(88,11,'Falkland Islands'),(89,11,'Faroe Islands'),(90,11,'Fiji'),(91,11,'Gabon'),(92,11,'Gambia'),(93,11,'Georgia'),(94,11,'Ghana'),(95,11,'Grenada'),(96,11,'Greenland'),(97,11,'Gibraltar'),(98,11,'Guadeloupe'),(99,11,'Guam'),(100,11,'Guatemala'),(101,11,'Guernsey'),(102,11,'Guinea'),(103,11,'Guinea-Bissau'),(104,11,'Guyana'),(105,11,'Haiti'),(106,11,'Heard Island and McDonald Islands'),(107,11,'Vatican City State'),(108,11,'Honduras'),(109,11,'Iceland'),(110,11,'India'),(111,11,'Indonesia'),(112,11,'Iran'),(113,11,'Iraq'),(114,11,'Man Island'),(115,11,'Jamaica'),(116,11,'Jersey'),(117,11,'Jordan'),(118,11,'Kazakhstan'),(119,11,'Kenya'),(120,11,'Kiribati'),(121,11,'Korea, Dem. Republic of'),(122,11,'Kuwait'),(123,11,'Kyrgyzstan'),(124,11,'Laos'),(125,11,'Latvia'),(126,11,'Lebanon'),(127,11,'Lesotho'),(128,11,'Liberia'),(129,11,'Libya'),(130,11,'Liechtenstein'),(131,11,'Lithuania'),(132,11,'Macau'),(133,11,'Macedonia'),(134,11,'Madagascar'),(135,11,'Malawi'),(136,11,'Malaysia'),(137,11,'Maldives'),(138,11,'Mali'),(139,11,'Malta'),(140,11,'Marshall Islands'),(141,11,'Martinique'),(142,11,'Mauritania'),(143,11,'Hungary'),(144,11,'Mayotte'),(145,11,'Mexico'),(146,11,'Micronesia'),(147,11,'Moldova'),(148,11,'Monaco'),(149,11,'Mongolia'),(150,11,'Montenegro'),(151,11,'Montserrat'),(152,11,'Morocco'),(153,11,'Mozambique'),(154,11,'Namibia'),(155,11,'Nauru'),(156,11,'Nepal'),(157,11,'Netherlands Antilles'),(158,11,'New Caledonia'),(159,11,'Nicaragua'),(160,11,'Niger'),(161,11,'Niue'),(162,11,'Norfolk Island'),(163,11,'Northern Mariana Islands'),(164,11,'Oman'),(165,11,'Pakistan'),(166,11,'Palau'),(167,11,'Palestinian Territories'),(168,11,'Panama'),(169,11,'Papua New Guinea'),(170,11,'Paraguay'),(171,11,'Peru'),(172,11,'Philippines'),(173,11,'Pitcairn'),(174,11,'Puerto Rico'),(175,11,'Qatar'),(176,11,'Reunion Island'),(177,11,'Russian Federation'),(178,11,'Rwanda'),(179,11,'Saint Barthelemy'),(180,11,'Saint Kitts and Nevis'),(181,11,'Saint Lucia'),(182,11,'Saint Martin'),(183,11,'Saint Pierre and Miquelon'),(184,11,'Saint Vincent and the Grenadines'),(185,11,'Samoa'),(186,11,'San Marino'),(187,11,'São Tomé and Príncipe'),(188,11,'Saudi Arabia'),(189,11,'Senegal'),(190,11,'Serbia'),(191,11,'Seychelles'),(192,11,'Sierra Leone'),(193,11,'Slovenia'),(194,11,'Solomon Islands'),(195,11,'Somalia'),(196,11,'South Georgia and the South Sandwich Islands'),(197,11,'Sri Lanka'),(198,11,'Sudan'),(199,11,'Suriname'),(200,11,'Svalbard and Jan Mayen'),(201,11,'Swaziland'),(202,11,'Syria'),(203,11,'Taiwan'),(204,11,'Tajikistan'),(205,11,'Tanzania'),(206,11,'Thailand'),(207,11,'Tokelau'),(208,11,'Tonga'),(209,11,'Trinidad and Tobago'),(210,11,'Tunisia'),(211,11,'Turkey'),(212,11,'Turkmenistan'),(213,11,'Turks and Caicos Islands'),(214,11,'Tuvalu'),(215,11,'Uganda'),(216,11,'Ukraine'),(217,11,'United Arab Emirates'),(218,11,'Uruguay'),(219,11,'Uzbekistan'),(220,11,'Vanuatu'),(221,11,'Venezuela'),(222,11,'Vietnam'),(223,11,'Virgin Islands (British)'),(224,11,'Virgin Islands (U.S.)'),(225,11,'Wallis and Futuna'),(226,11,'Western Sahara'),(227,11,'Yemen'),(228,11,'Zambia'),(229,11,'Zimbabwe'),(230,11,'Albania'),(231,11,'Afghanistan'),(232,11,'Antarctica'),(233,11,'Bosnia and Herzegovina'),(234,11,'Bouvet Island'),(235,11,'British Indian Ocean Territory'),(236,11,'Bulgaria'),(237,11,'Cayman Islands'),(238,11,'Christmas Island'),(239,11,'Cocos (Keeling) Islands'),(240,11,'Cook Islands'),(241,11,'French Guiana'),(242,11,'French Polynesia'),(243,11,'French Southern Territories'),(244,11,'Åland Islands');
CREATE TABLE `pss_county` (
  `id_county` int(11) NOT NULL auto_increment,
  `name` varchar(64) NOT NULL,
  `id_state` int(11) NOT NULL,
  `active` tinyint(1) NOT NULL,
  PRIMARY KEY  (`id_county`)
) ENGINE=MyISAM DEFAULT CHARSET=utf8;

CREATE TABLE `pss_county_zip_code` (
  `id_county` int(11) NOT NULL,
  `from_zip_code` int(11) NOT NULL,
  `to_zip_code` int(11) NOT NULL,
  PRIMARY KEY  (`id_county`,`from_zip_code`,`to_zip_code`)
) ENGINE=MyISAM DEFAULT CHARSET=utf8;

CREATE TABLE `pss_currency` (
  `id_currency` int(10) unsigned NOT NULL auto_increment,
  `name` varchar(32) NOT NULL,
  `iso_code` varchar(3) NOT NULL default '0',
  `iso_code_num` varchar(3) NOT NULL default '0',
  `sign` varchar(8) NOT NULL,
  `blank` tinyint(1) unsigned NOT NULL default '0',
  `format` tinyint(1) unsigned NOT NULL default '0',
  `decimals` tinyint(1) unsigned NOT NULL default '1',
  `conversion_rate` decimal(13,6) NOT NULL,
  `deleted` tinyint(1) unsigned NOT NULL default '0',
  `active` tinyint(1) unsigned NOT NULL default '1',
  PRIMARY KEY  (`id_currency`)
) ENGINE=MyISAM AUTO_INCREMENT=4 DEFAULT CHARSET=utf8;

INSERT INTO `pss_currency` VALUES (1,'Euro','EUR','978','€',1,2,1,'1.000000',0,1),(2,'Dollar','USD','840','$',0,1,1,'1.430000',0,1),(3,'Pound','GBP','826','£',0,1,1,'0.870000',0,1);
CREATE TABLE `pss_customer` (
  `id_customer` int(10) unsigned NOT NULL auto_increment,
  `id_gender` int(10) unsigned NOT NULL,
  `id_default_group` int(10) unsigned NOT NULL default '1',
  `firstname` varchar(32) NOT NULL,
  `lastname` varchar(32) NOT NULL,
  `email` varchar(128) NOT NULL,
  `passwd` varchar(32) NOT NULL,
  `last_passwd_gen` timestamp NOT NULL default CURRENT_TIMESTAMP,
  `birthday` date default NULL,
  `newsletter` tinyint(1) unsigned NOT NULL default '0',
  `ip_registration_newsletter` varchar(15) default NULL,
  `newsletter_date_add` datetime default NULL,
  `optin` tinyint(1) unsigned NOT NULL default '0',
  `secure_key` varchar(32) NOT NULL default '-1',
  `note` text,
  `active` tinyint(1) unsigned NOT NULL default '0',
  `is_guest` tinyint(1) NOT NULL default '0',
  `deleted` tinyint(1) NOT NULL default '0',
  `date_add` datetime NOT NULL,
  `date_upd` datetime NOT NULL,
  PRIMARY KEY  (`id_customer`),
  KEY `customer_email` (`email`),
  KEY `customer_login` (`email`,`passwd`),
  KEY `id_customer_passwd` (`id_customer`,`passwd`),
  KEY `id_gender` (`id_gender`)
) ENGINE=MyISAM AUTO_INCREMENT=2 DEFAULT CHARSET=utf8;

CREATE TABLE `pss_customer_group` (
  `id_customer` int(10) unsigned NOT NULL,
  `id_group` int(10) unsigned NOT NULL,
  PRIMARY KEY  (`id_customer`,`id_group`),
  KEY `customer_login` (`id_group`),
  KEY `id_customer` (`id_customer`)
) ENGINE=MyISAM DEFAULT CHARSET=utf8;

CREATE TABLE `pss_customer_message` (
  `id_customer_message` int(10) unsigned NOT NULL auto_increment,
  `id_customer_thread` int(11) default NULL,
  `id_employee` int(10) unsigned default NULL,
  `message` text NOT NULL,
  `file_name` varchar(18) default NULL,
  `ip_address` int(11) default NULL,
  `user_agent` varchar(128) default NULL,
  `date_add` datetime NOT NULL,
  PRIMARY KEY  (`id_customer_message`),
  KEY `id_customer_thread` (`id_customer_thread`)
) ENGINE=MyISAM DEFAULT CHARSET=utf8;

CREATE TABLE `pss_customer_thread` (
  `id_customer_thread` int(11) unsigned NOT NULL auto_increment,
  `id_lang` int(10) unsigned NOT NULL,
  `id_contact` int(10) unsigned NOT NULL,
  `id_customer` int(10) unsigned default NULL,
  `id_order` int(10) unsigned default NULL,
  `id_product` int(10) unsigned default NULL,
  `status` enum('open','closed','pending1','pending2') NOT NULL default 'open',
  `email` varchar(128) NOT NULL,
  `token` varchar(12) default NULL,
  `date_add` datetime NOT NULL,
  `date_upd` datetime NOT NULL,
  PRIMARY KEY  (`id_customer_thread`)
) ENGINE=MyISAM DEFAULT CHARSET=utf8;

CREATE TABLE `pss_customization` (
  `id_customization` int(10) unsigned NOT NULL auto_increment,
  `id_product_attribute` int(10) unsigned NOT NULL default '0',
  `id_cart` int(10) unsigned NOT NULL,
  `id_product` int(10) NOT NULL,
  `quantity` int(10) NOT NULL,
  `quantity_refunded` int(11) NOT NULL default '0',
  `quantity_returned` int(11) NOT NULL default '0',
  PRIMARY KEY  (`id_customization`,`id_cart`,`id_product`),
  KEY `id_product_attribute` (`id_product_attribute`)
) ENGINE=MyISAM DEFAULT CHARSET=utf8;

CREATE TABLE `pss_customization_field` (
  `id_customization_field` int(10) unsigned NOT NULL auto_increment,
  `id_product` int(10) unsigned NOT NULL,
  `type` tinyint(1) NOT NULL,
  `required` tinyint(1) NOT NULL,
  PRIMARY KEY  (`id_customization_field`),
  KEY `id_product` (`id_product`)
) ENGINE=MyISAM DEFAULT CHARSET=utf8;

CREATE TABLE `pss_customization_field_lang` (
  `id_customization_field` int(10) unsigned NOT NULL,
  `id_lang` int(10) unsigned NOT NULL,
  `name` varchar(255) NOT NULL,
  PRIMARY KEY  (`id_customization_field`,`id_lang`)
) ENGINE=MyISAM DEFAULT CHARSET=utf8;

CREATE TABLE `pss_customized_data` (
  `id_customization` int(10) unsigned NOT NULL,
  `type` tinyint(1) NOT NULL,
  `index` int(3) NOT NULL,
  `value` varchar(255) NOT NULL,
  PRIMARY KEY  (`id_customization`,`type`,`index`)
) ENGINE=MyISAM DEFAULT CHARSET=utf8;

CREATE TABLE `pss_date_range` (
  `id_date_range` int(10) unsigned NOT NULL auto_increment,
  `time_start` datetime NOT NULL,
  `time_end` datetime NOT NULL,
  PRIMARY KEY  (`id_date_range`)
) ENGINE=MyISAM DEFAULT CHARSET=utf8;

CREATE TABLE `pss_delivery` (
  `id_delivery` int(10) unsigned NOT NULL auto_increment,
  `id_carrier` int(10) unsigned NOT NULL,
  `id_range_price` int(10) unsigned default NULL,
  `id_range_weight` int(10) unsigned default NULL,
  `id_zone` int(10) unsigned NOT NULL,
  `price` decimal(17,2) NOT NULL,
  PRIMARY KEY  (`id_delivery`),
  KEY `id_zone` (`id_zone`),
  KEY `id_carrier` (`id_carrier`,`id_zone`),
  KEY `id_range_price` (`id_range_price`),
  KEY `id_range_weight` (`id_range_weight`)
) ENGINE=MyISAM AUTO_INCREMENT=8 DEFAULT CHARSET=utf8;

INSERT INTO `pss_delivery` VALUES (1,2,NULL,1,1,'5.00'),(7,3,NULL,2,1,'5.00'),(4,2,1,NULL,1,'5.00'),(6,3,2,NULL,1,'5.00');
CREATE TABLE `pss_discount` (
  `id_discount` int(10) unsigned NOT NULL auto_increment,
  `id_discount_type` int(10) unsigned NOT NULL,
  `behavior_not_exhausted` tinyint(3) default '1',
  `id_customer` int(10) unsigned NOT NULL,
  `id_group` int(10) unsigned NOT NULL default '0',
  `id_currency` int(10) unsigned NOT NULL default '0',
  `name` varchar(32) NOT NULL,
  `value` decimal(17,2) NOT NULL default '0.00',
  `quantity` int(10) unsigned NOT NULL default '0',
  `quantity_per_user` int(10) unsigned NOT NULL default '1',
  `cumulable` tinyint(1) unsigned NOT NULL default '0',
  `cumulable_reduction` tinyint(1) unsigned NOT NULL default '0',
  `date_from` datetime NOT NULL,
  `date_to` datetime NOT NULL,
  `minimal` decimal(17,2) default NULL,
  `active` tinyint(1) unsigned NOT NULL default '0',
  `cart_display` tinyint(1) unsigned NOT NULL default '0',
  `date_add` datetime NOT NULL,
  `date_upd` datetime NOT NULL,
  PRIMARY KEY  (`id_discount`),
  KEY `discount_name` (`name`),
  KEY `discount_customer` (`id_customer`),
  KEY `id_discount_type` (`id_discount_type`)
) ENGINE=MyISAM DEFAULT CHARSET=utf8;

CREATE TABLE `pss_discount_category` (
  `id_category` int(11) unsigned NOT NULL,
  `id_discount` int(11) unsigned NOT NULL,
  PRIMARY KEY  (`id_category`,`id_discount`),
  KEY `discount` (`id_discount`)
) ENGINE=MyISAM DEFAULT CHARSET=utf8;

CREATE TABLE `pss_discount_lang` (
  `id_discount` int(10) unsigned NOT NULL,
  `id_lang` int(10) unsigned NOT NULL,
  `description` text,
  PRIMARY KEY  (`id_discount`,`id_lang`)
) ENGINE=MyISAM DEFAULT CHARSET=utf8;

CREATE TABLE `pss_discount_type` (
  `id_discount_type` int(10) unsigned NOT NULL auto_increment,
  PRIMARY KEY  (`id_discount_type`)
) ENGINE=MyISAM AUTO_INCREMENT=4 DEFAULT CHARSET=utf8;

INSERT INTO `pss_discount_type` VALUES (1),(2),(3);
CREATE TABLE `pss_discount_type_lang` (
  `id_discount_type` int(10) unsigned NOT NULL,
  `id_lang` int(10) unsigned NOT NULL,
  `name` varchar(64) NOT NULL,
  PRIMARY KEY  (`id_discount_type`,`id_lang`)
) ENGINE=MyISAM DEFAULT CHARSET=utf8;

INSERT INTO `pss_discount_type_lang` VALUES (1,1,'Discount on order (%)'),(2,1,'Discount on order (amount)'),(3,1,'Free shipping'),(1,2,'Réduction sur la commande (%)'),(2,2,'Réduction sur la commande (montant)'),(3,2,'Frais de port gratuits'),(1,3,'Descuento orden (%)'),(2,3,'Descuento (el orden de cantidad)'),(3,3,'Gastos de envío gratis'),(1,4,'Preisnachlass auf die Bestellung (%)'),(2,4,'Preisnachlass auf die Bestellung (Betrag)'),(3,4,'Versandkosten gratis'),(1,5,'Sconto sull’ordine (%)'),(2,5,'Sconto sull’ordine (importo)'),(3,5,'Spese di porto gratuite'),(1,6,'Discount on order (%)'),(2,6,'Discount on order (amount)'),(3,6,'Free shipping'),(1,7,'Discount on order (%)'),(2,7,'Discount on order (amount)'),(3,7,'Free shipping'),(1,8,'Discount on order (%)'),(2,8,'Discount on order (amount)'),(3,8,'Free shipping'),(1,9,'Discount on order (%)'),(2,9,'Discount on order (amount)'),(3,9,'Free shipping'),(1,10,'Discount on order (%)'),(2,10,'Discount on order (amount)'),(3,10,'Free shipping'),(1,11,'Discount on order (%)'),(2,11,'Discount on order (amount)'),(3,11,'Free shipping');
CREATE TABLE `pss_editorial` (
  `id_editorial` int(10) unsigned NOT NULL auto_increment,
  `body_home_logo_link` varchar(255) NOT NULL,
  PRIMARY KEY  (`id_editorial`)
) ENGINE=MyISAM AUTO_INCREMENT=2 DEFAULT CHARSET=utf8;

INSERT INTO `pss_editorial` VALUES (1,'');
CREATE TABLE `pss_editorial_lang` (
  `id_editorial` int(10) unsigned NOT NULL,
  `id_lang` int(10) unsigned NOT NULL,
  `body_title` varchar(255) NOT NULL,
  `body_subheading` varchar(255) NOT NULL,
  `body_paragraph` text NOT NULL,
  `body_logo_subheading` varchar(255) NOT NULL,
  PRIMARY KEY  (`id_editorial`,`id_lang`)
) ENGINE=MyISAM DEFAULT CHARSET=utf8;

INSERT INTO `pss_editorial_lang` VALUES (1,1,'Lorem ipsum dolor sit amet','Consectetur adipisicing elit, sed do eiusmod tempor incididunt ut labore et dolore magna aliqua','<p>Lorem ipsum dolor sit amet, consectetur adipisicing elit, sed do eiusmod tempor incididunt ut labore et dolore magna aliqua. Ut enim ad minim veniam, quis nostrud exercitation ullamco laboris nisi ut aliquip ex ea commodo consequat. Duis aute irure dolor in reprehenderit in voluptate velit esse cillum dolore eu fugiat nulla pariatur. Excepteur sint occaecat cupidatat non proident, sunt in culpa qui officia deserunt mollit anim id est laborum</p>','Excepteur sint prestashop cupidatat non proident'),(1,2,'eurovente.be vous acceuille sur son E-commerce','eurovente.be est une marque déposée de EURO VENTE sprl','',''),(1,3,'Lorem ipsum dolor sit amet','Consectetur adipisicing elit, sed do eiusmod tempor incididunt ut labore et dolore magna aliqua','<p>Lorem ipsum dolor sit amet, consectetur adipisicing elit, sed do eiusmod tempor incididunt ut labore et dolore magna aliqua. Ut enim ad minim veniam, quis nostrud exercitation ullamco laboris nisi ut aliquip ex ea commodo consequat. Duis aute irure dolor in reprehenderit in voluptate velit esse cillum dolore eu fugiat nulla pariatur. Excepteur sint occaecat cupidatat non proident, sunt in culpa qui officia deserunt mollit anim id est laborum</p>','Excepteur sint prestashop cupidatat non proident'),(1,4,'Lorem ipsum dolor sit amet','Consectetur adipisicing elit, sed do eiusmod tempor incididunt ut labore et dolore magna aliqua','<p>Lorem ipsum dolor sit amet, consectetur adipisicing elit, sed do eiusmod tempor incididunt ut labore et dolore magna aliqua. Ut enim ad minim veniam, quis nostrud exercitation ullamco laboris nisi ut aliquip ex ea commodo consequat. Duis aute irure dolor in reprehenderit in voluptate velit esse cillum dolore eu fugiat nulla pariatur. Excepteur sint occaecat cupidatat non proident, sunt in culpa qui officia deserunt mollit anim id est laborum</p>','Excepteur sint prestashop cupidatat non proident'),(1,5,'Lorem ipsum dolor sit amet','Consectetur adipisicing elit, sed do eiusmod tempor incididunt ut labore et dolore magna aliqua','<p>Lorem ipsum dolor sit amet, consectetur adipisicing elit, sed do eiusmod tempor incididunt ut labore et dolore magna aliqua. Ut enim ad minim veniam, quis nostrud exercitation ullamco laboris nisi ut aliquip ex ea commodo consequat. Duis aute irure dolor in reprehenderit in voluptate velit esse cillum dolore eu fugiat nulla pariatur. Excepteur sint occaecat cupidatat non proident, sunt in culpa qui officia deserunt mollit anim id est laborum</p>','Excepteur sint prestashop cupidatat non proident'),(1,6,'Lorem ipsum dolor sit amet','Consectetur adipisicing elit, sed do eiusmod tempor incididunt ut labore et dolore magna aliqua','<p>Lorem ipsum dolor sit amet, consectetur adipisicing elit, sed do eiusmod tempor incididunt ut labore et dolore magna aliqua. Ut enim ad minim veniam, quis nostrud exercitation ullamco laboris nisi ut aliquip ex ea commodo consequat. Duis aute irure dolor in reprehenderit in voluptate velit esse cillum dolore eu fugiat nulla pariatur. Excepteur sint occaecat cupidatat non proident, sunt in culpa qui officia deserunt mollit anim id est laborum</p>','Excepteur sint prestashop cupidatat non proident'),(1,7,'Lorem ipsum dolor sit amet','Consectetur adipisicing elit, sed do eiusmod tempor incididunt ut labore et dolore magna aliqua','<p>Lorem ipsum dolor sit amet, consectetur adipisicing elit, sed do eiusmod tempor incididunt ut labore et dolore magna aliqua. Ut enim ad minim veniam, quis nostrud exercitation ullamco laboris nisi ut aliquip ex ea commodo consequat. Duis aute irure dolor in reprehenderit in voluptate velit esse cillum dolore eu fugiat nulla pariatur. Excepteur sint occaecat cupidatat non proident, sunt in culpa qui officia deserunt mollit anim id est laborum</p>','Excepteur sint prestashop cupidatat non proident'),(1,8,'Lorem ipsum dolor sit amet','Consectetur adipisicing elit, sed do eiusmod tempor incididunt ut labore et dolore magna aliqua','<p>Lorem ipsum dolor sit amet, consectetur adipisicing elit, sed do eiusmod tempor incididunt ut labore et dolore magna aliqua. Ut enim ad minim veniam, quis nostrud exercitation ullamco laboris nisi ut aliquip ex ea commodo consequat. Duis aute irure dolor in reprehenderit in voluptate velit esse cillum dolore eu fugiat nulla pariatur. Excepteur sint occaecat cupidatat non proident, sunt in culpa qui officia deserunt mollit anim id est laborum</p>','Excepteur sint prestashop cupidatat non proident'),(1,9,'Lorem ipsum dolor sit amet','Consectetur adipisicing elit, sed do eiusmod tempor incididunt ut labore et dolore magna aliqua','<p>Lorem ipsum dolor sit amet, consectetur adipisicing elit, sed do eiusmod tempor incididunt ut labore et dolore magna aliqua. Ut enim ad minim veniam, quis nostrud exercitation ullamco laboris nisi ut aliquip ex ea commodo consequat. Duis aute irure dolor in reprehenderit in voluptate velit esse cillum dolore eu fugiat nulla pariatur. Excepteur sint occaecat cupidatat non proident, sunt in culpa qui officia deserunt mollit anim id est laborum</p>','Excepteur sint prestashop cupidatat non proident'),(1,10,'Lorem ipsum dolor sit amet','Consectetur adipisicing elit, sed do eiusmod tempor incididunt ut labore et dolore magna aliqua','<p>Lorem ipsum dolor sit amet, consectetur adipisicing elit, sed do eiusmod tempor incididunt ut labore et dolore magna aliqua. Ut enim ad minim veniam, quis nostrud exercitation ullamco laboris nisi ut aliquip ex ea commodo consequat. Duis aute irure dolor in reprehenderit in voluptate velit esse cillum dolore eu fugiat nulla pariatur. Excepteur sint occaecat cupidatat non proident, sunt in culpa qui officia deserunt mollit anim id est laborum</p>','Excepteur sint prestashop cupidatat non proident'),(1,11,'Lorem ipsum dolor sit amet','Consectetur adipisicing elit, sed do eiusmod tempor incididunt ut labore et dolore magna aliqua','<p>Lorem ipsum dolor sit amet, consectetur adipisicing elit, sed do eiusmod tempor incididunt ut labore et dolore magna aliqua. Ut enim ad minim veniam, quis nostrud exercitation ullamco laboris nisi ut aliquip ex ea commodo consequat. Duis aute irure dolor in reprehenderit in voluptate velit esse cillum dolore eu fugiat nulla pariatur. Excepteur sint occaecat cupidatat non proident, sunt in culpa qui officia deserunt mollit anim id est laborum</p>','Excepteur sint prestashop cupidatat non proident');
CREATE TABLE `pss_feature` (
  `id_feature` int(10) unsigned NOT NULL auto_increment,
  PRIMARY KEY  (`id_feature`)
) ENGINE=MyISAM AUTO_INCREMENT=6 DEFAULT CHARSET=utf8;

INSERT INTO `pss_feature` VALUES (1),(2),(3),(4),(5);
CREATE TABLE `pss_feature_lang` (
  `id_feature` int(10) unsigned NOT NULL,
  `id_lang` int(10) unsigned NOT NULL,
  `name` varchar(128) default NULL,
  PRIMARY KEY  (`id_feature`,`id_lang`)
) ENGINE=MyISAM DEFAULT CHARSET=utf8;

INSERT INTO `pss_feature_lang` VALUES (1,1,'Height'),(1,2,'Hauteur'),(2,1,'Width'),(2,2,'Largeur'),(3,1,'Depth'),(3,2,'Profondeur'),(4,1,'Weight'),(4,2,'Poids'),(5,1,'Headphone'),(5,2,'Prise casque'),(1,3,'Alto'),(2,3,'Ancho'),(3,3,'Profundo'),(4,3,'Peso'),(5,3,'Toma auriculares'),(1,4,'Höhe'),(2,4,'Breite'),(3,4,'Tiefe'),(4,4,'Gewicht'),(5,4,'Kopfhörer'),(1,5,'Altezza'),(2,5,'Larghezza'),(3,5,'Profondità'),(4,5,'Peso'),(5,5,'Auricolare'),(1,6,'Height'),(2,6,'Width'),(3,6,'Depth'),(4,6,'Weight'),(5,6,'Headphone'),(1,7,'Height'),(2,7,'Width'),(3,7,'Depth'),(4,7,'Weight'),(5,7,'Headphone'),(1,8,'Height'),(2,8,'Width'),(3,8,'Depth'),(4,8,'Weight'),(5,8,'Headphone'),(1,9,'Height'),(2,9,'Width'),(3,9,'Depth'),(4,9,'Weight'),(5,9,'Headphone'),(1,10,'Height'),(2,10,'Width'),(3,10,'Depth'),(4,10,'Weight'),(5,10,'Headphone'),(1,11,'Height'),(2,11,'Width'),(3,11,'Depth'),(4,11,'Weight'),(5,11,'Headphone');
CREATE TABLE `pss_feature_product` (
  `id_feature` int(10) unsigned NOT NULL,
  `id_product` int(10) unsigned NOT NULL,
  `id_feature_value` int(10) unsigned NOT NULL,
  PRIMARY KEY  (`id_feature`,`id_product`),
  KEY `id_feature_value` (`id_feature_value`)
) ENGINE=MyISAM DEFAULT CHARSET=utf8;

CREATE TABLE `pss_feature_value` (
  `id_feature_value` int(10) unsigned NOT NULL auto_increment,
  `id_feature` int(10) unsigned NOT NULL,
  `custom` tinyint(3) unsigned default NULL,
  PRIMARY KEY  (`id_feature_value`),
  KEY `feature` (`id_feature`)
) ENGINE=MyISAM AUTO_INCREMENT=27 DEFAULT CHARSET=utf8;

INSERT INTO `pss_feature_value` VALUES (9,5,NULL),(10,5,NULL);
CREATE TABLE `pss_feature_value_lang` (
  `id_feature_value` int(10) unsigned NOT NULL,
  `id_lang` int(10) unsigned NOT NULL,
  `value` varchar(255) default NULL,
  PRIMARY KEY  (`id_feature_value`,`id_lang`)
) ENGINE=MyISAM DEFAULT CHARSET=utf8;

INSERT INTO `pss_feature_value_lang` VALUES (9,1,'Jack stereo'),(9,4,'Jack stereo'),(9,5,'Jack stereo'),(9,2,'Jack stéréo'),(9,3,'Jack stereo'),(10,1,'Mini-jack stereo'),(10,2,'Mini-jack stéréo'),(10,3,'Mini-jack stéréo'),(10,4,'Mini-jack stéréo'),(10,5,'Mini-jack stéréo'),(9,6,'Jack stereo'),(10,6,'Mini-jack stereo'),(9,7,'Jack stereo'),(10,7,'Mini-jack stereo'),(9,8,'Jack stereo'),(10,8,'Mini-jack stereo'),(9,9,'Jack stereo'),(10,9,'Mini-jack stereo'),(9,10,'Jack stereo'),(10,10,'Mini-jack stereo'),(9,11,'Jack stereo'),(10,11,'Mini-jack stereo');
CREATE TABLE `pss_group` (
  `id_group` int(10) unsigned NOT NULL auto_increment,
  `reduction` decimal(17,2) NOT NULL default '0.00',
  `price_display_method` tinyint(4) NOT NULL default '0',
  `date_add` datetime NOT NULL,
  `date_upd` datetime NOT NULL,
  PRIMARY KEY  (`id_group`)
) ENGINE=MyISAM AUTO_INCREMENT=2 DEFAULT CHARSET=utf8;

INSERT INTO `pss_group` VALUES (1,'0.00',0,'2011-05-16 15:49:18','2011-05-16 15:49:18');
CREATE TABLE `pss_group_lang` (
  `id_group` int(10) unsigned NOT NULL,
  `id_lang` int(10) unsigned NOT NULL,
  `name` varchar(32) NOT NULL,
  UNIQUE KEY `attribute_lang_index` (`id_group`,`id_lang`)
) ENGINE=MyISAM DEFAULT CHARSET=utf8;

INSERT INTO `pss_group_lang` VALUES (1,1,'Default'),(1,2,'Défaut'),(1,3,'Predeterminado'),(1,4,'Default'),(1,5,'Default'),(1,6,'Default'),(1,7,'Default'),(1,8,'Default'),(1,9,'Default'),(1,10,'Default'),(1,11,'Default');
CREATE TABLE `pss_group_reduction` (
  `id_group_reduction` mediumint(8) unsigned NOT NULL auto_increment,
  `id_group` int(10) unsigned NOT NULL,
  `id_category` int(10) unsigned NOT NULL,
  `reduction` decimal(4,3) NOT NULL,
  PRIMARY KEY  (`id_group_reduction`),
  UNIQUE KEY `id_group` (`id_group`,`id_category`)
) ENGINE=MyISAM DEFAULT CHARSET=utf8;

CREATE TABLE `pss_guest` (
  `id_guest` int(10) unsigned NOT NULL auto_increment,
  `id_operating_system` int(10) unsigned default NULL,
  `id_web_browser` int(10) unsigned default NULL,
  `id_customer` int(10) unsigned default NULL,
  `javascript` tinyint(1) default '0',
  `screen_resolution_x` smallint(5) unsigned default NULL,
  `screen_resolution_y` smallint(5) unsigned default NULL,
  `screen_color` tinyint(3) unsigned default NULL,
  `sun_java` tinyint(1) default NULL,
  `adobe_flash` tinyint(1) default NULL,
  `adobe_director` tinyint(1) default NULL,
  `apple_quicktime` tinyint(1) default NULL,
  `real_player` tinyint(1) default NULL,
  `windows_media` tinyint(1) default NULL,
  `accept_language` varchar(8) default NULL,
  PRIMARY KEY  (`id_guest`),
  KEY `id_customer` (`id_customer`),
  KEY `id_operating_system` (`id_operating_system`),
  KEY `id_web_browser` (`id_web_browser`)
) ENGINE=MyISAM AUTO_INCREMENT=12 DEFAULT CHARSET=utf8;

INSERT INTO `pss_guest` VALUES (1,1,3,1,1,1680,1050,32,1,1,0,1,1,0,'en-us'),(2,4,8,0,0,0,0,0,0,0,0,0,0,0,'en'),(3,4,3,0,0,0,0,0,0,0,0,0,0,0,'fr-fr'),(4,4,3,0,0,0,0,0,0,0,0,0,0,0,'fr-fr'),(5,4,0,0,0,0,0,0,0,0,0,0,0,0,'fr-fr'),(6,4,3,0,0,0,0,0,0,0,0,0,0,0,'fr-fr'),(7,1,6,0,0,0,0,0,0,0,0,0,0,0,'fr-be'),(8,4,3,0,0,0,0,0,0,0,0,0,0,0,'fr-fr'),(9,4,0,0,0,0,0,0,0,0,0,0,0,0,'en-us'),(10,2,8,0,0,0,0,0,0,0,0,0,0,0,'fr'),(11,4,0,0,0,0,0,0,0,0,0,0,0,0,'en-us');
CREATE TABLE `pss_help_access` (
  `id_help_access` int(11) NOT NULL auto_increment,
  `label` varchar(45) NOT NULL,
  `version` varchar(8) NOT NULL,
  PRIMARY KEY  (`id_help_access`),
  UNIQUE KEY `label` (`label`)
) ENGINE=MyISAM DEFAULT CHARSET=utf8;

CREATE TABLE `pss_homescenehome` (
  `id_scene` int(10) unsigned NOT NULL auto_increment,
  `name_scene` varchar(128) NOT NULL,
  `status` varchar(6) default NULL,
  PRIMARY KEY  (`id_scene`)
) ENGINE=MyISAM AUTO_INCREMENT=2 DEFAULT CHARSET=utf8;

INSERT INTO `pss_homescenehome` VALUES (1,'home1',NULL);
CREATE TABLE `pss_homescenehome_products` (
  `id_scene` int(10) NOT NULL,
  `id_product` int(10) NOT NULL,
  `x_axis` int(4) NOT NULL,
  `y_axis` int(4) NOT NULL,
  `zone_width` int(3) NOT NULL,
  `zone_height` int(3) NOT NULL,
  PRIMARY KEY  (`id_scene`,`id_product`,`x_axis`,`y_axis`)
) ENGINE=MyISAM DEFAULT CHARSET=utf8;

CREATE TABLE `pss_hook` (
  `id_hook` int(10) unsigned NOT NULL auto_increment,
  `name` varchar(64) NOT NULL,
  `title` varchar(64) NOT NULL,
  `description` text,
  `position` tinyint(1) NOT NULL default '1',
  `live_edit` tinyint(1) NOT NULL default '0',
  PRIMARY KEY  (`id_hook`),
  UNIQUE KEY `hook_name` (`name`)
) ENGINE=MyISAM AUTO_INCREMENT=69 DEFAULT CHARSET=utf8;

INSERT INTO `pss_hook` VALUES (1,'payment','Payment',NULL,1,1),(2,'newOrder','New orders',NULL,0,0),(3,'paymentConfirm','Payment confirmation',NULL,0,0),(4,'paymentReturn','Payment return',NULL,0,0),(5,'updateQuantity','Quantity update','Quantity is updated only when the customer effectively <b>place</b> his order.',0,0),(6,'rightColumn','Right column blocks',NULL,1,1),(7,'leftColumn','Left column blocks',NULL,1,1),(8,'home','Homepage content',NULL,1,1),(9,'header','Header of pages','A hook which allow you to do things in the header of each pages',1,0),(10,'cart','Cart creation and update',NULL,0,0),(11,'authentication','Successful customer authentication',NULL,0,0),(12,'addproduct','Product creation',NULL,0,0),(13,'updateproduct','Product Update',NULL,0,0),(14,'top','Top of pages','A hook which allow you to do things a the top of each pages.',1,0),(15,'extraRight','Extra actions on the product page (right column).',NULL,0,0),(16,'deleteproduct','Product deletion','This hook is called when a product is deleted',0,0),(17,'productfooter','Product footer','Add new blocks under the product description',1,1),(18,'invoice','Invoice','Add blocks to invoice (order)',1,0),(19,'updateOrderStatus','Order\'s status update event','Launch modules when the order\'s status of an order change.',0,0),(20,'adminOrder','Display in Back-Office, tab AdminOrder','Launch modules when the tab AdminOrder is displayed on back-office.',0,0),(21,'footer','Footer','Add block in footer',1,0),(22,'PDFInvoice','PDF Invoice','Allow the display of extra informations into the PDF invoice',0,0),(23,'adminCustomers','Display in Back-Office, tab AdminCustomers','Launch modules when the tab AdminCustomers is displayed on back-office.',0,0),(24,'orderConfirmation','Order confirmation page','Called on order confirmation page',0,0),(25,'createAccount','Successful customer create account','Called when new customer create account successfuled',0,0),(26,'customerAccount','Customer account page display in front office','Display on page account of the customer',1,0),(27,'orderSlip','Called when a order slip is created','Called when a quantity of one product change in an order.',0,0),(28,'productTab','Tabs on product page','Called on order product page tabs',0,0),(29,'productTabContent','Content of tabs on product page','Called on order product page tabs',0,0),(30,'shoppingCart','Shopping cart footer','Display some specific informations on the shopping cart page',0,0),(31,'createAccountForm','Customer account creation form','Display some information on the form to create a customer account',1,0),(32,'AdminStatsModules','Stats - Modules',NULL,1,0),(33,'GraphEngine','Graph Engines',NULL,0,0),(34,'orderReturn','Product returned',NULL,0,0),(35,'productActions','Product actions','Put new action buttons on product page',1,0),(36,'backOfficeHome','Administration panel homepage',NULL,1,0),(37,'GridEngine','Grid Engines',NULL,0,0),(38,'watermark','Watermark',NULL,0,0),(39,'cancelProduct','Product cancelled','This hook is called when you cancel a product in an order',0,0),(40,'extraLeft','Extra actions on the product page (left column).',NULL,0,0),(41,'productOutOfStock','Product out of stock','Make action while product is out of stock',1,0),(42,'updateProductAttribute','Product attribute update',NULL,0,0),(43,'extraCarrier','Extra carrier (module mode)',NULL,0,0),(44,'shoppingCartExtra','Shopping cart extra button','Display some specific informations',1,0),(45,'search','Search',NULL,0,0),(46,'backBeforePayment','Redirect in order process','Redirect user to the module instead of displaying payment modules',0,0),(47,'updateCarrier','Carrier Update','This hook is called when a carrier is updated',0,0),(48,'postUpdateOrderStatus','Post update of order status',NULL,0,0),(49,'createAccountTop','Block above the form for create an account',NULL,1,0),(50,'backOfficeHeader','Administration panel header',NULL,0,0),(51,'backOfficeTop','Administration panel hover the tabs',NULL,1,0),(52,'backOfficeFooter','Administration panel footer',NULL,1,0),(53,'deleteProductAttribute','Product Attribute Deletion',NULL,0,0),(54,'processCarrier','Carrier Process',NULL,0,0),(55,'orderDetail','Order Detail','To set the follow-up in smarty when order detail is called',0,0),(56,'beforeCarrier','Before carrier list','This hook is display before the carrier list on Front office',1,0),(57,'orderDetailDisplayed','Order detail displayed','Displayed on order detail on front office',1,0),(58,'paymentCCAdded','Payment CC added','Payment CC added',0,0),(59,'extraProductComparison','Extra Product Comparison','Extra Product Comparison',0,0),(60,'categoryAddition','Category creation','',0,0),(61,'categoryUpdate','Category modification','',0,0),(62,'categoryDeletion','Category removal','',0,0),(63,'beforeAuthentication','Before Authentication','Before authentication',0,0),(64,'paymentTop','Top of payment page','Top of payment page',0,0),(65,'afterCreateHtaccess','After htaccess creation','After htaccess creation',0,0),(66,'afterSaveAdminMeta','After save configuration in AdminMeta','After save configuration in AdminMeta',0,0),(67,'myAccountBlock','My account block','Display extra informations inside the \"my account\" block',1,0),(68,'centerColumn','Center Column',NULL,1,0);
CREATE TABLE `pss_hook_module` (
  `id_module` int(10) unsigned NOT NULL,
  `id_hook` int(10) unsigned NOT NULL,
  `position` tinyint(2) unsigned NOT NULL,
  PRIMARY KEY  (`id_module`,`id_hook`),
  KEY `id_hook` (`id_hook`),
  KEY `id_module` (`id_module`)
) ENGINE=MyISAM DEFAULT CHARSET=utf8;

INSERT INTO `pss_hook_module` VALUES (3,1,1),(71,4,5),(4,1,2),(4,4,2),(8,2,1),(3,4,1),(71,1,6),(9,9,1),(16,6,1),(8,6,2),(20,6,3),(61,9,20),(54,6,4),(15,7,1),(21,7,2),(63,1,3),(24,7,4),(14,7,5),(12,9,9),(7,7,7),(17,7,8),(5,8,1),(1,8,3),(11,14,4),(13,9,7),(18,9,11),(19,14,4),(22,14,6),(8,19,1),(12,21,1),(25,21,2),(25,11,1),(26,32,1),(27,32,2),(28,32,3),(30,32,4),(31,32,5),(32,32,6),(33,32,7),(34,33,1),(35,33,2),(36,33,3),(37,33,4),(39,37,1),(40,32,8),(41,32,9),(42,32,10),(43,32,11),(42,14,6),(43,14,7),(44,32,12),(45,32,13),(46,32,15),(47,32,14),(48,32,16),(49,32,17),(55,32,22),(50,32,18),(51,32,19),(51,45,1),(25,25,1),(41,20,1),(52,32,20),(53,32,21),(17,9,2),(18,14,5),(24,9,4),(9,7,1),(15,9,8),(5,9,10),(8,9,12),(10,65,1),(20,9,14),(11,9,5),(16,9,15),(22,9,6),(13,14,3),(14,9,16),(12,7,3),(7,9,17),(21,9,18),(10,62,1),(10,7,2),(10,9,3),(54,9,19),(10,61,1),(10,60,1),(57,14,8),(58,14,7),(59,8,2),(60,9,13),(60,68,1),(63,4,3),(63,44,1),(63,46,1),(63,6,5),(63,39,1),(63,20,2),(73,63,1),(70,4,4),(70,1,5),(68,24,1),(68,1,4),(69,8,4),(75,30,1),(76,6,6);
CREATE TABLE `pss_hook_module_exceptions` (
  `id_hook_module_exceptions` int(10) unsigned NOT NULL auto_increment,
  `id_module` int(10) unsigned NOT NULL,
  `id_hook` int(10) unsigned NOT NULL,
  `file_name` varchar(255) default NULL,
  PRIMARY KEY  (`id_hook_module_exceptions`),
  KEY `id_module` (`id_module`),
  KEY `id_hook` (`id_hook`)
) ENGINE=MyISAM DEFAULT CHARSET=utf8;

CREATE TABLE `pss_image` (
  `id_image` int(10) unsigned NOT NULL auto_increment,
  `id_product` int(10) unsigned NOT NULL,
  `position` smallint(2) unsigned NOT NULL default '0',
  `cover` tinyint(1) unsigned NOT NULL default '0',
  PRIMARY KEY  (`id_image`),
  UNIQUE KEY `product_position` (`id_product`,`position`),
  KEY `image_product` (`id_product`),
  KEY `id_product_cover` (`id_product`,`cover`)
) ENGINE=MyISAM AUTO_INCREMENT=70 DEFAULT CHARSET=utf8;

INSERT INTO `pss_image` VALUES (63,18,1,1),(66,20,1,1),(61,17,1,1),(68,21,1,1),(52,12,1,1),(51,11,1,1),(50,10,1,1),(56,14,1,1),(58,15,1,1),(64,19,1,1),(54,13,2,0),(69,22,1,1),(53,13,1,1);
CREATE TABLE `pss_image_lang` (
  `id_image` int(10) unsigned NOT NULL,
  `id_lang` int(10) unsigned NOT NULL,
  `legend` varchar(128) default NULL,
  UNIQUE KEY `image_lang_index` (`id_image`,`id_lang`),
  KEY `id_image` (`id_image`)
) ENGINE=MyISAM DEFAULT CHARSET=utf8;

INSERT INTO `pss_image_lang` VALUES (69,8,'Dalle occasion B154EW01'),(69,7,'Dalle occasion B154EW01'),(69,6,'Dalle occasion B154EW01'),(69,9,'Dalle occasion B154EW01'),(69,11,'Dalle occasion B154EW01'),(69,10,'Dalle occasion B154EW01'),(61,9,'ECRANS LED 21.6\" HKC'),(61,8,'ECRANS LED 21.6\" HKC'),(61,7,'ECRANS LED 21.6\" HKC'),(61,11,'ECRANS LED 21.6\" HKC'),(61,10,'ECRANS LED 21.6\" HKC'),(64,11,'ECRANS LED 21.6\" HKC'),(64,10,'ECRANS LED 21.6\" HKC'),(64,9,'ECRANS LED 21.6\" HKC'),(64,8,'ECRANS LED 21.6\" HKC'),(64,7,'ECRANS LED 21.6\" HKC'),(64,6,'ECRANS LED 21.6\" HKC'),(10,1,'luxury-cover-for-ipod-video'),(10,3,'luxury-cover-for-ipod-video'),(10,4,'luxury-cover-for-ipod-video'),(10,5,'luxury-cover-for-ipod-video'),(10,2,'housse-luxe-pour-ipod-video'),(11,1,'cover'),(11,2,'housse'),(11,3,'cubrir'),(11,4,'cover'),(11,5,'cover'),(12,1,'myglove-ipod-nano'),(12,2,'myglove-ipod-nano'),(12,3,'myglove-ipod-nano'),(12,4,'myglove-ipod-nano'),(12,5,'myglove-ipod-nano'),(13,1,'myglove-ipod-nano'),(13,2,'myglove-ipod-nano'),(13,3,'myglove-ipod-nano'),(13,4,'myglove-ipod-nano'),(13,5,'myglove-ipod-nano'),(14,1,'myglove-ipod-nano'),(14,2,'myglove-ipod-nano'),(14,3,'myglove-ipod-nano'),(14,4,'myglove-ipod-nano'),(14,5,'myglove-ipod-nano'),(51,9,'2 Téras 3.5\" HITACHI'),(51,8,'2 Téras 3.5\" HITACHI'),(51,4,'2 Téras 3.5\" HITACHI'),(51,3,'2 Téras 3.5\" HITACHI'),(51,2,'2 Téras 3.5\" HITACHI'),(50,9,'ECRANS LED 21.6\" HKC'),(50,8,'ECRANS LED 21.6\" HKC'),(50,7,'ECRANS LED 21.6\" HKC'),(56,6,'Dalle occasion B154EW01'),(56,5,'Dalle occasion B154EW01'),(56,4,'Dalle occasion B154EW01'),(56,3,'Dalle occasion B154EW01'),(56,2,'Dalle occasion B154EW01'),(56,10,'Dalle occasion B154EW01'),(56,9,'Dalle occasion B154EW01'),(56,8,'Dalle occasion B154EW01'),(56,7,'Dalle occasion B154EW01'),(68,11,'ECRANS LED 21.6\" HKC'),(66,11,'Dalle occasion B154EW01'),(54,11,'Dalle occasion B154EW01'),(54,10,'Dalle occasion B154EW01'),(54,9,'Dalle occasion B154EW01'),(54,8,'Dalle occasion B154EW01'),(66,10,'Dalle occasion B154EW01'),(66,9,'Dalle occasion B154EW01'),(66,8,'Dalle occasion B154EW01'),(66,7,'Dalle occasion B154EW01'),(63,11,'ECRANS LED 21.6\" HKC'),(63,10,'ECRANS LED 21.6\" HKC'),(63,6,'ECRANS LED 21.6\" HKC'),(63,5,'ECRANS LED 21.6\" HKC'),(63,4,'ECRANS LED 21.6\" HKC'),(54,7,'Dalle occasion B154EW01'),(53,5,'Dalle occasion B154EW01'),(53,3,'Dalle occasion B154EW01'),(53,4,'Dalle occasion B154EW01'),(53,2,'Dalle occasion B154EW01'),(52,11,'Dalle occasion B154EW01'),(53,1,'Dalle occasion B154EW01'),(69,5,'Dalle occasion B154EW01'),(69,4,'Dalle occasion B154EW01'),(69,3,'Dalle occasion B154EW01'),(69,2,'Dalle occasion B154EW01'),(68,3,'ECRANS LED 21.6\" HKC'),(68,4,'ECRANS LED 21.6\" HKC'),(68,5,'ECRANS LED 21.6\" HKC'),(68,6,'ECRANS LED 21.6\" HKC'),(61,6,'ECRANS LED 21.6\" HKC'),(61,1,'ECRANS LED 21.6\" HKC'),(51,7,'2 Téras 3.5\" HITACHI'),(50,6,'ECRANS LED 21.6\" HKC'),(58,1,'Dalle occasion B154EW01'),(56,1,'Dalle occasion B154EW01'),(54,5,'Dalle occasion B154EW01'),(54,6,'Dalle occasion B154EW01'),(63,9,'ECRANS LED 21.6\" HKC'),(52,9,'Dalle occasion B154EW01'),(52,10,'Dalle occasion B154EW01'),(68,8,'ECRANS LED 21.6\" HKC'),(68,7,'ECRANS LED 21.6\" HKC'),(61,5,'ECRANS LED 21.6\" HKC'),(61,2,'Portable EEEPC'),(51,1,'2 Téras 3.5\" HITACHI'),(50,5,'ECRANS LED 21.6\" HKC'),(58,2,'Dalle occasion LP171WP4'),(58,3,'Dalle occasion B154EW01'),(54,3,'Dalle occasion B154EW01'),(54,4,'Dalle occasion B154EW01'),(63,3,'ECRANS LED 21.6\" HKC'),(52,7,'Dalle occasion B154EW01'),(52,8,'Dalle occasion B154EW01'),(69,1,'Dalle occasion B154EW01'),(68,10,'ECRANS LED 21.6\" HKC'),(68,9,'ECRANS LED 21.6\" HKC'),(61,4,'ECRANS LED 21.6\" HKC'),(61,3,'ECRANS LED 21.6\" HKC'),(51,6,'2 Téras 3.5\" HITACHI'),(50,4,'ECRANS LED 21.6\" HKC'),(58,4,'Dalle occasion B154EW01'),(58,5,'Dalle occasion B154EW01'),(54,1,'Dalle occasion B154EW01'),(54,2,'Dalle occasion B154EW01'),(63,8,'ECRANS LED 21.6\" HKC'),(52,5,'Dalle occasion B154EW01'),(52,6,'Dalle occasion B154EW01'),(68,1,'ECRANS LED 21.6\" HKC'),(66,5,'Dalle occasion B154EW01'),(66,6,'Dalle occasion B154EW01'),(64,5,'ECRANS LED 21.6\" HKC'),(64,4,'ECRANS LED 21.6\" HKC'),(50,11,'ECRANS LED 21.6\" HKC'),(50,3,'ECRANS LED 21.6\" HKC'),(58,6,'Dalle occasion B154EW01'),(58,7,'Dalle occasion B154EW01'),(53,10,'Dalle occasion B154EW01'),(53,11,'Dalle occasion B154EW01'),(63,2,'Portable EEEPC'),(52,3,'Dalle occasion B154EW01'),(52,4,'Dalle occasion B154EW01'),(66,4,'Dalle occasion B154EW01'),(64,3,'ECRANS LED 21.6\" HKC'),(64,2,'ECRANS LED 21.6\" HKC'),(51,5,'2 Téras 3.5\" HITACHI'),(50,2,'ECRANS LED 21.6\" HKC'),(58,8,'Dalle occasion B154EW01'),(58,9,'Dalle occasion B154EW01'),(53,8,'Dalle occasion B154EW01'),(53,9,'Dalle occasion B154EW01'),(63,7,'ECRANS LED 21.6\" HKC'),(52,1,'Dalle occasion B154EW01'),(52,2,'Dalle occasion B154EW01'),(68,2,'Portable CQ56'),(66,1,'Dalle occasion B154EW01'),(66,2,'Disque du occasion IDE Maxtor 20060K0'),(64,1,'ECRANS LED 21.6\" HKC'),(56,11,'Dalle occasion B154EW01'),(50,10,'ECRANS LED 21.6\" HKC'),(50,1,'ECRANS LED 21.6\" HKC'),(58,10,'Dalle occasion B154EW01'),(58,11,'Dalle occasion B154EW01'),(53,6,'Dalle occasion B154EW01'),(53,7,'Dalle occasion B154EW01'),(63,1,'ECRANS LED 21.6\" HKC'),(51,10,'2 Téras 3.5\" HITACHI'),(51,11,'2 Téras 3.5\" HITACHI'),(66,3,'Dalle occasion B154EW01');
CREATE TABLE `pss_image_type` (
  `id_image_type` int(10) unsigned NOT NULL auto_increment,
  `name` varchar(16) NOT NULL,
  `width` int(10) unsigned NOT NULL,
  `height` int(10) unsigned NOT NULL,
  `products` tinyint(1) NOT NULL default '1',
  `categories` tinyint(1) NOT NULL default '1',
  `manufacturers` tinyint(1) NOT NULL default '1',
  `suppliers` tinyint(1) NOT NULL default '1',
  `scenes` tinyint(1) NOT NULL default '1',
  `stores` tinyint(1) NOT NULL default '1',
  PRIMARY KEY  (`id_image_type`),
  KEY `image_type_name` (`name`)
) ENGINE=MyISAM AUTO_INCREMENT=9 DEFAULT CHARSET=utf8;

INSERT INTO `pss_image_type` VALUES (1,'small',45,45,1,1,1,1,0,1),(2,'medium',80,80,1,1,1,1,0,1),(3,'large',300,300,1,1,1,1,0,1),(4,'thickbox',600,600,1,0,0,0,0,1),(5,'category',500,150,0,1,0,0,0,1),(6,'home',129,129,1,0,0,0,0,1),(7,'large_scene',556,200,0,0,0,0,1,1),(8,'thumb_scene',161,58,0,0,0,0,1,1);
CREATE TABLE `pss_import_match` (
  `id_import_match` int(10) NOT NULL auto_increment,
  `name` varchar(32) NOT NULL,
  `match` text NOT NULL,
  `skip` int(2) NOT NULL,
  PRIMARY KEY  (`id_import_match`)
) ENGINE=MyISAM DEFAULT CHARSET=utf8;

CREATE TABLE `pss_lang` (
  `id_lang` int(10) unsigned NOT NULL auto_increment,
  `name` varchar(32) NOT NULL,
  `active` tinyint(3) unsigned NOT NULL default '0',
  `iso_code` char(2) NOT NULL,
  `language_code` char(5) NOT NULL,
  `is_rtl` tinyint(1) NOT NULL default '0',
  PRIMARY KEY  (`id_lang`),
  KEY `lang_iso_code` (`iso_code`)
) ENGINE=MyISAM AUTO_INCREMENT=12 DEFAULT CHARSET=utf8;

INSERT INTO `pss_lang` VALUES (1,'English (English)',1,'en','en-us',0),(2,'Français (French)',1,'fr','fr',0),(3,'Español (Spanish)',1,'es','es',0),(4,'Deutsch (German)',1,'de','de',0),(5,'Italiano (Italian)',1,'it','it',0),(6,'Lithuanian',1,'lt','lt',0),(7,'Czech',1,'cs','cs',0),(8,'Dutch',1,'nl','nl',0),(9,'Finnish',1,'fi','fi',0),(10,'Polish',1,'pl','pl',0),(11,'Portuguese',1,'pt','pt',0);
CREATE TABLE `pss_log` (
  `id_log` int(10) unsigned NOT NULL auto_increment,
  `severity` tinyint(1) NOT NULL,
  `error_code` int(11) default NULL,
  `message` text NOT NULL,
  `object_type` varchar(32) default NULL,
  `object_id` int(10) unsigned default NULL,
  `date_add` datetime NOT NULL,
  `date_upd` datetime NOT NULL,
  PRIMARY KEY  (`id_log`)
) ENGINE=MyISAM DEFAULT CHARSET=utf8;

CREATE TABLE `pss_manufacturer` (
  `id_manufacturer` int(10) unsigned NOT NULL auto_increment,
  `name` varchar(64) NOT NULL,
  `date_add` datetime NOT NULL,
  `date_upd` datetime NOT NULL,
  `active` tinyint(1) NOT NULL default '0',
  PRIMARY KEY  (`id_manufacturer`)
) ENGINE=MyISAM AUTO_INCREMENT=10 DEFAULT CHARSET=utf8;

INSERT INTO `pss_manufacturer` VALUES (4,'TOSHIBA','2011-11-07 11:58:05','2011-11-07 11:58:05',1),(3,'HKC','2011-11-07 11:57:44','2011-11-07 11:57:44',1),(5,'WesternDigital','2011-11-07 11:58:32','2011-11-07 11:58:32',1),(6,'ASUS','2011-11-21 20:04:07','2011-11-21 20:04:07',1),(7,'Micro Star International','2011-11-21 20:04:50','2011-11-21 20:04:50',1),(8,'Maxtor','2011-12-01 12:11:47','2011-12-01 12:11:47',1),(9,'Compaq','2011-12-01 15:22:03','2011-12-01 15:22:03',1);
CREATE TABLE `pss_manufacturer_lang` (
  `id_manufacturer` int(10) unsigned NOT NULL,
  `id_lang` int(10) unsigned NOT NULL,
  `description` text,
  `short_description` varchar(254) default NULL,
  `meta_title` varchar(128) default NULL,
  `meta_keywords` varchar(255) default NULL,
  `meta_description` varchar(255) default NULL,
  PRIMARY KEY  (`id_manufacturer`,`id_lang`)
) ENGINE=MyISAM DEFAULT CHARSET=utf8;

INSERT INTO `pss_manufacturer_lang` VALUES (4,1,'','','','',''),(3,11,'','','','',''),(3,10,'','','','',''),(3,9,'','','','',''),(3,8,'','','','',''),(3,7,'','','','',''),(3,6,'','','','',''),(3,5,'','','','',''),(3,4,'','','','',''),(3,3,'','','','',''),(3,2,'','','','',''),(3,1,'','','','',''),(4,2,'','','','',''),(4,3,'','','','',''),(4,4,'','','','',''),(4,5,'','','','',''),(4,6,'','','','',''),(4,7,'','','','',''),(4,8,'','','','',''),(4,9,'','','','',''),(4,10,'','','','',''),(4,11,'','','','',''),(5,1,'','','','',''),(5,2,'','','','',''),(5,3,'','','','',''),(5,4,'','','','',''),(5,5,'','','','',''),(5,6,'','','','',''),(5,7,'','','','',''),(5,8,'','','','',''),(5,9,'','','','',''),(5,10,'','','','',''),(5,11,'','','','',''),(6,1,'','','','',''),(6,2,'','','','',''),(6,3,'','','','',''),(6,4,'','','','',''),(6,5,'','','','',''),(6,6,'','','','',''),(6,7,'','','','',''),(6,8,'','','','',''),(6,9,'','','','',''),(6,10,'','','','',''),(6,11,'','','','',''),(7,1,'','','','',''),(7,2,'','','','',''),(7,3,'','','','',''),(7,4,'','','','',''),(7,5,'','','','',''),(7,6,'','','','',''),(7,7,'','','','',''),(7,8,'','','','',''),(7,9,'','','','',''),(7,10,'','','','',''),(7,11,'','','','',''),(8,1,'','','','',''),(8,2,'','','','',''),(8,3,'','','','',''),(8,4,'','','','',''),(8,5,'','','','',''),(8,6,'','','','',''),(8,7,'','','','',''),(8,8,'','','','',''),(8,9,'','','','',''),(8,10,'','','','',''),(8,11,'','','','',''),(9,1,'','','','',''),(9,2,'','','','',''),(9,3,'','','','',''),(9,4,'','','','',''),(9,5,'','','','',''),(9,6,'','','','',''),(9,7,'','','','',''),(9,8,'','','','',''),(9,9,'','','','',''),(9,10,'','','','',''),(9,11,'','','','','');
CREATE TABLE `pss_memcached_servers` (
  `id_memcached_server` int(11) unsigned NOT NULL auto_increment,
  `ip` varchar(254) NOT NULL,
  `port` int(11) unsigned NOT NULL,
  `weight` int(11) unsigned NOT NULL,
  PRIMARY KEY  (`id_memcached_server`)
) ENGINE=MyISAM DEFAULT CHARSET=utf8;

CREATE TABLE `pss_message` (
  `id_message` int(10) unsigned NOT NULL auto_increment,
  `id_cart` int(10) unsigned default NULL,
  `id_customer` int(10) unsigned NOT NULL,
  `id_employee` int(10) unsigned default NULL,
  `id_order` int(10) unsigned NOT NULL,
  `message` text NOT NULL,
  `private` tinyint(1) unsigned NOT NULL default '1',
  `date_add` datetime NOT NULL,
  PRIMARY KEY  (`id_message`),
  KEY `message_order` (`id_order`),
  KEY `id_cart` (`id_cart`),
  KEY `id_customer` (`id_customer`),
  KEY `id_employee` (`id_employee`)
) ENGINE=MyISAM DEFAULT CHARSET=utf8;

CREATE TABLE `pss_message_readed` (
  `id_message` int(10) unsigned NOT NULL,
  `id_employee` int(10) unsigned NOT NULL,
  `date_add` datetime NOT NULL,
  PRIMARY KEY  (`id_message`,`id_employee`)
) ENGINE=MyISAM DEFAULT CHARSET=utf8;

CREATE TABLE `pss_meta` (
  `id_meta` int(10) unsigned NOT NULL auto_increment,
  `page` varchar(64) NOT NULL,
  PRIMARY KEY  (`id_meta`),
  KEY `meta_name` (`page`)
) ENGINE=MyISAM AUTO_INCREMENT=26 DEFAULT CHARSET=utf8;


CREATE TABLE `pss_meta_lang` (
  `id_meta` int(10) unsigned NOT NULL,
  `id_lang` int(10) unsigned NOT NULL,
  `title` varchar(128) default NULL,
  `description` varchar(255) default NULL,
  `keywords` varchar(255) default NULL,
  `url_rewrite` varchar(254) NOT NULL,
  PRIMARY KEY  (`id_meta`,`id_lang`)
) ENGINE=MyISAM DEFAULT CHARSET=utf8;


CREATE TABLE `pss_module` (
  `id_module` int(10) unsigned NOT NULL auto_increment,
  `name` varchar(64) NOT NULL,
  `active` tinyint(1) unsigned NOT NULL default '0',
  PRIMARY KEY  (`id_module`),
  KEY `name` (`name`)
) ENGINE=MyISAM AUTO_INCREMENT=77 DEFAULT CHARSET=utf8;

INSERT INTO `pss_module` VALUES (1,'homefeatured',1),(2,'gsitemap',1),(3,'cheque',0),(4,'moneybookers',0),(5,'editorial',1),(71,'bankwire',1),(7,'blockadvertising',0),(8,'blockbestsellers',0),(9,'blockcart',1),(10,'blockcategories',1),(11,'blockcurrencies',1),(12,'blockcms',1),(13,'blocklanguages',1),(14,'blockmanufacturer',0),(15,'blockmyaccount',1),(16,'blocknewproducts',0),(17,'blockpaymentlogo',0),(18,'blockpermanentlinks',0),(19,'blocksearch',0),(20,'blockspecials',1),(21,'blocktags',0),(22,'blockuserinfo',1),(24,'blockviewed',0),(25,'statsdata',1),(26,'statsvisits',1),(27,'statssales',1),(28,'statsregistrations',1),(30,'statspersonalinfos',1),(31,'statslive',1),(32,'statsequipment',1),(33,'statscatalog',1),(34,'graphvisifire',1),(35,'graphxmlswfcharts',1),(36,'graphgooglechart',1),(37,'graphartichow',1),(39,'gridhtml',1),(40,'statsbestcustomers',1),(41,'statsorigin',1),(42,'pagesnotfound',1),(43,'sekeywords',1),(44,'statsproduct',1),(45,'statsbestproducts',1),(46,'statsbestcategories',1),(47,'statsbestvouchers',1),(48,'statsbestsuppliers',1),(49,'statscarrier',1),(50,'statsnewsletter',1),(51,'statssearch',1),(52,'statscheckup',1),(53,'statsstock',1),(54,'blockstore',0),(55,'statsforecast',1),(56,'themeinstallator',1),(57,'blockcategoriestop',1),(58,'blockheaderlogos',1),(59,'blockadhome',1),(60,'blocksearchcenter',1),(61,'captcha',1),(62,'twenga',1),(63,'paypal',1),(73,'importerosc',1),(66,'shopimporter',1),(70,'cashondelivery',1),(68,'dibs',0),(69,'blockhomescenehome',1),(72,'vatnumber',1),(74,'blocknovapdf',1),(75,'shippingestimate',1),(76,'blockspecialscarousel',1);
CREATE TABLE `pss_module_country` (
  `id_module` int(10) unsigned NOT NULL,
  `id_country` int(10) unsigned NOT NULL,
  PRIMARY KEY  (`id_module`,`id_country`)
) ENGINE=MyISAM DEFAULT CHARSET=utf8;

INSERT INTO `pss_module_country` VALUES (63,3),(63,8),(63,12),(70,3),(70,8),(70,12),(71,3),(71,8),(71,12);
CREATE TABLE `pss_module_currency` (
  `id_module` int(10) unsigned NOT NULL,
  `id_currency` int(11) NOT NULL,
  PRIMARY KEY  (`id_module`,`id_currency`),
  KEY `id_module` (`id_module`)
) ENGINE=MyISAM DEFAULT CHARSET=utf8;

INSERT INTO `pss_module_currency` VALUES (63,-2),(71,1);
CREATE TABLE `pss_module_group` (
  `id_module` int(10) unsigned NOT NULL,
  `id_group` int(11) unsigned NOT NULL,
  PRIMARY KEY  (`id_module`,`id_group`)
) ENGINE=MyISAM DEFAULT CHARSET=utf8;

INSERT INTO `pss_module_group` VALUES (3,1),(4,1),(62,1),(63,1),(68,1),(70,1),(71,1);
CREATE TABLE `pss_operating_system` (
  `id_operating_system` int(10) unsigned NOT NULL auto_increment,
  `name` varchar(64) default NULL,
  PRIMARY KEY  (`id_operating_system`)
) ENGINE=MyISAM AUTO_INCREMENT=5 DEFAULT CHARSET=utf8;

INSERT INTO `pss_operating_system` VALUES (1,'Windows XP'),(2,'Windows Vista'),(3,'MacOsX'),(4,'Linux');
CREATE TABLE `pss_order_detail` (
  `id_order_detail` int(10) unsigned NOT NULL auto_increment,
  `id_order` int(10) unsigned NOT NULL,
  `product_id` int(10) unsigned NOT NULL,
  `product_attribute_id` int(10) unsigned default NULL,
  `product_name` varchar(255) NOT NULL,
  `product_quantity` int(10) unsigned NOT NULL default '0',
  `product_quantity_in_stock` int(10) NOT NULL default '0',
  `product_quantity_refunded` int(10) unsigned NOT NULL default '0',
  `product_quantity_return` int(10) unsigned NOT NULL default '0',
  `product_quantity_reinjected` int(10) unsigned NOT NULL default '0',
  `product_price` decimal(20,6) NOT NULL default '0.000000',
  `reduction_percent` decimal(10,2) NOT NULL default '0.00',
  `reduction_amount` decimal(20,6) NOT NULL default '0.000000',
  `group_reduction` decimal(10,2) NOT NULL default '0.00',
  `product_quantity_discount` decimal(20,6) NOT NULL default '0.000000',
  `product_ean13` varchar(13) default NULL,
  `product_upc` varchar(12) default NULL,
  `product_reference` varchar(32) default NULL,
  `product_supplier_reference` varchar(32) default NULL,
  `product_weight` float NOT NULL,
  `tax_name` varchar(16) NOT NULL,
  `tax_rate` decimal(10,3) NOT NULL default '0.000',
  `ecotax` decimal(21,6) NOT NULL default '0.000000',
  `ecotax_tax_rate` decimal(5,3) NOT NULL default '0.000',
  `discount_quantity_applied` tinyint(1) NOT NULL default '0',
  `download_hash` varchar(255) default NULL,
  `download_nb` int(10) unsigned default '0',
  `download_deadline` datetime default '0000-00-00 00:00:00',
  PRIMARY KEY  (`id_order_detail`),
  KEY `order_detail_order` (`id_order`),
  KEY `product_id` (`product_id`),
  KEY `product_attribute_id` (`product_attribute_id`),
  KEY `id_order_id_order_detail` (`id_order`,`id_order_detail`)
) ENGINE=MyISAM AUTO_INCREMENT=3 DEFAULT CHARSET=utf8;

INSERT INTO `pss_order_detail` VALUES (1,1,7,23,'iPod touch - Capacité: 32Go',1,0,0,0,0,'392.140500','0.00','0.000000','0.00','0.000000',NULL,NULL,NULL,NULL,0,'TVA 19.6%','19.600','0.000000','0.000',0,'',0,'0000-00-00 00:00:00'),(2,1,9,0,'Écouteurs à isolation sonore Shure SE210',1,0,0,0,0,'124.581900','0.00','0.000000','0.00','0.000000',NULL,NULL,NULL,NULL,0,'TVA 19.6%','19.600','0.000000','0.000',0,'',0,'0000-00-00 00:00:00');
CREATE TABLE `pss_order_discount` (
  `id_order_discount` int(10) unsigned NOT NULL auto_increment,
  `id_order` int(10) unsigned NOT NULL,
  `id_discount` int(10) unsigned NOT NULL,
  `name` varchar(32) NOT NULL,
  `value` decimal(17,2) NOT NULL default '0.00',
  PRIMARY KEY  (`id_order_discount`),
  KEY `order_discount_order` (`id_order`),
  KEY `id_discount` (`id_discount`)
) ENGINE=MyISAM DEFAULT CHARSET=utf8;

CREATE TABLE `pss_order_history` (
  `id_order_history` int(10) unsigned NOT NULL auto_increment,
  `id_employee` int(10) unsigned NOT NULL,
  `id_order` int(10) unsigned NOT NULL,
  `id_order_state` int(10) unsigned NOT NULL,
  `date_add` datetime NOT NULL,
  PRIMARY KEY  (`id_order_history`),
  KEY `order_history_order` (`id_order`),
  KEY `id_employee` (`id_employee`),
  KEY `id_order_state` (`id_order_state`)
) ENGINE=MyISAM AUTO_INCREMENT=3 DEFAULT CHARSET=utf8;

INSERT INTO `pss_order_history` VALUES (1,0,1,1,'2011-05-16 15:49:18'),(2,2,1,6,'2011-11-07 11:59:17');
CREATE TABLE `pss_order_message` (
  `id_order_message` int(10) unsigned NOT NULL auto_increment,
  `date_add` datetime NOT NULL,
  PRIMARY KEY  (`id_order_message`)
) ENGINE=MyISAM AUTO_INCREMENT=2 DEFAULT CHARSET=utf8;

INSERT INTO `pss_order_message` VALUES (1,'2011-05-16 15:49:19');
CREATE TABLE `pss_order_message_lang` (
  `id_order_message` int(10) unsigned NOT NULL,
  `id_lang` int(10) unsigned NOT NULL,
  `name` varchar(128) NOT NULL,
  `message` text NOT NULL,
  PRIMARY KEY  (`id_order_message`,`id_lang`)
) ENGINE=MyISAM DEFAULT CHARSET=utf8;

INSERT INTO `pss_order_message_lang` VALUES (1,1,'Delay','Hi,\n\nUnfortunately, an item on your order is currently out of stock. This may cause a slight delay in delivery.\nPlease accept our apologies and rest assured that we are working hard to rectify this.\n\nBest regards,'),(1,2,'Délai','Bonjour,\n\nUn des éléments de votre commande est actuellement en réapprovisionnement, ce qui peut légèrement retarder son envoi.\n\nMerci de votre compréhension.\n\nCordialement,'),(1,3,'Plazo','Hola,\n\nUno de los elementos de su solicitud se encuentra actualmente la reposición, el cual poco puede retrasar el envío.\n\nGracias por su comprensión.\n\nSaludos cordiales,'),(1,4,'Frist','Hi,\n\nLeider ist einer der Artikel aus Ihrer Bestellung momentan nicht auf Lager. Dies kann zu einer leichten Lieferverzögerung führen. Wir entschuldigen uns hierfür und bemühen uns schnellstens um Abhilfe.\n\nMit freundlichen Grüßen,'),(1,5,'Ritardo','Salve,\n\npurtroppo un articolo che hai ordinato non è al momento in magazzino. Questo potrebbe provocare un leggero ritardo nella consegna.\nTi preghiamo di scusarci; ci stiamo organizzando per ovviare a questo inconveniente.\n\nCordialmente,'),(1,6,'Delay','Hi,\n\nUnfortunately, an item on your order is currently out of stock. This may cause a slight delay in delivery.\nPlease accept our apologies and rest assured that we are working hard to rectify this.\n\nBest regards,'),(1,7,'Delay','Hi,\n\nUnfortunately, an item on your order is currently out of stock. This may cause a slight delay in delivery.\nPlease accept our apologies and rest assured that we are working hard to rectify this.\n\nBest regards,'),(1,8,'Delay','Hi,\n\nUnfortunately, an item on your order is currently out of stock. This may cause a slight delay in delivery.\nPlease accept our apologies and rest assured that we are working hard to rectify this.\n\nBest regards,'),(1,9,'Delay','Hi,\n\nUnfortunately, an item on your order is currently out of stock. This may cause a slight delay in delivery.\nPlease accept our apologies and rest assured that we are working hard to rectify this.\n\nBest regards,'),(1,10,'Delay','Hi,\n\nUnfortunately, an item on your order is currently out of stock. This may cause a slight delay in delivery.\nPlease accept our apologies and rest assured that we are working hard to rectify this.\n\nBest regards,'),(1,11,'Delay','Hi,\n\nUnfortunately, an item on your order is currently out of stock. This may cause a slight delay in delivery.\nPlease accept our apologies and rest assured that we are working hard to rectify this.\n\nBest regards,');
CREATE TABLE `pss_order_return` (
  `id_order_return` int(10) unsigned NOT NULL auto_increment,
  `id_customer` int(10) unsigned NOT NULL,
  `id_order` int(10) unsigned NOT NULL,
  `state` tinyint(1) unsigned NOT NULL default '1',
  `question` text NOT NULL,
  `date_add` datetime NOT NULL,
  `date_upd` datetime NOT NULL,
  PRIMARY KEY  (`id_order_return`),
  KEY `order_return_customer` (`id_customer`),
  KEY `id_order` (`id_order`)
) ENGINE=MyISAM DEFAULT CHARSET=utf8;

CREATE TABLE `pss_order_return_detail` (
  `id_order_return` int(10) unsigned NOT NULL,
  `id_order_detail` int(10) unsigned NOT NULL,
  `id_customization` int(10) unsigned NOT NULL default '0',
  `product_quantity` int(10) unsigned NOT NULL default '0',
  PRIMARY KEY  (`id_order_return`,`id_order_detail`,`id_customization`)
) ENGINE=MyISAM DEFAULT CHARSET=utf8;

CREATE TABLE `pss_order_return_state` (
  `id_order_return_state` int(10) unsigned NOT NULL auto_increment,
  `color` varchar(32) default NULL,
  PRIMARY KEY  (`id_order_return_state`)
) ENGINE=MyISAM AUTO_INCREMENT=6 DEFAULT CHARSET=utf8;

INSERT INTO `pss_order_return_state` VALUES (1,'#ADD8E6'),(2,'#EEDDFF'),(3,'#DDFFAA'),(4,'#FFD3D3'),(5,'#FFFFBB');
CREATE TABLE `pss_order_return_state_lang` (
  `id_order_return_state` int(10) unsigned NOT NULL,
  `id_lang` int(10) unsigned NOT NULL,
  `name` varchar(64) NOT NULL,
  UNIQUE KEY `order_state_lang_index` (`id_order_return_state`,`id_lang`)
) ENGINE=MyISAM DEFAULT CHARSET=utf8;

INSERT INTO `pss_order_return_state_lang` VALUES (1,1,'Waiting for confirmation'),(2,1,'Waiting for package'),(3,1,'Package received'),(4,1,'Return denied'),(5,1,'Return completed'),(1,2,'En attente de confirmation'),(2,2,'En attente du colis'),(3,2,'Colis reçu'),(4,2,'Retour refusé'),(5,2,'Retour terminé'),(1,3,'Pendiente de confirmación'),(2,3,'En espera de paquetes'),(3,3,'Paquetes recibidos'),(4,3,'Volver negó'),(5,3,'Diligenciados'),(1,4,'Bestätigung wird erwartet'),(2,4,'Paket wird erwartet'),(3,4,'Paket erhalten'),(4,4,'Rücksendung abgelehnt'),(5,4,'Rücksendung beendet'),(1,5,'In attesa di conferma'),(2,5,'In attesa del pacco'),(3,5,'Pacco ricevuto'),(4,5,'Restituzione non accettata'),(5,5,'Restituzione terminata'),(1,6,'Waiting for confirmation'),(2,6,'Waiting for package'),(3,6,'Package received'),(4,6,'Return denied'),(5,6,'Return completed'),(1,7,'Waiting for confirmation'),(2,7,'Waiting for package'),(3,7,'Package received'),(4,7,'Return denied'),(5,7,'Return completed'),(1,8,'Waiting for confirmation'),(2,8,'Waiting for package'),(3,8,'Package received'),(4,8,'Return denied'),(5,8,'Return completed'),(1,9,'Waiting for confirmation'),(2,9,'Waiting for package'),(3,9,'Package received'),(4,9,'Return denied'),(5,9,'Return completed'),(1,10,'Waiting for confirmation'),(2,10,'Waiting for package'),(3,10,'Package received'),(4,10,'Return denied'),(5,10,'Return completed'),(1,11,'Waiting for confirmation'),(2,11,'Waiting for package'),(3,11,'Package received'),(4,11,'Return denied'),(5,11,'Return completed');
CREATE TABLE `pss_order_slip` (
  `id_order_slip` int(10) unsigned NOT NULL auto_increment,
  `conversion_rate` decimal(13,6) NOT NULL default '1.000000',
  `id_customer` int(10) unsigned NOT NULL,
  `id_order` int(10) unsigned NOT NULL,
  `shipping_cost` tinyint(3) unsigned NOT NULL default '0',
  `date_add` datetime NOT NULL,
  `date_upd` datetime NOT NULL,
  PRIMARY KEY  (`id_order_slip`),
  KEY `order_slip_customer` (`id_customer`),
  KEY `id_order` (`id_order`)
) ENGINE=MyISAM DEFAULT CHARSET=utf8;

CREATE TABLE `pss_order_slip_detail` (
  `id_order_slip` int(10) unsigned NOT NULL,
  `id_order_detail` int(10) unsigned NOT NULL,
  `product_quantity` int(10) unsigned NOT NULL default '0',
  PRIMARY KEY  (`id_order_slip`,`id_order_detail`)
) ENGINE=MyISAM DEFAULT CHARSET=utf8;

CREATE TABLE `pss_order_state` (
  `id_order_state` int(10) unsigned NOT NULL auto_increment,
  `invoice` tinyint(1) unsigned default '0',
  `send_email` tinyint(1) unsigned NOT NULL default '0',
  `color` varchar(32) default NULL,
  `unremovable` tinyint(1) unsigned NOT NULL,
  `hidden` tinyint(1) unsigned NOT NULL default '0',
  `logable` tinyint(1) NOT NULL default '0',
  `delivery` tinyint(1) unsigned NOT NULL default '0',
  PRIMARY KEY  (`id_order_state`)
) ENGINE=MyISAM AUTO_INCREMENT=13 DEFAULT CHARSET=utf8;

INSERT INTO `pss_order_state` VALUES (1,0,1,'lightblue',1,0,0,0),(2,1,1,'#DDEEFF',1,0,1,0),(3,1,1,'#FFDD99',1,0,1,1),(4,1,1,'#EEDDFF',1,0,1,1),(5,1,0,'#DDFFAA',1,0,1,1),(6,0,1,'#DADADA',1,0,0,0),(7,1,1,'#FFFFBB',1,0,0,0),(8,0,1,'#FFDFDF',1,0,0,0),(9,1,1,'#FFD3D3',1,0,0,0),(10,0,1,'lightblue',1,0,0,0),(11,0,0,'lightblue',1,0,0,0),(12,1,0,'#DDEEFF',0,0,1,0);
CREATE TABLE `pss_order_state_lang` (
  `id_order_state` int(10) unsigned NOT NULL,
  `id_lang` int(10) unsigned NOT NULL,
  `name` varchar(64) NOT NULL,
  `template` varchar(64) NOT NULL,
  UNIQUE KEY `order_state_lang_index` (`id_order_state`,`id_lang`)
) ENGINE=MyISAM DEFAULT CHARSET=utf8;

INSERT INTO `pss_order_state_lang` VALUES (1,1,'Awaiting cheque payment','cheque'),(2,1,'Payment accepted','payment'),(3,1,'Preparation in progress','preparation'),(4,1,'Shipped','shipped'),(5,1,'Delivered',''),(6,1,'Canceled','order_canceled'),(7,1,'Refund','refund'),(8,1,'Payment error','payment_error'),(9,1,'On backorder','outofstock'),(10,1,'Awaiting bank wire payment','bankwire'),(11,1,'Awaiting PayPal payment',''),(1,2,'En attente du paiement par chèque','cheque'),(2,2,'Paiement accepté','payment'),(3,2,'Préparation en cours','preparation'),(4,2,'En cours de livraison','shipped'),(5,2,'Livré',''),(6,2,'Annulé','order_canceled'),(7,2,'Remboursé','refund'),(8,2,'Erreur de paiement','payment_error'),(9,2,'En attente de réapprovisionnement','outofstock'),(10,2,'En attente du paiement par virement bancaire','bankwire'),(11,2,'En attente du paiement par PayPal',''),(1,3,'En espera de pago por cheque','cheque'),(2,3,'Pago aceptamos','payment'),(3,3,'Preparación en curso','preparation'),(4,3,'Enviado','shipped'),(5,3,'Entregado',''),(6,3,'Cancelada','order_canceled'),(7,3,'Reembolsado','refund'),(8,3,'Error de pago','payment_error'),(9,3,'Productos fuera de línea','outofstock'),(10,3,'En espera de pago por transferencia bancaria','bankwire'),(11,3,'En espera de pago por PayPal',''),(1,4,'Scheckzahlung wird erwartet','cheque'),(2,4,'Zahlung eingegangen','payment'),(3,4,'Bestellung eingegangen','preparation'),(4,4,'Versendet','shipped'),(5,4,'Erfolgreich abgeschlossen',''),(6,4,'Storniert','order_canceled'),(7,4,'Erstattet','refund'),(8,4,'Fehler bei der Bezahlung','payment_error'),(9,4,'Artikel erwartet','outofstock'),(10,4,'Warten auf Zahlungseingang','bankwire'),(11,4,'Warten auf Zahlungseingang von PayPal',''),(1,5,'In attesa di pagamento con assegno','cheque'),(2,5,'Pagamento accettato','payment'),(3,5,'Preparazione in corso','preparation'),(4,5,'Consegna in corso','shipped'),(5,5,'Consegnato',''),(6,5,'Annullato','order_canceled'),(7,5,'Rimborsato','refund'),(8,5,'Errore di pagamento','payment_error'),(9,5,'In attesa di rifornimento','outofstock'),(10,5,'In attesa di pagamento con bonifico bancario','bankwire'),(11,5,'In attesa di pagamento con PayPal',''),(1,6,'Awaiting cheque payment','cheque'),(2,6,'Payment accepted','payment'),(3,6,'Preparation in progress','preparation'),(4,6,'Shipped','shipped'),(5,6,'Delivered',''),(6,6,'Canceled','order_canceled'),(7,6,'Refund','refund'),(8,6,'Payment error','payment_error'),(9,6,'On backorder','outofstock'),(10,6,'Awaiting bank wire payment','bankwire'),(11,6,'Awaiting PayPal payment',''),(1,7,'Awaiting cheque payment','cheque'),(2,7,'Payment accepted','payment'),(3,7,'Preparation in progress','preparation'),(4,7,'Shipped','shipped'),(5,7,'Delivered',''),(6,7,'Canceled','order_canceled'),(7,7,'Refund','refund'),(8,7,'Payment error','payment_error'),(9,7,'On backorder','outofstock'),(10,7,'Awaiting bank wire payment','bankwire'),(11,7,'Awaiting PayPal payment',''),(1,8,'Awaiting cheque payment','cheque'),(2,8,'Payment accepted','payment'),(3,8,'Preparation in progress','preparation'),(4,8,'Shipped','shipped'),(5,8,'Delivered',''),(6,8,'Canceled','order_canceled'),(7,8,'Refund','refund'),(8,8,'Payment error','payment_error'),(9,8,'On backorder','outofstock'),(10,8,'Awaiting bank wire payment','bankwire'),(11,8,'Awaiting PayPal payment',''),(1,9,'Awaiting cheque payment','cheque'),(2,9,'Payment accepted','payment'),(3,9,'Preparation in progress','preparation'),(4,9,'Shipped','shipped'),(5,9,'Delivered',''),(6,9,'Canceled','order_canceled'),(7,9,'Refund','refund'),(8,9,'Payment error','payment_error'),(9,9,'On backorder','outofstock'),(10,9,'Awaiting bank wire payment','bankwire'),(11,9,'Awaiting PayPal payment',''),(1,10,'Awaiting cheque payment','cheque'),(2,10,'Payment accepted','payment'),(3,10,'Preparation in progress','preparation'),(4,10,'Shipped','shipped'),(5,10,'Delivered',''),(6,10,'Canceled','order_canceled'),(7,10,'Refund','refund'),(8,10,'Payment error','payment_error'),(9,10,'On backorder','outofstock'),(10,10,'Awaiting bank wire payment','bankwire'),(11,10,'Awaiting PayPal payment',''),(1,11,'Awaiting cheque payment','cheque'),(2,11,'Payment accepted','payment'),(3,11,'Preparation in progress','preparation'),(4,11,'Shipped','shipped'),(5,11,'Delivered',''),(6,11,'Canceled','order_canceled'),(7,11,'Refund','refund'),(8,11,'Payment error','payment_error'),(9,11,'On backorder','outofstock'),(10,11,'Awaiting bank wire payment','bankwire'),(11,11,'Awaiting PayPal payment',''),(12,1,'Authorization accepted from PayPal',''),(12,2,'Autorisation acceptée par PayPal',''),(12,3,'Authorization accepted from PayPal',''),(12,4,'PayPal Anmeldung erfolgreich',''),(12,5,'Authorization accepted from PayPal',''),(12,6,'Authorization accepted from PayPal',''),(12,7,'Authorization accepted from PayPal',''),(12,8,'Authorization accepted from PayPal',''),(12,9,'Authorization accepted from PayPal',''),(12,10,'Authorization accepted from PayPal',''),(12,11,'Authorization accepted from PayPal','');
CREATE TABLE `pss_orders` (
  `id_order` int(10) unsigned NOT NULL auto_increment,
  `id_carrier` int(10) unsigned NOT NULL,
  `id_lang` int(10) unsigned NOT NULL,
  `id_customer` int(10) unsigned NOT NULL,
  `id_cart` int(10) unsigned NOT NULL,
  `id_currency` int(10) unsigned NOT NULL,
  `id_address_delivery` int(10) unsigned NOT NULL,
  `id_address_invoice` int(10) unsigned NOT NULL,
  `secure_key` varchar(32) NOT NULL default '-1',
  `payment` varchar(255) NOT NULL,
  `conversion_rate` decimal(13,6) NOT NULL default '1.000000',
  `module` varchar(255) default NULL,
  `recyclable` tinyint(1) unsigned NOT NULL default '0',
  `gift` tinyint(1) unsigned NOT NULL default '0',
  `gift_message` text,
  `shipping_number` varchar(32) default NULL,
  `total_discounts` decimal(17,2) NOT NULL default '0.00',
  `total_paid` decimal(17,2) NOT NULL default '0.00',
  `total_paid_real` decimal(17,2) NOT NULL default '0.00',
  `total_products` decimal(17,2) NOT NULL default '0.00',
  `total_products_wt` decimal(17,2) NOT NULL default '0.00',
  `total_shipping` decimal(17,2) NOT NULL default '0.00',
  `carrier_tax_rate` decimal(10,3) NOT NULL default '0.000',
  `total_wrapping` decimal(17,2) NOT NULL default '0.00',
  `invoice_number` int(10) unsigned NOT NULL default '0',
  `delivery_number` int(10) unsigned NOT NULL default '0',
  `invoice_date` datetime NOT NULL,
  `delivery_date` datetime NOT NULL,
  `valid` int(1) unsigned NOT NULL default '0',
  `date_add` datetime NOT NULL,
  `date_upd` datetime NOT NULL,
  PRIMARY KEY  (`id_order`),
  KEY `id_customer` (`id_customer`),
  KEY `id_cart` (`id_cart`),
  KEY `invoice_number` (`invoice_number`),
  KEY `id_carrier` (`id_carrier`),
  KEY `id_lang` (`id_lang`),
  KEY `id_currency` (`id_currency`),
  KEY `id_address_delivery` (`id_address_delivery`),
  KEY `id_address_invoice` (`id_address_invoice`),
  KEY `date_add` (`date_add`)
) ENGINE=MyISAM AUTO_INCREMENT=2 DEFAULT CHARSET=utf8;

INSERT INTO `pss_orders` VALUES (1,2,2,1,1,1,2,2,'47ce86627c1f3c792a80773c5d2deaf8','Chèque','1.000000','cheque',0,0,'','','0.00','625.98','625.98','516.72','618.00','7.98','0.000','0.00',0,0,'0000-00-00 00:00:00','0000-00-00 00:00:00',0,'2011-05-16 15:49:18','2011-11-07 11:59:17');
CREATE TABLE `pss_pack` (
  `id_product_pack` int(10) unsigned NOT NULL,
  `id_product_item` int(10) unsigned NOT NULL,
  `quantity` int(10) unsigned NOT NULL default '1',
  PRIMARY KEY  (`id_product_pack`,`id_product_item`)
) ENGINE=MyISAM DEFAULT CHARSET=utf8;

CREATE TABLE `pss_page` (
  `id_page` int(10) unsigned NOT NULL auto_increment,
  `id_page_type` int(10) unsigned NOT NULL,
  `id_object` int(10) unsigned default NULL,
  PRIMARY KEY  (`id_page`),
  KEY `id_page_type` (`id_page_type`),
  KEY `id_object` (`id_object`)
) ENGINE=MyISAM AUTO_INCREMENT=20 DEFAULT CHARSET=utf8;

INSERT INTO `pss_page` VALUES (1,15,NULL),(2,16,NULL),(3,2,4),(4,17,NULL),(5,18,NULL),(6,2,2),(7,2,3),(8,2,5),(9,2,6),(10,2,1),(11,2,7),(12,1,12),(13,1,13),(14,1,15),(15,2,8),(16,1,17),(17,1,18),(18,1,21),(19,19,NULL);
CREATE TABLE `pss_page_type` (
  `id_page_type` int(10) unsigned NOT NULL auto_increment,
  `name` varchar(255) NOT NULL,
  PRIMARY KEY  (`id_page_type`),
  KEY `name` (`name`)
) ENGINE=MyISAM AUTO_INCREMENT=20 DEFAULT CHARSET=utf8;

INSERT INTO `pss_page_type` VALUES (13,'authentication.php'),(11,'best-sales.php'),(2,'category.php'),(7,'cms.php'),(12,'contact-form.php'),(5,'index.php'),(4,'manufacturer.php'),(3,'order.php'),(10,'prices-drop.php'),(1,'product.php'),(8,'search.php'),(14,'sitemap.php'),(9,'stores.php'),(6,'supplier.php'),(15,'index.php'),(16,'cms.php'),(17,'404.php'),(18,'stores.php'),(19,'search.php');
CREATE TABLE `pss_page_viewed` (
  `id_page` int(10) unsigned NOT NULL,
  `id_date_range` int(10) unsigned NOT NULL,
  `counter` int(10) unsigned NOT NULL,
  PRIMARY KEY  (`id_page`,`id_date_range`)
) ENGINE=MyISAM DEFAULT CHARSET=utf8;

CREATE TABLE `pss_pagenotfound` (
  `id_pagenotfound` int(10) unsigned NOT NULL auto_increment,
  `request_uri` varchar(256) NOT NULL,
  `http_referer` varchar(256) NOT NULL,
  `date_add` datetime NOT NULL,
  PRIMARY KEY  (`id_pagenotfound`)
) ENGINE=MyISAM AUTO_INCREMENT=10 DEFAULT CHARSET=utf8;

INSERT INTO `pss_pagenotfound` VALUES (1,'/shop/administrator','','2011-07-30 10:05:30'),(2,'/shop/adm0','','2011-07-30 10:05:48'),(3,'/shop/admin0/%5C%22../modules/%22+row.name+%22/logo.gif%5C%22','https://eurovente.be/shop/admin0/index.php?tab=AdminModules&token=9cceeba661f4f1fdc3ca552183fd5a72','2011-07-30 14:41:00'),(4,'/shop/administrator/index.php?token=53c3a17f09fe3490794e9cc2ac12383a','','2011-11-07 10:21:50'),(5,'/shop/fr/content/cgv.pdf','http://eurovente.be/shop/fr/content/3-conditions-generales-de-ventes','2011-11-07 13:05:47'),(6,'/shop/fr/page-non-trouvee','http://eurovente.be/shop/fr/content/1-livraison','2011-11-07 13:26:37'),(7,'/shop/administrator/index.php?token=53c3a17f09fe3490794e9cc2ac12383a','','2011-11-16 17:20:50'),(8,'/shop/admin0/%5C%22/shop/img/loader.gif%5C%22','https://eurovente.be/shop/admin0/index.php?tab=AdminCatalog&id_category=7&id_product=12&token=6b07109c3bfba19246a4169b6bac77b0','2011-11-21 20:30:09'),(9,'/shop/administrator/index.php?token=53c3a17f09fe3490794e9cc2ac12383a','','2011-11-22 13:11:42');
CREATE TABLE `pss_payment_cc` (
  `id_payment_cc` int(11) NOT NULL auto_increment,
  `id_order` int(10) unsigned default NULL,
  `id_currency` int(10) unsigned NOT NULL,
  `amount` decimal(10,2) NOT NULL,
  `transaction_id` varchar(254) default NULL,
  `card_number` varchar(254) default NULL,
  `card_brand` varchar(254) default NULL,
  `card_expiration` char(7) default NULL,
  `card_holder` varchar(254) default NULL,
  `date_add` datetime NOT NULL,
  PRIMARY KEY  (`id_payment_cc`),
  KEY `id_order` (`id_order`)
) ENGINE=MyISAM DEFAULT CHARSET=utf8;

CREATE TABLE `pss_paypal_order` (
  `id_order` int(10) unsigned NOT NULL,
  `id_transaction` varchar(255) NOT NULL,
  `payment_method` int(10) unsigned NOT NULL,
  `payment_status` varchar(255) NOT NULL,
  `capture` int(10) unsigned NOT NULL,
  PRIMARY KEY  (`id_order`)
) ENGINE=MyISAM DEFAULT CHARSET=utf8;

CREATE TABLE `pss_product` (
  `id_product` int(10) unsigned NOT NULL auto_increment,
  `id_supplier` int(10) unsigned default NULL,
  `id_manufacturer` int(10) unsigned default NULL,
  `id_tax_rules_group` int(10) unsigned NOT NULL,
  `id_category_default` int(10) unsigned default NULL,
  `id_color_default` int(10) unsigned default NULL,
  `on_sale` tinyint(1) unsigned NOT NULL default '0',
  `online_only` tinyint(1) unsigned NOT NULL default '0',
  `ean13` varchar(13) default NULL,
  `upc` varchar(12) default NULL,
  `ecotax` decimal(17,6) NOT NULL default '0.000000',
  `quantity` int(10) NOT NULL default '0',
  `minimal_quantity` int(10) unsigned NOT NULL default '1',
  `price` decimal(20,6) NOT NULL default '0.000000',
  `wholesale_price` decimal(20,6) NOT NULL default '0.000000',
  `unity` varchar(255) default NULL,
  `unit_price_ratio` decimal(20,6) NOT NULL default '0.000000',
  `additional_shipping_cost` decimal(20,2) NOT NULL default '0.00',
  `reference` varchar(32) default NULL,
  `supplier_reference` varchar(32) default NULL,
  `location` varchar(64) default NULL,
  `width` float NOT NULL default '0',
  `height` float NOT NULL default '0',
  `depth` float NOT NULL default '0',
  `weight` float NOT NULL default '0',
  `out_of_stock` int(10) unsigned NOT NULL default '2',
  `quantity_discount` tinyint(1) default '0',
  `customizable` tinyint(2) NOT NULL default '0',
  `uploadable_files` tinyint(4) NOT NULL default '0',
  `text_fields` tinyint(4) NOT NULL default '0',
  `active` tinyint(1) unsigned NOT NULL default '0',
  `available_for_order` tinyint(1) NOT NULL default '1',
  `condition` enum('new','used','refurbished') NOT NULL default 'new',
  `show_price` tinyint(1) NOT NULL default '1',
  `indexed` tinyint(1) NOT NULL default '0',
  `cache_is_pack` tinyint(1) NOT NULL default '0',
  `cache_has_attachments` tinyint(1) NOT NULL default '0',
  `cache_default_attribute` int(10) unsigned default NULL,
  `date_add` datetime NOT NULL,
  `date_upd` datetime NOT NULL,
  PRIMARY KEY  (`id_product`),
  KEY `product_supplier` (`id_supplier`),
  KEY `product_manufacturer` (`id_manufacturer`),
  KEY `id_category_default` (`id_category_default`),
  KEY `id_color_default` (`id_color_default`),
  KEY `date_add` (`date_add`)
) ENGINE=MyISAM AUTO_INCREMENT=23 DEFAULT CHARSET=utf8;

INSERT INTO `pss_product` VALUES (15,0,0,1,7,0,0,0,'','','0.000000',1,1,'62.500000','0.000000','','0.000000','4.41','LP171WP4(tln2)','LP171WP4','',0,0,0,0,2,0,0,0,0,1,1,'new',1,1,0,0,NULL,'2011-11-20 18:26:23','2011-11-20 18:32:40'),(10,0,3,1,5,0,0,0,'','','0.000000',1,1,'99.166667','84.500000','','0.000000','4.41','HKCEC016525 ','2212','',562,440,105,3.5,1,0,0,0,0,1,1,'new',1,1,0,0,0,'2011-11-07 11:48:16','2011-11-07 12:09:57'),(11,0,0,1,6,0,1,0,'','','0.000000',9,1,'82.500000','74.000000','94.5','27.500000','4.41','','','',0,0,0,0.5,1,0,0,0,0,1,1,'new',1,1,0,0,0,'2011-11-07 13:57:26','2011-11-07 13:58:06'),(12,0,0,0,7,0,0,0,'','','0.000000',1,1,'10.000000','0.000000','','0.000000','0.00','B154EW01','B154EW01','',0,0,0,0,2,0,0,0,0,1,1,'new',1,1,0,0,NULL,'2011-11-20 13:49:53','2011-11-20 18:10:07'),(13,0,0,1,7,0,0,0,'','','0.000000',1,1,'21.000000','0.000000','','0.000000','0.00','B154EW02','B154EW02','',0,0,0,0,2,0,0,0,0,1,1,'new',1,1,0,0,NULL,'2011-11-20 18:10:52','2011-11-20 18:17:55'),(14,0,0,1,7,0,0,0,'','','0.000000',1,1,'32.500000','0.000000','','0.000000','4.41','B154EW04','B154EW04','',0,0,0,0,2,0,0,0,0,1,1,'new',1,1,0,0,NULL,'2011-11-20 18:14:30','2011-11-20 18:17:28'),(18,0,4,1,8,0,1,0,'','','0.000000',1,1,'332.500000','84.500000','','0.000000','4.41','C660D','','',0,0,0,0,1,0,0,0,0,1,1,'new',1,1,0,0,0,'2011-11-21 20:06:50','2011-12-01 15:08:28'),(17,0,3,1,8,0,0,0,'','','0.000000',1,1,'157.500000','84.500000','','0.000000','4.41','EEEPC1015','2212','',0,0,0,0,1,0,0,0,0,1,1,'new',1,1,0,0,0,'2011-11-21 20:02:00','2011-11-21 20:02:00'),(19,0,3,1,5,0,0,0,'','','0.000000',1,1,'74.166667','84.500000','','0.000000','4.41','HKCEC016525 ','1812','',562,440,105,3.5,1,0,0,0,0,1,1,'new',1,1,0,0,0,'2011-11-21 20:22:51','2011-12-14 15:57:20'),(20,0,0,1,7,0,0,0,'','','0.000000',1,1,'12.500000','0.000000','','0.000000','4.41','Maxtor 20060K0','Maxtor 20060K0','',0,0,0,0,2,0,0,0,0,1,1,'new',1,1,0,0,NULL,'2011-12-01 11:56:51','2011-12-01 12:01:02'),(21,0,9,1,8,0,1,0,'','','0.000000',3,1,'290.833333','84.500000','','0.000000','4.41','CQ56','','',0,0,0,0,1,0,0,0,0,1,1,'new',1,1,0,0,0,'2011-12-01 15:20:35','2011-12-01 15:31:11'),(22,0,0,1,7,0,0,0,'','','0.000000',1,1,'32.500000','0.000000','','0.000000','4.41','B154EW08','B154EW08','',0,0,0,0,2,0,0,0,0,1,1,'new',1,1,0,0,NULL,'2011-12-12 18:50:28','2011-12-12 18:51:16');
CREATE TABLE `pss_product_attachment` (
  `id_product` int(10) unsigned NOT NULL,
  `id_attachment` int(10) unsigned NOT NULL,
  PRIMARY KEY  (`id_product`,`id_attachment`)
) ENGINE=MyISAM DEFAULT CHARSET=utf8;

CREATE TABLE `pss_product_attribute` (
  `id_product_attribute` int(10) unsigned NOT NULL auto_increment,
  `id_product` int(10) unsigned NOT NULL,
  `reference` varchar(32) default NULL,
  `supplier_reference` varchar(32) default NULL,
  `location` varchar(64) default NULL,
  `ean13` varchar(13) default NULL,
  `upc` varchar(12) default NULL,
  `wholesale_price` decimal(20,6) NOT NULL default '0.000000',
  `price` decimal(20,6) NOT NULL default '0.000000',
  `ecotax` decimal(17,6) NOT NULL default '0.000000',
  `quantity` int(10) NOT NULL default '0',
  `weight` float NOT NULL default '0',
  `unit_price_impact` decimal(17,2) NOT NULL default '0.00',
  `default_on` tinyint(1) unsigned NOT NULL default '0',
  `minimal_quantity` int(10) unsigned NOT NULL default '1',
  PRIMARY KEY  (`id_product_attribute`),
  KEY `product_attribute_product` (`id_product`),
  KEY `reference` (`reference`),
  KEY `supplier_reference` (`supplier_reference`),
  KEY `product_default` (`id_product`,`default_on`),
  KEY `id_product_id_product_attribute` (`id_product_attribute`,`id_product`)
) ENGINE=MyISAM AUTO_INCREMENT=43 DEFAULT CHARSET=utf8;

CREATE TABLE `pss_product_attribute_combination` (
  `id_attribute` int(10) unsigned NOT NULL,
  `id_product_attribute` int(10) unsigned NOT NULL,
  PRIMARY KEY  (`id_attribute`,`id_product_attribute`),
  KEY `id_product_attribute` (`id_product_attribute`)
) ENGINE=MyISAM DEFAULT CHARSET=utf8;

CREATE TABLE `pss_product_attribute_image` (
  `id_product_attribute` int(10) unsigned NOT NULL,
  `id_image` int(10) unsigned NOT NULL,
  PRIMARY KEY  (`id_product_attribute`,`id_image`),
  KEY `id_image` (`id_image`)
) ENGINE=MyISAM DEFAULT CHARSET=utf8;

INSERT INTO `pss_product_attribute_image` VALUES (7,46),(8,47),(9,49),(10,48),(12,0),(13,0),(14,0),(15,0),(19,0),(22,0),(23,0),(25,38),(26,38),(27,45),(28,45),(29,44),(30,44),(31,37),(32,37),(33,40),(34,40),(35,41),(36,41),(39,39),(40,39),(41,42),(42,42);
CREATE TABLE `pss_product_country_tax` (
  `id_product` int(11) NOT NULL,
  `id_country` int(11) NOT NULL,
  `id_tax` int(11) NOT NULL,
  UNIQUE KEY `id_product` (`id_product`,`id_country`)
) ENGINE=MyISAM DEFAULT CHARSET=utf8;

CREATE TABLE `pss_product_download` (
  `id_product_download` int(10) unsigned NOT NULL auto_increment,
  `id_product` int(10) unsigned NOT NULL,
  `display_filename` varchar(255) default NULL,
  `physically_filename` varchar(255) default NULL,
  `date_deposit` datetime NOT NULL,
  `date_expiration` datetime default NULL,
  `nb_days_accessible` int(10) unsigned default NULL,
  `nb_downloadable` int(10) unsigned default '1',
  `active` tinyint(1) unsigned NOT NULL default '1',
  PRIMARY KEY  (`id_product_download`),
  KEY `product_active` (`id_product`,`active`)
) ENGINE=MyISAM DEFAULT CHARSET=utf8;

CREATE TABLE `pss_product_group_reduction_cache` (
  `id_product` int(10) unsigned NOT NULL,
  `id_group` int(10) unsigned NOT NULL,
  `reduction` decimal(4,3) NOT NULL,
  PRIMARY KEY  (`id_product`,`id_group`)
) ENGINE=MyISAM DEFAULT CHARSET=utf8;

CREATE TABLE `pss_product_lang` (
  `id_product` int(10) unsigned NOT NULL,
  `id_lang` int(10) unsigned NOT NULL,
  `description` text,
  `description_short` text,
  `link_rewrite` varchar(128) NOT NULL,
  `meta_description` varchar(255) default NULL,
  `meta_keywords` varchar(255) default NULL,
  `meta_title` varchar(128) default NULL,
  `name` varchar(128) NOT NULL,
  `available_now` varchar(255) default NULL,
  `available_later` varchar(255) default NULL,
  UNIQUE KEY `product_lang_index` (`id_product`,`id_lang`),
  KEY `id_lang` (`id_lang`),
  KEY `name` (`name`)
) ENGINE=MyISAM DEFAULT CHARSET=utf8;

INSERT INTO `pss_product_lang` VALUES (21,3,'','','ecrans-led-216-hkc','','','','ECRANS LED 21.6\" HKC','',''),(21,4,'','','ecrans-led-216-hkc','','','','ECRANS LED 21.6\" HKC','',''),(21,5,'','','ecrans-led-216-hkc','','','','ECRANS LED 21.6\" HKC','',''),(21,6,'','','ecrans-led-216-hkc','','','','ECRANS LED 21.6\" HKC','',''),(21,7,'','','ecrans-led-216-hkc','','','','ECRANS LED 21.6\" HKC','',''),(21,8,'','','ecrans-led-216-hkc','','','','ECRANS LED 21.6\" HKC','',''),(21,9,'','','ecrans-led-216-hkc','','','','ECRANS LED 21.6\" HKC','',''),(21,10,'','','ecrans-led-216-hkc','','','','ECRANS LED 21.6\" HKC','',''),(21,11,'','','ecrans-led-216-hkc','','','','ECRANS LED 21.6\" HKC','',''),(22,1,'','','dalle-occasion-b154ew01','','','','Dalle occasion B154EW01','',''),(22,2,'<p>Dalle occasion B154EW08</p>','<p>Dalle occasion B154EW08</p>','dalle-occasion-b154ew01','','','','Dalle occasion B154EW08','en stock','disponible sous 2-5jo'),(22,3,'','','dalle-occasion-b154ew01','','','','Dalle occasion B154EW01','',''),(22,4,'','','dalle-occasion-b154ew01','','','','Dalle occasion B154EW01','',''),(22,5,'','','dalle-occasion-b154ew01','','','','Dalle occasion B154EW01','',''),(22,6,'','','dalle-occasion-b154ew01','','','','Dalle occasion B154EW01','',''),(22,7,'','','dalle-occasion-b154ew01','','','','Dalle occasion B154EW01','',''),(22,8,'','','dalle-occasion-b154ew01','','','','Dalle occasion B154EW01','',''),(22,9,'','','dalle-occasion-b154ew01','','','','Dalle occasion B154EW01','',''),(22,10,'','','dalle-occasion-b154ew01','','','','Dalle occasion B154EW01','',''),(22,11,'','','dalle-occasion-b154ew01','','','','Dalle occasion B154EW01','',''),(13,7,'','','dalle-occasion-b154ew01','','','','Dalle occasion B154EW01','',''),(13,8,'','','dalle-occasion-b154ew01','','','','Dalle occasion B154EW01','',''),(13,9,'','','dalle-occasion-b154ew01','','','','Dalle occasion B154EW01','',''),(13,10,'','','dalle-occasion-b154ew01','','','','Dalle occasion B154EW01','',''),(13,11,'','','dalle-occasion-b154ew01','','','','Dalle occasion B154EW01','',''),(14,1,'','','dalle-occasion-b154ew01','','','','Dalle occasion B154EW01','',''),(14,2,'<p>Dalle occasion B154EW04</p>','<p>Dalle occasion B154EW04</p>','dalle-occasion-b154ew01','','','','Dalle occasion B154EW04','en stock','disponible sous 2-5jo'),(14,3,'','','dalle-occasion-b154ew01','','','','Dalle occasion B154EW01','',''),(14,4,'','','dalle-occasion-b154ew01','','','','Dalle occasion B154EW01','',''),(14,5,'','','dalle-occasion-b154ew01','','','','Dalle occasion B154EW01','',''),(14,6,'','','dalle-occasion-b154ew01','','','','Dalle occasion B154EW01','',''),(14,7,'','','dalle-occasion-b154ew01','','','','Dalle occasion B154EW01','',''),(14,8,'','','dalle-occasion-b154ew01','','','','Dalle occasion B154EW01','',''),(14,9,'','','dalle-occasion-b154ew01','','','','Dalle occasion B154EW01','',''),(14,10,'','','dalle-occasion-b154ew01','','','','Dalle occasion B154EW01','',''),(14,11,'','','dalle-occasion-b154ew01','','','','Dalle occasion B154EW01','',''),(15,1,'','','dalle-occasion-b154ew01','','','','Dalle occasion B154EW01','',''),(15,2,'<p>Dalle occasion LP171WP4</p>','<p>Dalle occasion LP171WP4</p>','dalle-occasion-b154ew01','','','','Dalle occasion LP171WP4(philips)','en stock','disponible sous 2-5jo'),(15,3,'','','dalle-occasion-b154ew01','','','','Dalle occasion B154EW01','',''),(15,4,'','','dalle-occasion-b154ew01','','','','Dalle occasion B154EW01','',''),(15,5,'','','dalle-occasion-b154ew01','','','','Dalle occasion B154EW01','',''),(15,6,'','','dalle-occasion-b154ew01','','','','Dalle occasion B154EW01','',''),(15,7,'','','dalle-occasion-b154ew01','','','','Dalle occasion B154EW01','',''),(15,8,'','','dalle-occasion-b154ew01','','','','Dalle occasion B154EW01','',''),(15,9,'','','dalle-occasion-b154ew01','','','','Dalle occasion B154EW01','',''),(15,10,'','','dalle-occasion-b154ew01','','','','Dalle occasion B154EW01','',''),(15,11,'','','dalle-occasion-b154ew01','','','','Dalle occasion B154EW01','',''),(18,10,'','','ecrans-led-216-hkc','','','','ECRANS LED 21.6\" HKC','',''),(18,5,'','','ecrans-led-216-hkc','','','','ECRANS LED 21.6\" HKC','',''),(18,6,'','','ecrans-led-216-hkc','','','','ECRANS LED 21.6\" HKC','',''),(18,7,'','','ecrans-led-216-hkc','','','','ECRANS LED 21.6\" HKC','',''),(18,8,'','','ecrans-led-216-hkc','','','','ECRANS LED 21.6\" HKC','',''),(18,9,'','','ecrans-led-216-hkc','','','','ECRANS LED 21.6\" HKC','',''),(18,4,'','','ecrans-led-216-hkc','','','','ECRANS LED 21.6\" HKC','',''),(18,3,'','','ecrans-led-216-hkc','','','','ECRANS LED 21.6\" HKC','',''),(18,2,'<p> ﻿﻿<strong>Caractéristiques principales :</strong></p>\r\n<ul>\r\n<li>Processeur <strong>Intel Celeron Dual-Core T3500</strong>, adapté pour le travail en multitâches</li>\r\n<li><strong>2 Go</strong> de mémoire vive DDR3, pour une bonne vitesse de lancement de vos applications</li>\r\n<li>Ecran large de 15.6\" au format 16/9 - antireflet</li>\r\n<li><strong>Rétro-éclairage LED</strong> offrant à la fois <strong>qualité d\'affichage et économie d\'énergie</strong> par rapport aux LCD classiques</li>\r\n<li>Contrôleur graphiqueintégré Intel GMA 4500M</li>\r\n<li>Disque dur de 250 Go</li>\r\n<li>Connexion sans fil fiable et performante : <strong>Wi-Fi N</strong> et <strong>Bluetooth 2.1</strong></li>\r\n<li><strong>Autonomie : jusqu\'à 4h30</strong></li>\r\n<li>Webcam avec reconnaissance faciale et microphone</li>\r\n</ul>\r\n<p>﻿</p>','<p>Portable Toshiba C660-10M<br /><br /></p>','ecrans-led-216-hkc','','','','Portable C660D','en stock','disponible sous 2-5jo'),(18,1,'','','ecrans-led-216-hkc','','','','ECRANS LED 21.6\" HKC','',''),(17,1,'','','ecrans-led-216-hkc','','','','ECRANS LED 21.6\" HKC','',''),(17,2,'<p> </p>\r\n<p>- Technologie d\'affichage LED<br /> - Niveau de contraste dynamique 100.000:1<br /> - Temps de réponse 2ms<br /> - Sortie numérique DVI<br /> - Garantie 3ans sur site﻿</p>','<p>EEEPC écran  Technologie d\'affichage LED 10\"<br /><br /></p>','ecrans-led-216-hkc','','','','Portable EEEPC','en stock','disponible sous 2-5jo'),(17,3,'','','ecrans-led-216-hkc','','','','ECRANS LED 21.6\" HKC','',''),(17,4,'','','ecrans-led-216-hkc','','','','ECRANS LED 21.6\" HKC','',''),(17,5,'','','ecrans-led-216-hkc','','','','ECRANS LED 21.6\" HKC','',''),(17,6,'','','ecrans-led-216-hkc','','','','ECRANS LED 21.6\" HKC','',''),(17,7,'','','ecrans-led-216-hkc','','','','ECRANS LED 21.6\" HKC','',''),(17,8,'','','ecrans-led-216-hkc','','','','ECRANS LED 21.6\" HKC','',''),(17,9,'','','ecrans-led-216-hkc','','','','ECRANS LED 21.6\" HKC','',''),(17,10,'','','ecrans-led-216-hkc','','','','ECRANS LED 21.6\" HKC','',''),(17,11,'','','ecrans-led-216-hkc','','','','ECRANS LED 21.6\" HKC','',''),(18,11,'','','ecrans-led-216-hkc','','','','ECRANS LED 21.6\" HKC','',''),(19,1,'','','ecrans-led-216-hkc','','','','ECRANS LED 21.6\" HKC','',''),(19,2,'<p>- Technologie d\'affichage LED<br /> - Format 18,6\" 16:9<br /> - Niveau de contraste dynamique 100.000:1<br /> - Temps de réponse 2ms<br /> - Sortie numérique DVI<br /> - Garantie 3ans sur site﻿</p>','<p>écran  Technologie d\'affichage LED<br /><br /></p>','ecrans-led-216-hkc','','','','ECRANS LED 18.6\" HKC','en stock','disponible sous 2-5jo'),(19,3,'','','ecrans-led-216-hkc','','','','ECRANS LED 21.6\" HKC','',''),(19,4,'','','ecrans-led-216-hkc','','','','ECRANS LED 21.6\" HKC','',''),(19,5,'','','ecrans-led-216-hkc','','','','ECRANS LED 21.6\" HKC','',''),(19,6,'','','ecrans-led-216-hkc','','','','ECRANS LED 21.6\" HKC','',''),(19,7,'','','ecrans-led-216-hkc','','','','ECRANS LED 21.6\" HKC','',''),(19,8,'','','ecrans-led-216-hkc','','','','ECRANS LED 21.6\" HKC','',''),(19,9,'','','ecrans-led-216-hkc','','','','ECRANS LED 21.6\" HKC','',''),(19,10,'','','ecrans-led-216-hkc','','','','ECRANS LED 21.6\" HKC','',''),(19,11,'','','ecrans-led-216-hkc','','','','ECRANS LED 21.6\" HKC','',''),(20,1,'','','dalle-occasion-b154ew01','','','','Dalle occasion B154EW01','',''),(20,2,'<p>Disque dur occasion MAXTOR 60g IDE</p>','<p>Disque dur occasion 60G Maxtor IDE</p>','dalle-occasion-b154ew01','','','','Disque du occasion IDE Maxtor 20060K0','en stock','disponible sous 2-5jo'),(20,3,'','','dalle-occasion-b154ew01','','','','Dalle occasion B154EW01','',''),(20,4,'','','dalle-occasion-b154ew01','','','','Dalle occasion B154EW01','',''),(20,5,'','','dalle-occasion-b154ew01','','','','Dalle occasion B154EW01','',''),(20,6,'','','dalle-occasion-b154ew01','','','','Dalle occasion B154EW01','',''),(20,7,'','','dalle-occasion-b154ew01','','','','Dalle occasion B154EW01','',''),(20,8,'','','dalle-occasion-b154ew01','','','','Dalle occasion B154EW01','',''),(20,9,'','','dalle-occasion-b154ew01','','','','Dalle occasion B154EW01','',''),(20,10,'','','dalle-occasion-b154ew01','','','','Dalle occasion B154EW01','',''),(20,11,'','','dalle-occasion-b154ew01','','','','Dalle occasion B154EW01','',''),(21,1,'','','ecrans-led-216-hkc','','','','ECRANS LED 21.6\" HKC','',''),(21,2,'<center><strong>Fiche technique</strong></center>\r\n<table style=\"width: 99%;\" border=\"0\" align=\"center\">\r\n<tbody>\r\n<tr bgcolor=\"#f4f6f6\">\r\n<td>Dalle</td>\r\n<td>15.6’’ WXGA HD LED Backlight BrightView (1366×768, brillant)</td>\r\n</tr>\r\n<tr>\r\n<td>Processeur</td>\r\n<td>AMD Athlon II Dual Core P360 (2.3 GHz)</td>\r\n</tr>\r\n<tr bgcolor=\"#f4f6f6\">\r\n<td>Mémoire vive installée (max)</td>\r\n<td>2 Go DDR3 1333 MHz (4 Go)</td>\r\n</tr>\r\n<tr>\r\n<td>Espace de stockage</td>\r\n<td>320 Go à 5400 tr/min</td>\r\n</tr>\r\n<tr bgcolor=\"#f4f6f6\">\r\n<td>Carte graphique</td>\r\n<td>ATI Mobility Radeon HD4250, jusqu’à 893 Mo partagés</td>\r\n</tr>\r\n<tr>\r\n<td>Lecteur optique</td>\r\n<td>Graveur DVD LightScribe</td>\r\n</tr>\r\n<tr bgcolor=\"#f4f6f6\">\r\n<td>Système audio</td>\r\n<td>2 haut-parleurs</td>\r\n</tr>\r\n<tr>\r\n<td>Webcam</td>\r\n<td>Oui, VGA avec micro</td>\r\n</tr>\r\n<tr bgcolor=\"#f4f6f6\">\r\n<td><a id=\"itxthook1\" class=\"itxtrst itxtrsta itxthook\" style=\"font-weight: normal; font-size: 100%; text-decoration: underline; border-bottom: 0.075em solid darkgreen; padding-bottom: 1px; color: darkgreen ! important; background-color: transparent;\" href=\"http://www.laptopspirit.fr/94583/compaq-presario-cq56-210sf-156-pouces-dual-core-a-seulement-299-euros-320-go.html#\" rel=\"nofollow\"><span id=\"itxthook1w0\" class=\"itxtrst itxtrstspan itxthookspan\" style=\"background: none repeat scroll 0% 0% transparent; font-size: inherit; font-weight: inherit; color: darkgreen;\">Réseau</span></a></td>\r\n<td>Wi-Fi b/g/n + Ethernet</td>\r\n</tr>\r\n<tr>\r\n<td>Bluetooth</td>\r\n<td>-</td>\r\n</tr>\r\n<tr bgcolor=\"#f4f6f6\">\r\n<td>Lecteur de cartes</td>\r\n<td>-</td>\r\n</tr>\r\n<tr>\r\n<td>Sortie(s) vidéo</td>\r\n<td>VGA</td>\r\n</tr>\r\n<tr bgcolor=\"#f4f6f6\">\r\n<td>Lecteur d’empreintes digitales</td>\r\n<td>-</td>\r\n</tr>\r\n<tr>\r\n<td>Entrée(s) / Sortie(s)</td>\r\n<td>Casque, Micro</td>\r\n</tr>\r\n<tr bgcolor=\"#f4f6f6\">\r\n<td>ExpressCard</td>\r\n<td>-</td>\r\n</tr>\r\n<tr>\r\n<td>Firewire</td>\r\n<td>-</td>\r\n</tr>\r\n<tr bgcolor=\"#f4f6f6\">\r\n<td>USB</td>\r\n<td>3 USB 2.0</td>\r\n</tr>\r\n<tr>\r\n<td>Système d’exploitation</td>\r\n<td>Linux Mint11</td>\r\n</tr>\r\n<tr bgcolor=\"#f4f6f6\">\r\n<td>Batterie</td>\r\n<td>Li-ion 6 cellules</td>\r\n</tr>\r\n<tr>\r\n<td>Autonomie annoncée</td>\r\n<td>-</td>\r\n</tr>\r\n<tr bgcolor=\"#f4f6f6\">\r\n<td>Dimensions (mm)</td>\r\n<td>374 x 246 x 32.8</td>\r\n</tr>\r\n<tr>\r\n<td>Poids</td>\r\n<td>2.55 Kg</td>\r\n</tr>\r\n<tr bgcolor=\"#f4f6f6\">\r\n<td>Garantie</td>\r\n<td>1 an</td>\r\n</tr>\r\n<tr>\r\n<td>Autre</td>\r\n<td>Touchpad avec zone de défilement, désactivable</td>\r\n</tr>\r\n</tbody>\r\n</table>\r\n<p>﻿ ﻿﻿<strong></strong></p>','<p>Portable Compaq CQ56-210SF</p>','ecrans-led-216-hkc','','','','Portable CQ56','en stock','disponible sous 2-5jo'),(10,1,'','','ecrans-led-216-hkc','','','','ECRANS LED 21.6\" HKC','',''),(10,2,'<p>- Technologie d\'affichage LED<br /> - Format 21.6\" 16:9<br /> - Niveau de contraste dynamique 100.000:1<br /> - Temps de réponse 2ms<br /> - Sortie numérique DVI<br /> - Garantie 3ans sur site﻿</p>','<p>écran  Technologie d\'affichage LED<br /><br /></p>','ecrans-led-216-hkc','','','','ECRANS LED 21.6\" HKC','en stock','disponible sous 2-5jo'),(10,3,'','','ecrans-led-216-hkc','','','','ECRANS LED 21.6\" HKC','',''),(10,4,'','','ecrans-led-216-hkc','','','','ECRANS LED 21.6\" HKC','',''),(10,5,'','','ecrans-led-216-hkc','','','','ECRANS LED 21.6\" HKC','',''),(10,6,'','','ecrans-led-216-hkc','','','','ECRANS LED 21.6\" HKC','',''),(10,7,'','','ecrans-led-216-hkc','','','','ECRANS LED 21.6\" HKC','',''),(10,8,'','','ecrans-led-216-hkc','','','','ECRANS LED 21.6\" HKC','',''),(10,9,'','','ecrans-led-216-hkc','','','','ECRANS LED 21.6\" HKC','',''),(10,10,'','','ecrans-led-216-hkc','','','','ECRANS LED 21.6\" HKC','',''),(10,11,'','','ecrans-led-216-hkc','','','','ECRANS LED 21.6\" HKC','',''),(11,1,'','','2-teras-35-hitachi','','','','2 Téras 3.5\" HITACHI','',''),(11,2,'<table class=\"fiche_technique\">\r\n<tbody>\r\n<tr>\r\n<td>Description du produit</td>\r\n<td> </td>\r\n</tr>\r\n<tr class=\"color\">\r\n<td>Type</td>\r\n<td>Disque dur - interne</td>\r\n</tr>\r\n<tr>\r\n<td>Facteur de forme</td>\r\n<td>3.5\" x 1/3H</td>\r\n</tr>\r\n<tr class=\"color\">\r\n<td>Dimensions (LxPxH)</td>\r\n<td>10.2 cm x 14.7 cm x 2.6 cm</td>\r\n</tr>\r\n<tr>\r\n<td>Poids</td>\r\n<td>0.68 kg</td>\r\n</tr>\r\n<tr class=\"color\">\r\n<td>Capacité</td>\r\n<td>2 To</td>\r\n</tr>\r\n<tr>\r\n<td>Type d\'interface</td>\r\n<td>Serial ATA-600</td>\r\n</tr>\r\n<tr class=\"color\">\r\n<td>Débit de transfert de données</td>\r\n<td>600 Mo/s</td>\r\n</tr>\r\n<tr>\r\n<td>Vitesse de rotation</td>\r\n<td>7200 tours/min</td>\r\n</tr>\r\n<tr class=\"color\">\r\n<td>Taille de la Mémoire Tampon</td>\r\n<td>64 Mo</td>\r\n</tr>\r\n<tr>\r\n<td>Certification Microsoft</td>\r\n<td>Compatible with Windows 7</td>\r\n</tr>\r\n<tr>\r\n<td>Caractéristiques d’environnement</td>\r\n<td> </td>\r\n</tr>\r\n<tr class=\"color\">\r\n<td>Général</td>\r\n<td>Type de périphérique : Disque dur - interne<br />Largeur : 10.2 cm<br />Profondeur : 14.7 cm<br />Hauteur : 2.6 cm<br />Poids : 0.68 kg</td>\r\n</tr>\r\n<tr>\r\n<td>Disque dur</td>\r\n<td>Facteur de forme : 3.5\" x 1/3H<br />Capacité : 2 To<br />Type d\'interface : Serial ATA-600<br />Taille de la mémoire tampon : 64 Mo<br />Octets par secteur : 512<br />Caractéristiques : Sonde de température, Hitachi Voltage Efficiency Regulator Technology (HiVERT), système de refroidissement TFC (Thermal Flyheight Control)<br />Conformité aux normes : S.M.A.R.T.</td>\r\n</tr>\r\n<tr class=\"color\">\r\n<td>Performances</td>\r\n<td>Débit de transfert du lecteur : 600 Mo/s (externe)<br />Débit de transfert interne : 207 Mo/s<br />Vitesse de rotation : 7200 tours/min</td>\r\n</tr>\r\n<tr>\r\n<td>Fiabilité</td>\r\n<td>Erreurs irrécupérables : 1 sur 10^14<br />Cycles marche / arrêt : 300,000</td>\r\n</tr>\r\n<tr class=\"color\">\r\n<td>Extension/connectivité</td>\r\n<td>Interfaces : 1 x Serial ATA-600<br />Baies compatibles : 1 x interne - 3.5\" x 1/3H</td>\r\n</tr>\r\n</tbody>\r\n</table>\r\n<p>﻿</p>','<p>disque dur</p>','2-teras-35-hitachi','','','','2 Téras 3.5\" HITACHI','en stock','disponible sous 2-5jo'),(11,3,'','','2-teras-35-hitachi','','','','2 Téras 3.5\" HITACHI','',''),(11,4,'','','2-teras-35-hitachi','','','','2 Téras 3.5\" HITACHI','',''),(11,5,'','','2-teras-35-hitachi','','','','2 Téras 3.5\" HITACHI','',''),(11,6,'','','2-teras-35-hitachi','','','','2 Téras 3.5\" HITACHI','',''),(11,7,'','','2-teras-35-hitachi','','','','2 Téras 3.5\" HITACHI','',''),(11,8,'','','2-teras-35-hitachi','','','','2 Téras 3.5\" HITACHI','',''),(11,9,'','','2-teras-35-hitachi','','','','2 Téras 3.5\" HITACHI','',''),(11,10,'','','2-teras-35-hitachi','','','','2 Téras 3.5\" HITACHI','',''),(11,11,'','','2-teras-35-hitachi','','','','2 Téras 3.5\" HITACHI','',''),(12,1,'','','dalle-occasion-b154ew01','','','','Dalle occasion B154EW01','',''),(12,2,'<p>Dalle occasion B154EW01</p>\r\n<p>ligne bleue</p>','<p>Dalle occasion B154EW01</p>','dalle-occasion-b154ew01','','','','Dalle occasion B154EW01','en stock','disponible sous 2-5jo'),(12,3,'','','dalle-occasion-b154ew01','','','','Dalle occasion B154EW01','',''),(12,4,'','','dalle-occasion-b154ew01','','','','Dalle occasion B154EW01','',''),(12,5,'','','dalle-occasion-b154ew01','','','','Dalle occasion B154EW01','',''),(12,6,'','','dalle-occasion-b154ew01','','','','Dalle occasion B154EW01','',''),(12,7,'','','dalle-occasion-b154ew01','','','','Dalle occasion B154EW01','',''),(12,8,'','','dalle-occasion-b154ew01','','','','Dalle occasion B154EW01','',''),(12,9,'','','dalle-occasion-b154ew01','','','','Dalle occasion B154EW01','',''),(12,10,'','','dalle-occasion-b154ew01','','','','Dalle occasion B154EW01','',''),(12,11,'','','dalle-occasion-b154ew01','','','','Dalle occasion B154EW01','',''),(13,1,'','','dalle-occasion-b154ew01','','','','Dalle occasion B154EW01','',''),(13,2,'<p>Dalle occasion B154EW02</p>','<p>Dalle occasion B154EW02</p>','dalle-occasion-b154ew01','','','','Dalle occasion B154EW02','en stock','disponible sous 2-5jo'),(13,3,'','','dalle-occasion-b154ew01','','','','Dalle occasion B154EW01','',''),(13,4,'','','dalle-occasion-b154ew01','','','','Dalle occasion B154EW01','',''),(13,5,'','','dalle-occasion-b154ew01','','','','Dalle occasion B154EW01','',''),(13,6,'','','dalle-occasion-b154ew01','','','','Dalle occasion B154EW01','','');
CREATE TABLE `pss_product_sale` (
  `id_product` int(10) unsigned NOT NULL,
  `quantity` int(10) unsigned NOT NULL default '0',
  `sale_nbr` int(10) unsigned NOT NULL default '0',
  `date_upd` date NOT NULL,
  PRIMARY KEY  (`id_product`)
) ENGINE=MyISAM DEFAULT CHARSET=utf8;

CREATE TABLE `pss_product_tag` (
  `id_product` int(10) unsigned NOT NULL,
  `id_tag` int(10) unsigned NOT NULL,
  PRIMARY KEY  (`id_product`,`id_tag`),
  KEY `id_tag` (`id_tag`)
) ENGINE=MyISAM DEFAULT CHARSET=utf8;

INSERT INTO `pss_product_tag` VALUES (10,38),(10,39),(12,40),(13,40),(14,40),(15,40),(17,38),(17,39),(18,38),(18,39),(19,38),(19,39),(20,40),(21,41),(22,40);
CREATE TABLE `pss_profile` (
  `id_profile` int(10) unsigned NOT NULL auto_increment,
  PRIMARY KEY  (`id_profile`)
) ENGINE=MyISAM AUTO_INCREMENT=5 DEFAULT CHARSET=utf8;

INSERT INTO `pss_profile` VALUES (1),(2),(3),(4);
CREATE TABLE `pss_profile_lang` (
  `id_lang` int(10) unsigned NOT NULL,
  `id_profile` int(10) unsigned NOT NULL,
  `name` varchar(128) NOT NULL,
  PRIMARY KEY  (`id_profile`,`id_lang`)
) ENGINE=MyISAM DEFAULT CHARSET=utf8;

INSERT INTO `pss_profile_lang` VALUES (1,1,'Administrator'),(2,1,'Administrateur'),(3,1,'Administrador'),(4,1,'Administrator'),(5,1,'Administrator'),(1,2,'Logistician'),(2,2,'Logisticien'),(3,2,'Logistician'),(4,2,'Logistiker'),(5,2,'Logista'),(1,3,'Translator'),(2,3,'Traducteur'),(3,3,'Translator'),(4,3,'Übersetzer'),(5,3,'Traduttore'),(1,4,'Salesman'),(2,4,'Commercial'),(3,4,'Salesman'),(4,4,'Verkäufer'),(5,4,'Venditore'),(1,5,'Administrator'),(2,5,'Logistician'),(3,5,'Translator'),(4,5,'Salesman'),(1,6,'Administrator'),(2,6,'Logistician'),(3,6,'Translator'),(4,6,'Salesman'),(1,7,'Administrator'),(2,7,'Logistician'),(3,7,'Translator'),(4,7,'Salesman'),(1,8,'Administrator'),(2,8,'Logistician'),(3,8,'Translator'),(4,8,'Salesman'),(1,9,'Administrator'),(2,9,'Logistician'),(3,9,'Translator'),(4,9,'Salesman'),(1,10,'Administrator'),(2,10,'Logistician'),(3,10,'Translator'),(4,10,'Salesman'),(1,11,'Administrator'),(2,11,'Logistician'),(3,11,'Translator'),(4,11,'Salesman');
CREATE TABLE `pss_quick_access` (
  `id_quick_access` int(10) unsigned NOT NULL auto_increment,
  `new_window` tinyint(1) NOT NULL default '0',
  `link` varchar(128) NOT NULL,
  PRIMARY KEY  (`id_quick_access`)
) ENGINE=MyISAM AUTO_INCREMENT=6 DEFAULT CHARSET=utf8;

INSERT INTO `pss_quick_access` VALUES (1,0,'index.php'),(2,1,'../'),(3,0,'index.php?tab=AdminCatalog&addcategory'),(4,0,'index.php?tab=AdminCatalog&addproduct'),(5,0,'index.php?tab=AdminDiscounts&adddiscount');
CREATE TABLE `pss_quick_access_lang` (
  `id_quick_access` int(10) unsigned NOT NULL,
  `id_lang` int(10) unsigned NOT NULL,
  `name` varchar(32) NOT NULL,
  PRIMARY KEY  (`id_quick_access`,`id_lang`)
) ENGINE=MyISAM DEFAULT CHARSET=utf8;

INSERT INTO `pss_quick_access_lang` VALUES (1,1,'Home'),(1,2,'Accueil'),(1,3,'Inicio'),(1,4,'Start'),(1,5,'Home page'),(2,1,'My Shop'),(2,2,'Ma boutique'),(2,3,'Mi tienda'),(2,4,'Mein Shop'),(2,5,'Il mio negozio'),(3,1,'New category'),(3,2,'Nouvelle catégorie'),(3,3,'Nueva categoría'),(3,4,'Neue Kategorie'),(3,5,'Nuova categoria'),(4,1,'New product'),(4,2,'Nouveau produit'),(4,3,'Nuevo producto'),(4,4,'Neues Produkt'),(4,5,'Nuovo prodotto'),(5,1,'New voucher'),(5,2,'Nouveau bon de réduction'),(5,3,'Nuevo cupón'),(5,4,'Neuer Ermäßigungsgutschein'),(5,5,'Nuovo buono sconto'),(1,6,'Home'),(2,6,'My Shop'),(3,6,'New category'),(4,6,'New product'),(5,6,'New voucher'),(1,7,'Home'),(2,7,'My Shop'),(3,7,'New category'),(4,7,'New product'),(5,7,'New voucher'),(1,8,'Home'),(2,8,'My Shop'),(3,8,'New category'),(4,8,'New product'),(5,8,'New voucher'),(1,9,'Home'),(2,9,'My Shop'),(3,9,'New category'),(4,9,'New product'),(5,9,'New voucher'),(1,10,'Home'),(2,10,'My Shop'),(3,10,'New category'),(4,10,'New product'),(5,10,'New voucher'),(1,11,'Home'),(2,11,'My Shop'),(3,11,'New category'),(4,11,'New product'),(5,11,'New voucher');
CREATE TABLE `pss_range_price` (
  `id_range_price` int(10) unsigned NOT NULL auto_increment,
  `id_carrier` int(10) unsigned NOT NULL,
  `delimiter1` decimal(20,6) NOT NULL,
  `delimiter2` decimal(20,6) NOT NULL,
  PRIMARY KEY  (`id_range_price`),
  UNIQUE KEY `id_carrier` (`id_carrier`,`delimiter1`,`delimiter2`)
) ENGINE=MyISAM AUTO_INCREMENT=3 DEFAULT CHARSET=utf8;

INSERT INTO `pss_range_price` VALUES (1,2,'0.000000','10000.000000'),(2,3,'0.000000','10000.000000');
CREATE TABLE `pss_range_weight` (
  `id_range_weight` int(10) unsigned NOT NULL auto_increment,
  `id_carrier` int(10) unsigned NOT NULL,
  `delimiter1` decimal(20,6) NOT NULL,
  `delimiter2` decimal(20,6) NOT NULL,
  PRIMARY KEY  (`id_range_weight`),
  UNIQUE KEY `id_carrier` (`id_carrier`,`delimiter1`,`delimiter2`)
) ENGINE=MyISAM AUTO_INCREMENT=3 DEFAULT CHARSET=utf8;

INSERT INTO `pss_range_weight` VALUES (1,2,'0.000000','10000.000000'),(2,3,'0.000000','15.000000');
CREATE TABLE `pss_referrer` (
  `id_referrer` int(10) unsigned NOT NULL auto_increment,
  `name` varchar(64) NOT NULL,
  `passwd` varchar(32) default NULL,
  `http_referer_regexp` varchar(64) default NULL,
  `http_referer_like` varchar(64) default NULL,
  `request_uri_regexp` varchar(64) default NULL,
  `request_uri_like` varchar(64) default NULL,
  `http_referer_regexp_not` varchar(64) default NULL,
  `http_referer_like_not` varchar(64) default NULL,
  `request_uri_regexp_not` varchar(64) default NULL,
  `request_uri_like_not` varchar(64) default NULL,
  `base_fee` decimal(5,2) NOT NULL default '0.00',
  `percent_fee` decimal(5,2) NOT NULL default '0.00',
  `click_fee` decimal(5,2) NOT NULL default '0.00',
  `cache_visitors` int(11) default NULL,
  `cache_visits` int(11) default NULL,
  `cache_pages` int(11) default NULL,
  `cache_registrations` int(11) default NULL,
  `cache_orders` int(11) default NULL,
  `cache_sales` decimal(17,2) default NULL,
  `cache_reg_rate` decimal(5,4) default NULL,
  `cache_order_rate` decimal(5,4) default NULL,
  `date_add` datetime NOT NULL,
  PRIMARY KEY  (`id_referrer`)
) ENGINE=MyISAM DEFAULT CHARSET=utf8;

CREATE TABLE `pss_referrer_cache` (
  `id_connections_source` int(11) unsigned NOT NULL,
  `id_referrer` int(11) unsigned NOT NULL,
  PRIMARY KEY  (`id_connections_source`,`id_referrer`)
) ENGINE=MyISAM DEFAULT CHARSET=utf8;

CREATE TABLE `pss_required_field` (
  `id_required_field` int(11) NOT NULL auto_increment,
  `object_name` varchar(32) NOT NULL,
  `field_name` varchar(32) NOT NULL,
  PRIMARY KEY  (`id_required_field`),
  KEY `object_name` (`object_name`)
) ENGINE=MyISAM DEFAULT CHARSET=utf8;

CREATE TABLE `pss_scene` (
  `id_scene` int(10) unsigned NOT NULL auto_increment,
  `active` tinyint(1) NOT NULL default '1',
  PRIMARY KEY  (`id_scene`)
) ENGINE=MyISAM AUTO_INCREMENT=4 DEFAULT CHARSET=utf8;

CREATE TABLE `pss_scene_category` (
  `id_scene` int(10) unsigned NOT NULL,
  `id_category` int(10) unsigned NOT NULL,
  PRIMARY KEY  (`id_scene`,`id_category`)
) ENGINE=MyISAM DEFAULT CHARSET=utf8;

CREATE TABLE `pss_scene_lang` (
  `id_scene` int(10) unsigned NOT NULL,
  `id_lang` int(10) unsigned NOT NULL,
  `name` varchar(100) NOT NULL,
  PRIMARY KEY  (`id_scene`,`id_lang`)
) ENGINE=MyISAM DEFAULT CHARSET=utf8;

CREATE TABLE `pss_scene_products` (
  `id_scene` int(10) unsigned NOT NULL,
  `id_product` int(10) unsigned NOT NULL,
  `x_axis` int(4) NOT NULL,
  `y_axis` int(4) NOT NULL,
  `zone_width` int(3) NOT NULL,
  `zone_height` int(3) NOT NULL,
  PRIMARY KEY  (`id_scene`,`id_product`,`x_axis`,`y_axis`)
) ENGINE=MyISAM DEFAULT CHARSET=utf8;

CREATE TABLE `pss_search_engine` (
  `id_search_engine` int(10) unsigned NOT NULL auto_increment,
  `server` varchar(64) NOT NULL,
  `getvar` varchar(16) NOT NULL,
  PRIMARY KEY  (`id_search_engine`)
) ENGINE=MyISAM AUTO_INCREMENT=39 DEFAULT CHARSET=utf8;

INSERT INTO `pss_search_engine` VALUES (1,'google','q'),(2,'aol','q'),(3,'yandex','text'),(4,'ask.com','q'),(5,'nhl.com','q'),(6,'yahoo','p'),(7,'baidu','wd'),(8,'lycos','query'),(9,'exalead','q'),(10,'search.live','q'),(11,'voila','rdata'),(12,'altavista','q'),(13,'bing','q'),(14,'daum','q'),(15,'eniro','search_word'),(16,'naver','query'),(17,'msn','q'),(18,'netscape','query'),(19,'cnn','query'),(20,'about','terms'),(21,'mamma','query'),(22,'alltheweb','q'),(23,'virgilio','qs'),(24,'alice','qs'),(25,'najdi','q'),(26,'mama','query'),(27,'seznam','q'),(28,'onet','qt'),(29,'szukacz','q'),(30,'yam','k'),(31,'pchome','q'),(32,'kvasir','q'),(33,'sesam','q'),(34,'ozu','q'),(35,'terra','query'),(36,'mynet','q'),(37,'ekolay','q'),(38,'rambler','words');
CREATE TABLE `pss_search_index` (
  `id_product` int(11) unsigned NOT NULL,
  `id_word` int(11) unsigned NOT NULL,
  `weight` smallint(4) unsigned NOT NULL default '1',
  PRIMARY KEY  (`id_word`,`id_product`)
) ENGINE=MyISAM DEFAULT CHARSET=utf8;

INSERT INTO `pss_search_index` VALUES (14,1835,10),(14,1814,6),(14,1813,9),(14,1812,6),(14,1811,3),(14,1810,3),(14,1834,10),(13,1845,10),(13,1814,6),(13,1813,9),(13,1812,6),(13,1811,3),(13,1810,3),(13,1844,10),(13,1809,6),(13,1808,9),(13,1807,6),(13,1806,3),(13,1805,3),(13,1843,10),(13,1804,6),(13,1803,9),(13,1802,6),(13,1801,3),(13,1800,3),(13,1842,10),(13,1799,6),(13,1798,9),(13,1797,6),(13,1796,3),(13,1795,3),(13,1841,10),(13,1794,6),(13,1793,9),(13,1792,6),(13,1791,3),(13,1790,3),(13,1840,10),(13,1789,6),(13,1788,9),(13,1787,6),(13,1786,3),(13,1785,3),(13,1839,10),(13,1784,6),(13,1783,9),(13,1782,6),(13,1781,3),(13,1780,3),(13,1838,10),(13,1779,6),(13,1778,9),(13,1777,6),(13,1776,3),(13,1775,3),(13,1824,18),(13,1773,11),(13,1772,12),(13,1771,3),(13,1770,3),(13,1837,10),(13,1769,6),(13,1768,9),(13,1767,6),(12,1821,3),(12,1820,3),(12,1819,16),(12,1818,9),(12,1817,6),(12,1816,3),(12,1815,3),(12,1814,16),(12,1813,9),(12,1812,6),(12,1811,3),(12,1810,3),(12,1809,16),(12,1808,9),(12,1807,6),(12,1806,3),(12,1805,3),(12,1804,16),(12,1803,9),(12,1802,6),(12,1801,3),(12,1800,3),(12,1799,16),(12,1798,9),(12,1797,6),(12,1796,3),(12,1795,3),(12,1794,16),(12,1793,9),(12,1792,6),(12,1791,3),(12,1790,3),(12,1789,16),(12,1788,9),(12,1787,6),(12,1786,3),(12,1785,3),(12,1784,16),(12,1783,9),(12,1782,6),(12,1781,3),(12,1780,3),(12,1779,16),(12,1778,9),(12,1777,6),(12,1776,3),(12,1775,3),(12,1823,1),(12,1822,1),(12,1774,18),(12,1773,11),(12,1772,12),(12,1771,3),(12,1770,3),(12,1769,16),(12,1768,9),(12,1767,6),(11,1766,3),(11,1765,3),(11,1764,6),(11,1763,6),(11,1762,3),(11,1761,3),(11,1760,6),(11,1759,6),(11,1758,3),(11,1757,3),(11,1756,6),(11,1755,6),(11,1754,3),(11,1753,3),(11,1752,6),(11,1751,6),(11,1750,3),(11,1749,3),(11,1748,6),(11,1747,6),(11,1746,3),(11,1745,3),(11,1744,6),(11,1743,6),(11,1742,3),(11,1741,3),(11,1740,6),(11,1739,6),(11,1738,3),(11,1737,3),(11,1736,6),(11,1735,6),(11,1734,3),(11,1733,3),(11,1732,6),(11,1731,6),(11,1730,3),(11,1729,3),(11,1728,1),(11,1727,1),(11,1726,1),(11,1725,1),(11,1724,1),(11,1723,1),(11,1722,1),(11,1721,1),(11,1720,1),(11,1635,1),(11,1719,1),(11,1718,1),(11,1717,1),(11,1716,1),(11,1715,1),(11,1714,1),(11,1713,1),(11,1712,1),(11,1711,1),(11,1710,1),(11,1709,1),(11,1708,1),(11,1707,1),(11,1706,1),(11,1705,1),(11,1704,1),(11,1703,1),(11,1702,1),(11,1701,1),(11,1700,1),(11,1699,1),(11,1698,1),(11,1697,1),(11,1696,1),(11,1695,1),(11,1694,1),(11,1693,1),(11,1692,1),(11,1691,1),(11,1690,1),(11,1689,1),(11,1688,1),(11,1687,1),(11,1686,1),(11,1685,1),(11,1684,1),(11,1683,1),(11,1682,1),(11,1681,1),(11,1680,1),(11,1679,1),(11,1678,1),(11,1677,1),(11,1676,1),(11,1675,2),(11,1674,2),(11,1673,1),(11,1672,2),(11,1671,2),(11,1670,2),(11,1669,2),(11,1668,1),(11,1667,2),(11,1666,1),(11,1665,3),(11,1664,3),(11,1663,1),(11,1662,3),(11,1661,2),(11,1660,1),(11,1659,2),(11,1658,1),(11,1657,2),(11,1656,2),(11,1655,1),(11,1654,1),(11,1653,2),(11,1652,2),(11,1651,2),(11,1650,3),(11,1649,3),(11,1648,1),(11,1647,1),(11,1646,4),(11,1645,4),(11,1644,7),(11,1643,6),(11,1642,3),(11,1641,3),(11,1640,6),(11,1639,6),(10,1618,3),(10,1617,10),(10,1616,9),(10,1615,6),(10,1614,6),(10,1613,9),(10,1612,3),(10,1611,10),(10,1610,9),(10,1609,6),(10,1608,6),(10,1607,9),(10,1606,3),(10,1605,10),(10,1604,9),(10,1603,6),(10,1602,6),(10,1601,9),(10,1600,3),(10,1599,10),(10,1598,9),(10,1597,6),(10,1596,6),(10,1595,9),(10,1594,3),(10,1593,10),(10,1592,9),(10,1591,6),(10,1590,6),(10,1589,9),(10,1588,3),(10,1587,10),(10,1586,9),(10,1585,6),(10,1584,6),(10,1583,9),(10,1582,3),(10,1581,10),(10,1580,9),(10,1579,6),(10,1578,6),(10,1577,9),(10,1576,3),(10,1575,10),(10,1574,9),(10,1573,6),(10,1572,6),(10,1571,9),(10,1570,3),(10,1569,10),(10,1568,9),(10,1567,6),(10,1566,6),(10,1565,9),(10,1637,4),(10,1564,3),(10,1636,1),(10,1635,1),(10,1634,1),(10,1633,1),(10,1632,1),(10,1631,1),(10,1630,1),(10,1629,1),(10,1628,1),(10,1627,1),(10,1626,1),(10,1625,1),(10,1624,1),(10,1623,1),(10,1622,1),(10,1621,1),(10,1620,2),(10,1619,2),(10,1638,1),(10,1563,10),(10,1562,9),(10,1561,7),(10,1560,16),(10,1559,13),(10,1558,3),(10,1557,10),(10,1556,9),(10,1555,6),(10,1554,6),(10,1553,9),(22,1821,3),(22,1820,3),(22,2081,10),(22,1819,6),(22,1818,9),(22,1817,6),(22,1816,3),(22,1815,3),(22,2080,10),(22,1814,6),(22,1813,9),(22,1812,6),(22,1811,3),(22,1810,3),(22,2079,10),(22,1809,6),(22,1808,9),(22,1807,6),(22,1806,3),(22,1805,3),(22,2078,10),(22,1804,6),(22,1803,9),(22,1802,6),(22,1801,3),(22,1800,3),(22,2077,10),(22,1799,6),(22,1798,9),(22,1797,6),(22,1796,3),(22,1795,3),(22,2076,10),(22,1794,6),(22,1793,9),(22,1792,6),(22,1791,3),(22,1790,3),(22,2075,10),(22,1789,6),(22,1788,9),(22,1787,6),(22,1786,3),(22,1785,3),(22,2074,10),(22,1784,6),(22,1783,9),(22,1782,6),(22,1781,3),(22,1780,3),(22,2073,10),(22,1779,6),(22,1778,9),(22,1777,6),(22,1776,3),(22,1775,3),(22,2072,18),(22,1773,11),(22,1772,12),(22,1771,3),(22,1770,3),(22,2071,10),(22,1769,6),(22,1768,9),(22,1767,6),(21,2000,3),(21,1821,3),(21,1999,10),(21,1616,6),(21,1615,6),(21,1614,6),(21,1613,6),(21,1998,3),(21,1816,3),(21,1997,10),(21,1610,6),(21,1609,6),(21,1608,6),(21,1607,6),(21,1996,3),(21,1811,3),(21,1995,10),(21,1604,6),(21,1603,6),(21,1602,6),(21,1601,6),(21,1994,3),(21,1806,3),(21,1993,10),(21,1598,6),(21,1597,6),(21,1596,6),(21,1595,6),(21,1992,3),(21,1801,3),(21,1991,10),(21,1592,6),(21,1591,6),(21,1590,6),(21,1589,6),(21,1990,3),(21,1796,3),(21,1989,10),(21,1586,6),(21,1585,6),(21,1584,6),(21,1583,6),(21,1988,3),(21,1791,3),(21,1987,10),(21,1580,6),(21,1579,6),(21,1578,6),(21,1577,6),(21,1986,3),(21,1786,3),(21,1985,10),(21,1574,6),(21,1573,6),(21,1572,6),(21,1571,6),(21,1984,3),(21,1781,3),(21,1983,10),(21,1568,6),(21,1567,6),(21,1566,6),(21,1565,6),(21,1776,3),(21,2068,1),(21,2067,1),(21,2066,1),(21,2065,1),(21,2064,1),(21,1633,1),(21,2063,1),(21,1658,1),(21,2062,1),(21,2061,1),(21,2060,1),(21,1654,1),(21,2059,1),(21,1971,1),(21,2058,1),(21,2057,1),(21,2056,1),(21,2070,1),(21,2069,1),(21,2052,1),(21,2051,2),(21,2050,1),(21,2049,1),(21,2048,1),(21,2047,1),(21,2046,1),(21,2045,1),(21,2044,1),(21,1630,2),(21,2043,1),(21,1970,1),(21,2042,1),(21,1969,1),(21,2041,1),(21,2040,2),(21,1975,2),(21,2039,2),(21,2038,1),(21,1974,1),(21,2037,1),(21,2036,1),(21,1703,2),(21,2035,1),(21,2034,1),(21,2033,1),(21,2032,1),(21,1713,3),(21,2031,1),(21,2030,1),(21,1972,1),(21,2029,1),(21,2028,1),(21,2027,1),(21,2026,1),(21,2025,1),(21,2024,1),(21,1672,1),(21,2023,1),(21,2022,1),(21,2021,1),(21,2020,1),(21,2019,1),(21,2018,1),(21,1942,1),(21,2017,1),(21,2016,1),(21,1941,1),(21,1674,1),(21,2015,1),(21,2014,1),(21,2013,1),(21,2012,1),(21,2011,1),(21,2010,1),(21,1932,1),(21,2009,1),(21,2008,1),(21,2007,1),(21,2006,1),(21,2005,1),(21,1560,1),(21,2004,1),(21,1948,1),(21,1772,1),(21,2003,1),(21,2002,1),(21,2001,1),(21,1982,4),(21,1981,16),(21,1871,11),(21,1980,3),(21,1771,3),(21,1979,10),(21,1556,6),(21,1555,6),(21,1554,6),(21,1553,6),(18,1904,3),(18,1821,3),(18,1903,10),(18,1616,6),(18,1615,6),(18,1614,6),(18,1613,6),(18,1902,3),(18,1816,3),(18,1901,10),(18,1610,6),(18,1609,6),(18,1608,6),(18,1607,6),(18,1900,3),(18,1811,3),(18,1899,10),(18,1604,6),(18,1603,6),(18,1602,6),(18,1601,6),(18,1898,3),(18,1806,3),(18,1897,10),(18,1598,6),(18,1597,6),(18,1596,6),(18,1595,6),(18,1896,3),(18,1801,3),(18,1895,10),(18,1592,6),(18,1591,6),(18,1590,6),(18,1589,6),(18,1894,3),(18,1796,3),(18,1893,10),(18,1586,6),(18,1585,6),(18,1584,6),(18,1583,6),(20,1821,3),(20,1820,3),(20,1929,10),(20,1928,10),(20,1819,6),(20,1818,9),(20,1817,6),(20,1816,3),(20,1815,3),(20,1927,10),(20,1926,10),(20,1814,6),(20,1813,9),(20,1812,6),(20,1811,3),(20,1810,3),(20,1925,10),(20,1924,10),(20,1809,6),(20,1808,9),(20,1807,6),(20,1806,3),(20,1805,3),(20,1923,10),(20,1922,10),(20,1804,6),(20,1803,9),(20,1802,6),(20,1801,3),(20,1800,3),(20,1921,10),(20,1920,10),(20,1799,6),(20,1798,9),(20,1797,6),(20,1796,3),(20,1795,3),(20,1919,10),(20,1918,10),(20,1794,6),(20,1793,9),(20,1792,6),(20,1791,3),(20,1790,3),(20,1917,10),(20,1916,10),(20,1789,6),(20,1788,9),(20,1787,6),(20,1786,3),(20,1785,3),(20,1915,10),(20,1914,10),(20,1784,6),(20,1783,9),(20,1782,6),(20,1781,3),(20,1780,3),(20,1913,10),(20,1912,10),(20,1779,6),(20,1778,9),(20,1777,6),(20,1772,4),(20,1776,3),(20,1775,3),(20,1911,2),(20,1646,2),(20,1910,16),(20,1909,18),(20,1908,8),(20,1773,11),(20,1645,8),(20,1771,3),(20,1770,3),(20,1907,10),(20,1906,10),(20,1769,6),(20,1768,9),(20,1767,6),(19,1618,3),(19,1617,10),(19,1616,9),(19,1615,6),(19,1614,6),(19,1613,9),(19,1612,3),(19,1611,10),(19,1610,9),(19,1609,6),(19,1608,6),(19,1607,9),(19,1606,3),(19,1605,10),(19,1604,9),(19,1603,6),(19,1602,6),(19,1601,9),(19,1600,3),(19,1599,10),(19,1598,9),(19,1597,6),(19,1596,6),(19,1595,9),(19,1594,3),(19,1593,10),(19,1592,9),(19,1591,6),(19,1590,6),(19,1589,9),(19,1588,3),(19,1587,10),(19,1586,9),(19,1585,6),(19,1584,6),(19,1583,9),(19,1582,3),(19,1581,10),(19,1580,9),(19,1579,6),(19,1578,6),(19,1577,9),(19,1576,3),(19,1575,10),(19,1574,9),(19,1573,6),(19,1572,6),(19,1571,9),(19,1570,3),(19,1569,10),(19,1568,9),(19,1567,6),(19,1566,6),(19,1565,9),(19,1637,4),(19,1564,3),(19,1636,1),(19,1635,1),(19,1634,1),(19,1633,1),(19,1632,1),(19,1631,1),(19,1630,1),(19,1629,1),(19,1628,1),(19,1627,1),(19,1626,1),(19,1625,1),(19,1624,1),(19,1623,1),(19,1622,1),(19,1621,1),(19,1620,2),(19,1619,2),(19,1638,1),(19,1563,10),(19,1562,9),(19,1905,7),(19,1560,16),(19,1559,13),(19,1558,3),(19,1557,10),(19,1556,9),(19,1555,6),(19,1554,6),(19,1553,9),(18,1892,3),(18,1791,3),(18,1891,10),(18,1580,6),(18,1579,6),(18,1578,6),(18,1577,6),(18,1890,3),(18,1786,3),(18,1889,10),(17,1821,3),(17,1882,10),(17,1616,9),(17,1615,6),(17,1614,6),(17,1613,6),(17,1816,3),(17,1881,10),(17,1610,9),(17,1609,6),(17,1608,6),(17,1607,6),(17,1811,3),(17,1880,10),(17,1604,9),(17,1603,6),(17,1602,6),(17,1601,6),(17,1806,3),(17,1879,10),(17,1598,9),(17,1597,6),(17,1596,6),(17,1595,6),(17,1801,3),(17,1878,10),(17,1592,9),(17,1591,6),(17,1590,6),(17,1589,6),(17,1796,3),(17,1877,10),(17,1586,9),(17,1585,6),(17,1584,6),(17,1583,6),(17,1791,3),(17,1876,10),(17,1580,9),(17,1579,6),(17,1578,6),(17,1577,6),(17,1786,3),(17,1875,10),(17,1574,9),(17,1573,6),(17,1572,6),(17,1571,6),(17,1781,3),(17,1874,10),(17,1568,9),(17,1567,6),(17,1566,6),(17,1565,6),(17,1637,4),(17,1559,4),(17,1562,3),(17,1776,3),(17,1636,1),(17,1635,1),(17,1634,1),(17,1633,1),(17,1632,1),(17,1631,1),(17,1630,1),(17,1629,1),(17,1628,1),(17,1627,1),(17,1626,1),(17,1625,1),(17,1624,1),(17,1623,1),(17,1560,10),(17,1620,2),(17,1619,2),(17,1638,1),(17,1873,10),(17,1872,7),(17,1871,6),(17,1771,3),(17,1870,10),(17,1556,9),(17,1555,6),(17,1554,6),(17,1553,6),(18,1574,6),(18,1573,6),(18,1572,6),(18,1571,6),(18,1888,3),(18,1781,3),(18,1887,10),(18,1568,6),(18,1567,6),(18,1566,6),(18,1565,6),(18,1637,4),(18,1559,4),(18,1776,3),(18,1978,1),(18,1977,1),(18,1976,1),(18,1975,1),(18,1974,1),(18,1973,1),(18,1972,1),(18,1971,1),(18,1970,1),(18,1969,1),(18,1968,1),(18,1967,1),(18,1966,1),(18,1965,1),(18,1964,1),(18,1963,1),(18,1646,1),(18,1645,1),(18,1962,1),(18,1961,1),(18,1960,1),(18,1959,1),(18,1958,1),(18,1957,1),(18,1710,1),(18,1956,1),(18,1693,1),(18,1955,1),(18,1954,1),(18,1620,1),(18,1953,1),(18,1952,1),(18,1951,1),(18,1560,9),(18,1950,1),(18,1949,1),(18,1622,1),(18,1621,1),(18,1948,1),(18,1947,1),(18,1638,1),(18,1946,1),(18,1945,1),(18,1944,1),(18,1668,1),(18,1943,1),(18,1942,1),(18,1941,1),(18,1674,1),(18,1940,1),(18,1939,1),(18,1938,2),(18,1937,1),(18,1936,1),(18,1935,1),(18,1934,1),(18,1933,2),(18,1932,1),(18,1931,1),(18,1681,1),(18,1930,1),(18,1886,4),(18,1885,16),(18,1871,7),(18,1884,3),(18,1771,3),(18,1883,10),(18,1556,6),(18,1555,6),(18,1554,6),(18,1553,6),(15,1821,3),(15,1820,3),(15,1869,10),(15,1858,10),(15,1819,6),(15,1818,9),(15,1817,6),(15,1816,3),(15,1815,3),(15,1868,10),(15,1857,10),(15,1814,6),(15,1813,9),(15,1812,6),(15,1811,3),(15,1810,3),(15,1867,10),(15,1856,10),(15,1809,6),(15,1808,9),(15,1807,6),(15,1806,3),(15,1805,3),(15,1866,10),(15,1855,10),(15,1804,6),(15,1803,9),(15,1802,6),(15,1801,3),(15,1800,3),(15,1865,10),(15,1854,10),(15,1799,6),(15,1798,9),(15,1797,6),(15,1796,3),(15,1795,3),(15,1864,10),(15,1853,10),(15,1794,6),(15,1793,9),(15,1792,6),(15,1791,3),(15,1790,3),(15,1863,10),(15,1852,10),(15,1789,6),(15,1788,9),(15,1787,6),(15,1786,3),(15,1785,3),(15,1862,10),(15,1851,10),(15,1784,6),(15,1783,9),(15,1782,6),(15,1781,3),(15,1780,3),(15,1861,10),(15,1850,10),(15,1779,6),(15,1778,9),(15,1777,6),(15,1776,3),(15,1775,3),(15,1860,10),(15,1847,6),(15,1848,18),(15,1773,11),(15,1772,12),(15,1771,3),(15,1770,3),(15,1859,10),(15,1849,10),(15,1769,6),(15,1768,9),(15,1767,6),(13,1821,3),(13,1820,3),(13,1846,10),(13,1819,6),(13,1818,9),(13,1817,6),(13,1816,3),(13,1815,3),(14,1821,3),(14,1820,3),(14,1836,10),(14,1819,6),(14,1818,9),(14,1817,6),(14,1816,3),(14,1815,3),(14,1809,6),(14,1808,9),(14,1807,6),(14,1806,3),(14,1805,3),(14,1833,10),(14,1804,6),(14,1803,9),(14,1802,6),(14,1801,3),(14,1800,3),(14,1832,10),(14,1799,6),(14,1798,9),(14,1797,6),(14,1796,3),(14,1795,3),(14,1831,10),(14,1794,6),(14,1793,9),(14,1792,6),(14,1791,3),(14,1790,3),(14,1830,10),(14,1789,6),(14,1788,9),(14,1787,6),(14,1786,3),(14,1785,3),(14,1829,10),(14,1784,6),(14,1783,9),(14,1782,6),(14,1781,3),(14,1780,3),(14,1828,10),(14,1779,6),(14,1778,9),(14,1777,6),(14,1776,3),(14,1775,3),(14,1826,18),(14,1773,11),(14,1772,12),(14,1771,3),(14,1770,3),(14,1827,10),(14,1769,6),(14,1768,9),(14,1767,6);
CREATE TABLE `pss_search_word` (
  `id_word` int(10) unsigned NOT NULL auto_increment,
  `id_lang` int(10) unsigned NOT NULL,
  `word` varchar(15) NOT NULL,
  PRIMARY KEY  (`id_word`),
  UNIQUE KEY `id_lang` (`id_lang`,`word`)
) ENGINE=MyISAM AUTO_INCREMENT=2082 DEFAULT CHARSET=utf8;

INSERT INTO `pss_search_word` VALUES (1837,1,'b154ew02'),(1836,11,'b154ew04'),(1835,10,'b154ew04'),(1834,9,'b154ew04'),(1833,8,'b154ew04'),(1832,7,'b154ew04'),(1831,6,'b154ew04'),(1829,4,'b154ew04'),(1830,5,'b154ew04'),(1828,3,'b154ew04'),(1827,1,'b154ew04'),(1826,2,'b154ew04'),(1847,2,'philips'),(1848,2,'lp171wp4'),(1824,2,'b154ew02'),(1823,2,'bleue'),(1822,2,'ligne'),(1821,11,'portables'),(1819,11,'b154ew01'),(1820,11,'pieces'),(1818,11,'occasion'),(1817,11,'dalle'),(1816,10,'portables'),(1815,10,'pieces'),(1814,10,'b154ew01'),(1813,10,'occasion'),(1812,10,'dalle'),(1811,9,'portables'),(1810,9,'pieces'),(1809,9,'b154ew01'),(1808,9,'occasion'),(1807,9,'dalle'),(1806,8,'portables'),(1805,8,'pieces'),(1804,8,'b154ew01'),(1803,8,'occasion'),(1802,8,'dalle'),(1801,7,'portables'),(1800,7,'pieces'),(1799,7,'b154ew01'),(1798,7,'occasion'),(1797,7,'dalle'),(1796,6,'portables'),(1795,6,'pieces'),(1794,6,'b154ew01'),(1793,6,'occasion'),(1792,6,'dalle'),(1791,5,'portables'),(1790,5,'pieces'),(1789,5,'b154ew01'),(1788,5,'occasion'),(1787,5,'dalle'),(1786,4,'portables'),(1785,4,'pieces'),(1784,4,'b154ew01'),(1783,4,'occasion'),(1782,4,'dalle'),(1781,3,'portables'),(1780,3,'pieces'),(1779,3,'b154ew01'),(1778,3,'occasion'),(1777,3,'dalle'),(1776,2,'portables'),(1775,2,'pieces'),(1774,2,'b154ew01'),(1773,2,'occasion'),(1772,2,'dalle'),(1771,1,'portables'),(1770,1,'pieces'),(1769,1,'b154ew01'),(1768,1,'occasion'),(1767,1,'dalle'),(1766,11,'durs'),(1765,11,'disques'),(1764,11,'hitachi'),(1763,11,'téras'),(1762,10,'durs'),(1761,10,'disques'),(1760,10,'hitachi'),(1759,10,'téras'),(1758,9,'durs'),(1757,9,'disques'),(1756,9,'hitachi'),(1755,9,'téras'),(1754,8,'durs'),(1753,8,'disques'),(1752,8,'hitachi'),(1751,8,'téras'),(1750,7,'durs'),(1749,7,'disques'),(1748,7,'hitachi'),(1747,7,'téras'),(1746,6,'durs'),(1745,6,'disques'),(1744,6,'hitachi'),(1743,6,'téras'),(1742,5,'durs'),(1741,5,'disques'),(1740,5,'hitachi'),(1739,5,'téras'),(1738,4,'durs'),(1737,4,'disques'),(1736,4,'hitachi'),(1735,4,'téras'),(1734,3,'durs'),(1733,3,'disques'),(1732,3,'hitachi'),(1731,3,'téras'),(1730,2,'durs'),(1729,2,'disques'),(1728,2,'compatibles'),(1727,2,'ata600baies'),(1726,2,'interfaces'),(1725,2,'connectivité'),(1724,2,'extension'),(1723,2,'300000'),(1722,2,'arrêt'),(1721,2,'marche'),(1720,2,'14cycles'),(1719,2,'irrécupérables'),(1718,2,'erreurs'),(1717,2,'fiabilité'),(1716,2,'svitesse'),(1715,2,'207'),(1714,2,'externe'),(1713,2,'lecteur'),(1712,2,'performances'),(1711,2,'normes'),(1710,2,'aux'),(1709,2,'conformité'),(1708,2,'control'),(1707,2,'flyheight'),(1706,2,'thermal'),(1705,2,'tfc'),(1704,2,'refroidissement'),(1703,2,'système'),(1702,2,'hivert'),(1701,2,'technology'),(1700,2,'regulator'),(1699,2,'efficiency'),(1698,2,'voltage'),(1697,2,'température'),(1696,2,'sonde'),(1695,2,'512caractéristi'),(1694,2,'secteur'),(1693,2,'par'),(1692,2,'mooctets'),(1691,2,'ata600taille'),(1690,2,'totype'),(1689,2,'13hcapacité'),(1688,2,'cmpoids'),(1687,2,'cmhauteur'),(1686,2,'cmprofondeur'),(1685,2,'internelargeur'),(1684,2,'périphérique'),(1683,2,'général'),(1682,2,'environnement'),(1681,2,'caractéristique'),(1680,2,'windows'),(1679,2,'with'),(1678,2,'compatible'),(1677,2,'microsoft'),(1676,2,'certification'),(1675,2,'tampon'),(1674,2,'mémoire'),(1673,2,'taille'),(1672,2,'min'),(1671,2,'tours'),(1670,2,'7200'),(1669,2,'rotation'),(1668,2,'vitesse'),(1667,2,'600'),(1666,2,'données'),(1665,2,'transfert'),(1664,2,'débit'),(1663,2,'ata600'),(1662,2,'serial'),(1661,2,'interface'),(1660,2,'capacité'),(1659,2,'068'),(1658,2,'poids'),(1657,2,'147'),(1656,2,'102'),(1655,2,'lxpxh'),(1654,2,'dimensions'),(1653,2,'13h'),(1652,2,'forme'),(1651,2,'facteur'),(1650,2,'interne'),(1649,2,'type'),(1648,2,'produit'),(1647,2,'description'),(1646,2,'dur'),(1645,2,'disque'),(1644,2,'hitachi'),(1643,2,'téras'),(1642,1,'durs'),(1641,1,'disques'),(1640,1,'hitachi'),(1639,1,'téras'),(1638,2,'écran'),(1637,2,'moniteurs'),(1636,2,'site'),(1635,2,'sur'),(1634,2,'3ans'),(1633,2,'garantie'),(1632,2,'dvi'),(1631,2,'numérique'),(1630,2,'sortie'),(1629,2,'2ms'),(1628,2,'réponse'),(1627,2,'temps'),(1626,2,'1000001'),(1625,2,'dynamique'),(1624,2,'contraste'),(1623,2,'niveau'),(1622,2,'169'),(1621,2,'format'),(1620,2,'affichage'),(1619,2,'technologie'),(1618,11,'tftled'),(1617,11,'hkcec016525'),(1616,11,'hkc'),(1615,11,'216'),(1614,11,'led'),(1613,11,'ecrans'),(1612,10,'tftled'),(1611,10,'hkcec016525'),(1610,10,'hkc'),(1609,10,'216'),(1608,10,'led'),(1607,10,'ecrans'),(1606,9,'tftled'),(1605,9,'hkcec016525'),(1604,9,'hkc'),(1603,9,'216'),(1602,9,'led'),(1601,9,'ecrans'),(1600,8,'tftled'),(1599,8,'hkcec016525'),(1598,8,'hkc'),(1597,8,'216'),(1596,8,'led'),(1595,8,'ecrans'),(1594,7,'tftled'),(1593,7,'hkcec016525'),(1592,7,'hkc'),(1591,7,'216'),(1590,7,'led'),(1589,7,'ecrans'),(1588,6,'tftled'),(1587,6,'hkcec016525'),(1586,6,'hkc'),(1585,6,'216'),(1584,6,'led'),(1583,6,'ecrans'),(1582,5,'tftled'),(1581,5,'hkcec016525'),(1580,5,'hkc'),(1579,5,'216'),(1578,5,'led'),(1577,5,'ecrans'),(1576,4,'tftled'),(1575,4,'hkcec016525'),(1574,4,'hkc'),(1573,4,'216'),(1572,4,'led'),(1571,4,'ecrans'),(1570,3,'tftled'),(1569,3,'hkcec016525'),(1568,3,'hkc'),(1567,3,'216'),(1566,3,'led'),(1565,3,'ecrans'),(1564,2,'tftled'),(1563,2,'hkcec016525'),(1562,2,'hkc'),(1561,2,'216'),(1560,2,'led'),(1559,2,'ecrans'),(1558,1,'tftled'),(1557,1,'hkcec016525'),(1556,1,'hkc'),(1555,1,'216'),(1554,1,'led'),(1553,1,'ecrans'),(2081,11,'b154ew08'),(2080,10,'b154ew08'),(2079,9,'b154ew08'),(2078,8,'b154ew08'),(2077,7,'b154ew08'),(2076,6,'b154ew08'),(2075,5,'b154ew08'),(2074,4,'b154ew08'),(2070,2,'mint11'),(2069,2,'linux'),(2068,2,'désactivable'),(2067,2,'défilement'),(2066,2,'zone'),(2065,2,'touchpad'),(2064,2,'autre'),(2063,2,'255'),(2062,2,'328'),(2061,2,'246'),(2060,2,'374'),(2059,2,'annoncée'),(2058,2,'cellules'),(2057,2,'liion'),(2056,2,'batterie'),(2073,3,'b154ew08'),(2072,2,'b154ew08'),(2071,1,'b154ew08'),(2052,2,'exploitation'),(2051,2,'usb'),(2050,2,'firewire'),(2049,2,'expresscard'),(2048,2,'casque'),(2047,2,'entrée'),(2046,2,'digitales'),(2045,2,'empreintes'),(2044,2,'vidéo'),(2043,2,'cartes'),(2042,2,'ethernet'),(2041,2,'réseau'),(2040,2,'micro'),(2039,2,'vga'),(2038,2,'oui'),(2037,2,'hautparleurs'),(2036,2,'audio'),(2035,2,'lightscribe'),(2034,2,'dvd'),(2033,2,'graveur'),(2032,2,'optique'),(2031,2,'partagés'),(2030,2,'893'),(2029,2,'hd4250'),(2028,2,'radeon'),(2027,2,'mobility'),(2026,2,'ati'),(2025,2,'graphique'),(2024,2,'carte'),(2023,2,'5400'),(2022,2,'320'),(2021,2,'stockage'),(2020,2,'espace'),(2019,2,'mhz'),(2018,2,'1333'),(2017,2,'max'),(2016,2,'installée'),(2015,2,'ghz'),(2014,2,'p360'),(2013,2,'core'),(2012,2,'dual'),(2011,2,'athlon'),(2010,2,'amd'),(2009,2,'brillant'),(2008,2,'768'),(2007,2,'1366'),(2006,2,'brightview'),(2005,2,'backlight'),(2004,2,'wxga'),(2003,2,'technique'),(2002,2,'fiche'),(2001,2,'cq56210sf'),(2000,11,'compaq'),(1999,11,'cq56'),(1998,10,'compaq'),(1997,10,'cq56'),(1996,9,'compaq'),(1995,9,'cq56'),(1994,8,'compaq'),(1993,8,'cq56'),(1992,7,'compaq'),(1991,7,'cq56'),(1990,6,'compaq'),(1989,6,'cq56'),(1988,5,'compaq'),(1987,5,'cq56'),(1986,4,'compaq'),(1985,4,'cq56'),(1984,3,'compaq'),(1983,3,'cq56'),(1982,2,'compaq'),(1981,2,'cq56'),(1980,1,'compaq'),(1979,1,'cq56'),(1978,2,'microphone'),(1977,2,'faciale'),(1976,2,'reconnaissance'),(1975,2,'avec'),(1974,2,'webcam'),(1973,2,'4h30'),(1972,2,'jusqu'),(1971,2,'autonomie'),(1970,2,'bluetooth'),(1969,2,'wifi'),(1968,2,'performante'),(1967,2,'fiable'),(1966,2,'fil'),(1965,2,'sans'),(1964,2,'connexion'),(1963,2,'250'),(1962,2,'4500m'),(1961,2,'gma'),(1960,2,'graphiqueintégr'),(1959,2,'contrôleur'),(1958,2,'classiques'),(1957,2,'lcd'),(1956,2,'rapport'),(1955,2,'énergie'),(1954,2,'économie'),(1953,2,'qualité'),(1952,2,'fois'),(1951,2,'offrant'),(1950,2,'rétroéclairage'),(1949,2,'antireflet'),(1948,2,'156'),(1947,2,'large'),(1946,2,'applications'),(1945,2,'vos'),(1944,2,'lancement'),(1943,2,'bonne'),(1942,2,'ddr3'),(1941,2,'vive'),(1940,2,'multitâches'),(1939,2,'travail'),(1938,2,'pour'),(1937,2,'adapté'),(1936,2,'t3500'),(1935,2,'dualcore'),(1934,2,'celeron'),(1933,2,'intel'),(1932,2,'processeur'),(1931,2,'principales'),(1930,2,'c66010m'),(1929,11,'20060k0'),(1928,11,'maxtor'),(1927,10,'20060k0'),(1926,10,'maxtor'),(1925,9,'20060k0'),(1924,9,'maxtor'),(1923,8,'20060k0'),(1922,8,'maxtor'),(1921,7,'20060k0'),(1920,7,'maxtor'),(1919,6,'20060k0'),(1918,6,'maxtor'),(1917,5,'20060k0'),(1916,5,'maxtor'),(1915,4,'20060k0'),(1914,4,'maxtor'),(1913,3,'20060k0'),(1912,3,'maxtor'),(1911,2,'60g'),(1910,2,'20060k0'),(1909,2,'maxtor'),(1908,2,'ide'),(1907,1,'20060k0'),(1906,1,'maxtor'),(1905,2,'186'),(1904,11,'toshiba'),(1903,11,'c660d'),(1902,10,'toshiba'),(1901,10,'c660d'),(1900,9,'toshiba'),(1899,9,'c660d'),(1898,8,'toshiba'),(1897,8,'c660d'),(1896,7,'toshiba'),(1895,7,'c660d'),(1894,6,'toshiba'),(1893,6,'c660d'),(1892,5,'toshiba'),(1891,5,'c660d'),(1890,4,'toshiba'),(1889,4,'c660d'),(1888,3,'toshiba'),(1887,3,'c660d'),(1886,2,'toshiba'),(1885,2,'c660d'),(1884,1,'toshiba'),(1883,1,'c660d'),(1882,11,'eeepc1015'),(1881,10,'eeepc1015'),(1880,9,'eeepc1015'),(1879,8,'eeepc1015'),(1878,7,'eeepc1015'),(1877,6,'eeepc1015'),(1876,5,'eeepc1015'),(1875,4,'eeepc1015'),(1874,3,'eeepc1015'),(1873,2,'eeepc1015'),(1872,2,'eeepc'),(1871,2,'portable'),(1870,1,'eeepc1015'),(1869,11,'tln2'),(1868,10,'tln2'),(1867,9,'tln2'),(1866,8,'tln2'),(1865,7,'tln2'),(1864,6,'tln2'),(1863,5,'tln2'),(1862,4,'tln2'),(1861,3,'tln2'),(1860,2,'tln2'),(1859,1,'tln2'),(1858,11,'lp171wp4'),(1857,10,'lp171wp4'),(1856,9,'lp171wp4'),(1855,8,'lp171wp4'),(1854,7,'lp171wp4'),(1853,6,'lp171wp4'),(1852,5,'lp171wp4'),(1851,4,'lp171wp4'),(1850,3,'lp171wp4'),(1849,1,'lp171wp4'),(1846,11,'b154ew02'),(1845,10,'b154ew02'),(1844,9,'b154ew02'),(1843,8,'b154ew02'),(1842,7,'b154ew02'),(1841,6,'b154ew02'),(1840,5,'b154ew02'),(1839,4,'b154ew02'),(1838,3,'b154ew02');
CREATE TABLE `pss_sekeyword` (
  `id_sekeyword` int(10) unsigned NOT NULL auto_increment,
  `keyword` varchar(256) NOT NULL,
  `date_add` datetime NOT NULL,
  PRIMARY KEY  (`id_sekeyword`)
) ENGINE=MyISAM DEFAULT CHARSET=utf8;

CREATE TABLE `pss_specific_price` (
  `id_specific_price` int(10) unsigned NOT NULL auto_increment,
  `id_product` int(10) unsigned NOT NULL,
  `id_shop` tinyint(3) unsigned NOT NULL,
  `id_currency` int(10) unsigned NOT NULL,
  `id_country` int(10) unsigned NOT NULL,
  `id_group` int(10) unsigned NOT NULL,
  `price` decimal(20,6) NOT NULL,
  `from_quantity` smallint(5) unsigned NOT NULL,
  `reduction` decimal(20,6) NOT NULL,
  `reduction_type` enum('amount','percentage') NOT NULL,
  `from` datetime NOT NULL,
  `to` datetime NOT NULL,
  PRIMARY KEY  (`id_specific_price`),
  KEY `id_product` (`id_product`,`id_shop`,`id_currency`,`id_country`,`id_group`,`from_quantity`,`from`,`to`)
) ENGINE=MyISAM AUTO_INCREMENT=2 DEFAULT CHARSET=utf8;

CREATE TABLE `pss_specific_price_priority` (
  `id_specific_price_priority` int(11) NOT NULL auto_increment,
  `id_product` int(11) NOT NULL,
  `priority` varchar(80) NOT NULL,
  PRIMARY KEY  (`id_specific_price_priority`,`id_product`)
) ENGINE=MyISAM DEFAULT CHARSET=utf8;

CREATE TABLE `pss_state` (
  `id_state` int(10) unsigned NOT NULL auto_increment,
  `id_country` int(11) unsigned NOT NULL,
  `id_zone` int(11) unsigned NOT NULL,
  `name` varchar(64) NOT NULL,
  `iso_code` char(4) NOT NULL,
  `tax_behavior` smallint(1) NOT NULL default '0',
  `active` tinyint(1) NOT NULL default '0',
  PRIMARY KEY  (`id_state`),
  KEY `id_country` (`id_country`),
  KEY `id_zone` (`id_zone`)
) ENGINE=MyISAM AUTO_INCREMENT=123 DEFAULT CHARSET=utf8;

INSERT INTO `pss_state` VALUES (1,21,0,'Alabama','AL',0,1),(2,21,0,'Alaska','AK',0,1),(3,21,0,'Arizona','AZ',0,1),(4,21,0,'Arkansas','AR',0,1),(5,21,0,'California','CA',0,1),(6,21,0,'Colorado','CO',0,1),(7,21,0,'Connecticut','CT',0,1),(8,21,0,'Delaware','DE',0,1),(9,21,0,'Florida','FL',0,1),(10,21,0,'Georgia','GA',0,1),(11,21,0,'Hawaii','HI',0,1),(12,21,0,'Idaho','ID',0,1),(13,21,0,'Illinois','IL',0,1),(14,21,0,'Indiana','IN',0,1),(15,21,0,'Iowa','IA',0,1),(16,21,0,'Kansas','KS',0,1),(17,21,0,'Kentucky','KY',0,1),(18,21,0,'Louisiana','LA',0,1),(19,21,0,'Maine','ME',0,1),(20,21,0,'Maryland','MD',0,1),(21,21,0,'Massachusetts','MA',0,1),(22,21,0,'Michigan','MI',0,1),(23,21,0,'Minnesota','MN',0,1),(24,21,0,'Mississippi','MS',0,1),(25,21,0,'Missouri','MO',0,1),(26,21,0,'Montana','MT',0,1),(27,21,0,'Nebraska','NE',0,1),(28,21,0,'Nevada','NV',0,1),(29,21,0,'New Hampshire','NH',0,1),(30,21,0,'New Jersey','NJ',0,1),(31,21,0,'New Mexico','NM',0,1),(32,21,0,'New York','NY',0,1),(33,21,0,'North Carolina','NC',0,1),(34,21,0,'North Dakota','ND',0,1),(35,21,0,'Ohio','OH',0,1),(36,21,0,'Oklahoma','OK',0,1),(37,21,0,'Oregon','OR',0,1),(38,21,0,'Pennsylvania','PA',0,1),(39,21,0,'Rhode Island','RI',0,1),(40,21,0,'South Carolina','SC',0,1),(41,21,0,'South Dakota','SD',0,1),(42,21,0,'Tennessee','TN',0,1),(43,21,0,'Texas','TX',0,1),(44,21,0,'Utah','UT',0,1),(45,21,0,'Vermont','VT',0,1),(46,21,0,'Virginia','VA',0,1),(47,21,0,'Washington','WA',0,1),(48,21,0,'West Virginia','WV',0,1),(49,21,0,'Wisconsin','WI',0,1),(50,21,0,'Wyoming','WY',0,1),(51,21,0,'Puerto Rico','PR',0,1),(52,21,0,'US Virgin Islands','VI',0,1),(53,21,0,'District of Columbia','DC',0,1),(54,145,0,'Aguascalientes','AGS',0,1),(55,145,0,'Baja California','BCN',0,1),(56,145,0,'Baja California Sur','BCS',0,1),(57,145,0,'Campeche','CAM',0,1),(58,145,0,'Chiapas','CHP',0,1),(59,145,0,'Chihuahua','CHH',0,1),(60,145,0,'Coahuila','COA',0,1),(61,145,0,'Colima','COL',0,1),(62,145,0,'Distrito Federal','DIF',0,1),(63,145,0,'Durango','DUR',0,1),(64,145,0,'Guanajuato','GUA',0,1),(65,145,0,'Guerrero','GRO',0,1),(66,145,0,'Hidalgo','HID',0,1),(67,145,0,'Jalisco','JAL',0,1),(68,145,0,'Estado de México','MEX',0,1),(69,145,0,'Michoacán','MIC',0,1),(70,145,0,'Morelos','MOR',0,1),(71,145,0,'Nayarit','NAY',0,1),(72,145,0,'Nuevo León','NLE',0,1),(73,145,0,'Oaxaca','OAX',0,1),(74,145,0,'Puebla','PUE',0,1),(75,145,0,'Querétaro','QUE',0,1),(76,145,0,'Quintana Roo','ROO',0,1),(77,145,0,'San Luis Potosí','SLP',0,1),(78,145,0,'Sinaloa','SIN',0,1),(79,145,0,'Sonora','SON',0,1),(80,145,0,'Tabasco','TAB',0,1),(81,145,0,'Tamaulipas','TAM',0,1),(82,145,0,'Tlaxcala','TLA',0,1),(83,145,0,'Veracruz','VER',0,1),(84,145,0,'Yucatán','YUC',0,1),(85,145,0,'Zacatecas','ZAC',0,1),(86,4,0,'Ontario','ON',0,1),(87,4,0,'Quebec','QC',0,1),(88,4,0,'British Columbia','BC',0,1),(89,4,0,'Alberta','AB',0,1),(90,4,0,'Manitoba','MB',0,1),(91,4,0,'Saskatchewan','SK',0,1),(92,4,0,'Nova Scotia','NS',0,1),(93,4,0,'New Brunswick','NB',0,1),(94,4,0,'Newfoundland and Labrador','NL',0,1),(95,4,0,'Prince Edward Island','PE',0,1),(96,4,0,'Northwest Territories','NT',0,1),(97,4,0,'Yukon','YT',0,1),(98,4,0,'Nunavut','NU',0,1),(99,44,0,'Buenos Aires','B',0,1),(100,44,0,'Catamarca','K',0,1),(101,44,0,'Chaco','H',0,1),(102,44,0,'Chubut','U',0,1),(103,44,0,'Ciudad de Buenos Aires','C',0,1),(104,44,0,'Córdoba','X',0,1),(105,44,0,'Corrientes','W',0,1),(106,44,0,'Entre Ríos','E',0,1),(107,44,0,'Formosa','P',0,1),(108,44,0,'Jujuy','Y',0,1),(109,44,0,'La Pampa','L',0,1),(110,44,0,'La Rioja','F',0,1),(111,44,0,'Mendoza','M',0,1),(112,44,0,'Misiones','N',0,1),(113,44,0,'Neuquén','Q',0,1),(114,44,0,'Río Negro','R',0,1),(115,44,0,'Salta','A',0,1),(116,44,0,'San Juan','J',0,1),(117,44,0,'San Luis','D',0,1),(118,44,0,'Santa Cruz','Z',0,1),(119,44,0,'Santa Fe','S',0,1),(120,44,0,'Santiago del Estero','G',0,1),(121,44,0,'Tierra del Fuego','V',0,1),(122,44,0,'Tucumán','T',0,1);
CREATE TABLE `pss_statssearch` (
  `id_statssearch` int(10) unsigned NOT NULL auto_increment,
  `keywords` varchar(255) NOT NULL,
  `results` int(6) NOT NULL default '0',
  `date_add` datetime NOT NULL,
  PRIMARY KEY  (`id_statssearch`)
) ENGINE=MyISAM AUTO_INCREMENT=2 DEFAULT CHARSET=utf8;

INSERT INTO `pss_statssearch` VALUES (1,'dalle occasion B156',0,'2012-01-12 10:15:20');
CREATE TABLE `pss_stock_mvt` (
  `id_stock_mvt` int(11) unsigned NOT NULL auto_increment,
  `id_product` int(11) unsigned default NULL,
  `id_product_attribute` int(11) unsigned default NULL,
  `id_order` int(11) unsigned default NULL,
  `id_stock_mvt_reason` int(11) unsigned NOT NULL,
  `id_employee` int(11) unsigned NOT NULL,
  `quantity` int(11) NOT NULL,
  `date_add` datetime NOT NULL,
  `date_upd` datetime NOT NULL,
  PRIMARY KEY  (`id_stock_mvt`),
  KEY `id_order` (`id_order`),
  KEY `id_product` (`id_product`),
  KEY `id_product_attribute` (`id_product_attribute`),
  KEY `id_stock_mvt_reason` (`id_stock_mvt_reason`)
) ENGINE=MyISAM AUTO_INCREMENT=34 DEFAULT CHARSET=utf8;

INSERT INTO `pss_stock_mvt` VALUES (1,6,0,0,2,1,250,'2011-05-16 15:49:19','2011-05-16 15:49:19'),(2,8,0,0,2,1,1,'2011-05-16 15:49:19','2011-05-16 15:49:19'),(3,9,0,0,2,1,1,'2011-05-16 15:49:19','2011-05-16 15:49:19'),(4,2,7,0,2,1,10,'2011-05-16 15:49:19','2011-05-16 15:49:19'),(5,2,8,0,2,1,20,'2011-05-16 15:49:19','2011-05-16 15:49:19'),(6,2,9,0,2,1,30,'2011-05-16 15:49:19','2011-05-16 15:49:19'),(7,2,10,0,2,1,40,'2011-05-16 15:49:19','2011-05-16 15:49:19'),(8,5,12,0,2,1,100,'2011-05-16 15:49:19','2011-05-16 15:49:19'),(9,5,13,0,2,1,99,'2011-05-16 15:49:19','2011-05-16 15:49:19'),(10,5,14,0,2,1,50,'2011-05-16 15:49:19','2011-05-16 15:49:19'),(11,5,15,0,2,1,25,'2011-05-16 15:49:19','2011-05-16 15:49:19'),(12,7,19,0,2,1,50,'2011-05-16 15:49:19','2011-05-16 15:49:19'),(13,7,22,0,2,1,60,'2011-05-16 15:49:19','2011-05-16 15:49:19'),(14,7,23,0,2,1,70,'2011-05-16 15:49:19','2011-05-16 15:49:19'),(15,1,25,0,2,1,50,'2011-05-16 15:49:19','2011-05-16 15:49:19'),(16,1,26,0,2,1,50,'2011-05-16 15:49:19','2011-05-16 15:49:19'),(17,1,27,0,2,1,50,'2011-05-16 15:49:19','2011-05-16 15:49:19'),(18,1,28,0,2,1,50,'2011-05-16 15:49:19','2011-05-16 15:49:19'),(19,1,29,0,2,1,50,'2011-05-16 15:49:19','2011-05-16 15:49:19'),(20,1,30,0,2,1,50,'2011-05-16 15:49:19','2011-05-16 15:49:19'),(21,1,31,0,2,1,50,'2011-05-16 15:49:19','2011-05-16 15:49:19'),(22,1,32,0,2,1,50,'2011-05-16 15:49:19','2011-05-16 15:49:19'),(23,1,33,0,2,1,50,'2011-05-16 15:49:19','2011-05-16 15:49:19'),(24,1,34,0,2,1,50,'2011-05-16 15:49:19','2011-05-16 15:49:19'),(25,1,35,0,2,1,50,'2011-05-16 15:49:19','2011-05-16 15:49:19'),(26,1,36,0,2,1,50,'2011-05-16 15:49:19','2011-05-16 15:49:19'),(27,1,39,0,2,1,50,'2011-05-16 15:49:19','2011-05-16 15:49:19'),(28,1,40,0,2,1,50,'2011-05-16 15:49:19','2011-05-16 15:49:19'),(29,1,41,0,2,1,50,'2011-05-16 15:49:19','2011-05-16 15:49:19'),(30,1,42,0,2,1,50,'2011-05-16 15:49:19','2011-05-16 15:49:19'),(31,20,0,0,5,2,10,'2011-12-01 11:59:23','2011-12-01 11:59:23'),(32,20,0,0,2,2,-10,'2011-12-01 12:00:08','2011-12-01 12:00:08'),(33,21,0,0,1,2,2,'2011-12-01 15:22:53','2011-12-01 15:22:53');
CREATE TABLE `pss_stock_mvt_reason` (
  `id_stock_mvt_reason` int(11) NOT NULL auto_increment,
  `sign` tinyint(1) NOT NULL default '1',
  `date_add` datetime NOT NULL,
  `date_upd` datetime NOT NULL,
  PRIMARY KEY  (`id_stock_mvt_reason`)
) ENGINE=MyISAM AUTO_INCREMENT=6 DEFAULT CHARSET=utf8;

INSERT INTO `pss_stock_mvt_reason` VALUES (1,1,'2011-05-16 15:49:18','2011-05-16 15:49:18'),(2,-1,'2011-05-16 15:49:18','2011-05-16 15:49:18'),(3,-1,'2011-05-16 15:49:18','2011-05-16 15:49:18'),(4,-1,'2011-05-16 15:49:18','2011-05-16 15:49:18'),(5,1,'2011-05-16 15:49:18','2011-05-16 15:49:18');
CREATE TABLE `pss_stock_mvt_reason_lang` (
  `id_stock_mvt_reason` int(11) NOT NULL,
  `id_lang` int(11) NOT NULL,
  `name` varchar(255) NOT NULL,
  PRIMARY KEY  (`id_stock_mvt_reason`,`id_lang`)
) ENGINE=MyISAM DEFAULT CHARSET=utf8;

INSERT INTO `pss_stock_mvt_reason_lang` VALUES (1,1,'Increase'),(1,2,'Augmenter'),(1,3,'Aumentar'),(1,4,'Erhöhen'),(1,5,'Increase'),(2,1,'Decrease'),(2,2,'Diminuer'),(2,3,'Disminuir'),(2,4,'Reduzieren'),(2,5,'Decrease'),(3,1,'Order'),(3,2,'Commande'),(3,3,'Pedido'),(3,4,'Bestellung'),(3,5,'Ordine'),(4,1,'Missing Stock Movement'),(4,2,'Mouvement de stock manquant'),(4,3,'Movimiento de stock que falta'),(4,4,'Lagerbewegung nicht stattgefunden'),(4,5,'Movimento di merce mancante'),(5,1,'Restocking'),(5,2,'Réassort'),(5,3,'Reaprovisionar'),(5,4,'Auffüllung'),(5,5,'Riassortimento'),(1,6,'Increase'),(2,6,'Decrease'),(3,6,'Order'),(4,6,'Missing Stock Movement'),(5,6,'Restocking'),(1,7,'Increase'),(2,7,'Decrease'),(3,7,'Order'),(4,7,'Missing Stock Movement'),(5,7,'Restocking'),(1,8,'Increase'),(2,8,'Decrease'),(3,8,'Order'),(4,8,'Missing Stock Movement'),(5,8,'Restocking'),(1,9,'Increase'),(2,9,'Decrease'),(3,9,'Order'),(4,9,'Missing Stock Movement'),(5,9,'Restocking'),(1,10,'Increase'),(2,10,'Decrease'),(3,10,'Order'),(4,10,'Missing Stock Movement'),(5,10,'Restocking'),(1,11,'Increase'),(2,11,'Decrease'),(3,11,'Order'),(4,11,'Missing Stock Movement'),(5,11,'Restocking');
CREATE TABLE `pss_store` (
  `id_store` int(10) unsigned NOT NULL auto_increment,
  `id_country` int(10) unsigned NOT NULL,
  `id_state` int(10) unsigned default NULL,
  `name` varchar(128) NOT NULL,
  `address1` varchar(128) NOT NULL,
  `address2` varchar(128) default NULL,
  `city` varchar(64) NOT NULL,
  `postcode` varchar(12) NOT NULL,
  `latitude` float(10,6) default NULL,
  `longitude` float(10,6) default NULL,
  `hours` varchar(254) default NULL,
  `phone` varchar(16) default NULL,
  `fax` varchar(16) default NULL,
  `email` varchar(128) default NULL,
  `note` text,
  `active` tinyint(1) unsigned NOT NULL default '0',
  `date_add` datetime NOT NULL,
  `date_upd` datetime NOT NULL,
  PRIMARY KEY  (`id_store`)
) ENGINE=MyISAM AUTO_INCREMENT=6 DEFAULT CHARSET=utf8;

INSERT INTO `pss_store` VALUES (1,3,0,'euro vente sprl','chaussée de Thuin 332','','ANDERLUES','6150',0.000000,0.000000,'a:7:{i:0;s:13:\"09:00 - 19:00\";i:1;s:13:\"09:00 - 19:00\";i:2;s:13:\"09:00 - 19:00\";i:3;s:13:\"09:00 - 19:00\";i:4;s:13:\"09:00 - 19:00\";i:5;s:13:\"10:00 - 16:00\";i:6;s:13:\"10:00 - 16:00\";}','003271947148','','postmaster@eurovente.be','',1,'2010-11-09 10:53:13','2011-07-30 10:42:37');
CREATE TABLE `pss_subdomain` (
  `id_subdomain` int(10) unsigned NOT NULL auto_increment,
  `name` varchar(16) NOT NULL,
  PRIMARY KEY  (`id_subdomain`)
) ENGINE=MyISAM AUTO_INCREMENT=2 DEFAULT CHARSET=utf8;

INSERT INTO `pss_subdomain` VALUES (1,'www');
CREATE TABLE `pss_supplier` (
  `id_supplier` int(10) unsigned NOT NULL auto_increment,
  `name` varchar(64) NOT NULL,
  `date_add` datetime NOT NULL,
  `date_upd` datetime NOT NULL,
  `active` tinyint(1) NOT NULL default '0',
  PRIMARY KEY  (`id_supplier`)
) ENGINE=MyISAM AUTO_INCREMENT=3 DEFAULT CHARSET=utf8;

CREATE TABLE `pss_supplier_lang` (
  `id_supplier` int(10) unsigned NOT NULL,
  `id_lang` int(10) unsigned NOT NULL,
  `description` text,
  `meta_title` varchar(128) default NULL,
  `meta_keywords` varchar(255) default NULL,
  `meta_description` varchar(255) default NULL,
  PRIMARY KEY  (`id_supplier`,`id_lang`)
) ENGINE=MyISAM DEFAULT CHARSET=utf8;

CREATE TABLE `pss_tab` (
  `id_tab` int(10) unsigned NOT NULL auto_increment,
  `id_parent` int(11) NOT NULL,
  `class_name` varchar(64) NOT NULL,
  `module` varchar(64) default NULL,
  `position` int(10) unsigned NOT NULL,
  PRIMARY KEY  (`id_tab`),
  KEY `class_name` (`class_name`),
  KEY `id_parent` (`id_parent`)
) ENGINE=MyISAM AUTO_INCREMENT=90 DEFAULT CHARSET=utf8;

INSERT INTO `pss_tab` VALUES (1,0,'AdminCatalog',NULL,1),(2,0,'AdminCustomers',NULL,2),(3,0,'AdminOrders',NULL,3),(4,0,'AdminPayment',NULL,4),(5,0,'AdminShipping',NULL,5),(6,0,'AdminStats',NULL,6),(7,0,'AdminModules',NULL,7),(29,0,'AdminEmployees',NULL,8),(8,0,'AdminPreferences',NULL,9),(9,0,'AdminTools',NULL,10),(82,9,'AdminStores',NULL,11),(60,1,'AdminTracking',NULL,1),(10,1,'AdminManufacturers',NULL,2),(34,1,'AdminSuppliers',NULL,3),(11,1,'AdminAttributesGroups',NULL,4),(36,1,'AdminFeatures',NULL,5),(58,1,'AdminScenes',NULL,6),(66,1,'AdminTags',NULL,7),(68,1,'AdminAttachments',NULL,7),(12,2,'AdminAddresses',NULL,1),(63,2,'AdminGroups',NULL,2),(65,2,'AdminCarts',NULL,3),(42,3,'AdminInvoices',NULL,1),(55,3,'AdminDeliverySlip',NULL,2),(47,3,'AdminReturn',NULL,3),(49,3,'AdminSlip',NULL,4),(59,3,'AdminMessages',NULL,5),(13,3,'AdminStatuses',NULL,6),(54,3,'AdminOrderMessage',NULL,7),(14,4,'AdminDiscounts',NULL,4),(15,4,'AdminCurrencies',NULL,1),(16,4,'AdminTaxes',NULL,2),(17,5,'AdminCarriers',NULL,1),(46,5,'AdminStates',NULL,2),(18,5,'AdminCountries',NULL,3),(19,5,'AdminZones',NULL,5),(20,5,'AdminRangePrice',NULL,6),(21,5,'AdminRangeWeight',NULL,7),(51,6,'AdminStatsConf',NULL,1),(61,6,'AdminSearchEngines',NULL,2),(62,6,'AdminReferrers',NULL,3),(22,7,'AdminModulesPositions',NULL,4),(30,29,'AdminProfiles',NULL,1),(31,29,'AdminAccess',NULL,2),(28,29,'AdminContacts',NULL,3),(39,8,'AdminContact',NULL,1),(38,8,'AdminAppearance',NULL,2),(56,8,'AdminMeta',NULL,3),(27,8,'AdminPPreferences',NULL,4),(24,8,'AdminEmails',NULL,5),(26,8,'AdminImages',NULL,6),(23,8,'AdminDb',NULL,7),(48,3,'AdminPDF',NULL,8),(44,8,'AdminLocalization',NULL,9),(67,8,'AdminSearchConf',NULL,10),(32,9,'AdminLanguages',NULL,1),(33,9,'AdminTranslations',NULL,2),(35,29,'AdminTabs',NULL,3),(37,9,'AdminQuickAccesses',NULL,4),(40,8,'AdminAliases',NULL,5),(41,9,'AdminImport',NULL,6),(52,9,'AdminSubDomains',NULL,7),(53,9,'AdminBackup',NULL,8),(57,9,'AdminCMSContent',NULL,9),(64,9,'AdminGenerator',NULL,10),(43,-1,'AdminSearch',NULL,0),(69,9,'AdminInformation',NULL,11),(70,8,'AdminPerformance',NULL,11),(71,29,'AdminCustomerThreads',NULL,4),(72,9,'AdminWebservice',NULL,12),(73,1,'AdminStockMvt',NULL,9),(80,7,'AdminAddonsCatalog',NULL,1),(81,7,'AdminAddonsMyAccount',NULL,2),(83,7,'AdminThemes',NULL,3),(84,8,'AdminGeolocation',NULL,12),(85,4,'AdminTaxRulesGroup',NULL,3),(86,9,'AdminLogs',NULL,13),(87,5,'AdminCounty',NULL,4),(88,-1,'AdminHome',NULL,0),(89,1,'AdminNovaPdf','blocknovapdf',10);
CREATE TABLE `pss_tab_lang` (
  `id_tab` int(10) unsigned NOT NULL,
  `id_lang` int(10) unsigned NOT NULL,
  `name` varchar(32) default NULL,
  PRIMARY KEY  (`id_tab`,`id_lang`)
) ENGINE=MyISAM DEFAULT CHARSET=utf8;

INSERT INTO `pss_tab_lang` VALUES (1,1,'Catalog'),(2,1,'Customers'),(3,1,'Orders'),(4,1,'Payment'),(5,1,'Shipping'),(6,1,'Stats'),(7,1,'Modules'),(8,1,'Preferences'),(9,1,'Tools'),(10,1,'Manufacturers'),(11,1,'Attributes and Groups'),(12,1,'Addresses'),(13,1,'Statuses'),(14,1,'Vouchers'),(15,1,'Currencies'),(16,1,'Taxes'),(17,1,'Carriers'),(18,1,'Countries'),(19,1,'Zones'),(20,1,'Price Ranges'),(21,1,'Weight Ranges'),(22,1,'Positions'),(23,1,'Database'),(24,1,'E-mail'),(26,1,'Image'),(27,1,'Products'),(28,1,'Contacts'),(29,1,'Employees'),(30,1,'Profiles'),(31,1,'Permissions'),(32,1,'Languages'),(33,1,'Translations'),(34,1,'Suppliers'),(35,1,'Tabs'),(36,1,'Features'),(37,1,'Quick Access'),(38,1,'Appearance'),(39,1,'Contact Information'),(40,1,'Aliases'),(41,1,'Import'),(42,1,'Invoices'),(43,1,'Search'),(44,1,'Localization'),(46,1,'States'),(47,1,'Merchandise Returns'),(48,1,'PDF'),(49,1,'Credit Slips'),(51,1,'Settings'),(52,1,'Subdomains'),(53,1,'DB backup'),(54,1,'Order Messages'),(55,1,'Delivery Slips'),(56,1,'SEO & URLs'),(57,1,'CMS'),(58,1,'Image Mapping'),(59,1,'Customer Messages'),(60,1,'Tracking'),(61,1,'Search Engines'),(62,1,'Referrers'),(63,1,'Groups'),(64,1,'Generators'),(65,1,'Shopping Carts'),(66,1,'Tags'),(67,1,'Search'),(68,1,'Attachments'),(69,1,'Configuration Information'),(70,1,'Performance'),(71,1,'Customer Service'),(72,1,'Webservice'),(73,1,'Stock Movements'),(80,1,'Modules & Themes Catalog'),(81,1,'My Account'),(82,1,'Stores'),(83,1,'Themes'),(84,1,'Geolocation'),(85,1,'Tax Rules'),(86,1,'Log'),(87,1,'Counties'),(88,1,'Home'),(1,2,'Catalogue'),(2,2,'Clients'),(3,2,'Commandes'),(4,2,'Paiement'),(5,2,'Transport'),(6,2,'Stats'),(7,2,'Modules'),(8,2,'Préférences'),(9,2,'Outils'),(10,2,'Fabricants'),(11,2,'Attributs et groupes'),(12,2,'Adresses'),(13,2,'Statuts'),(14,2,'Bons de réduction'),(15,2,'Devises'),(16,2,'Taxes'),(17,2,'Transporteurs'),(18,2,'Pays'),(19,2,'Zones'),(20,2,'Tranches de prix'),(21,2,'Tranches de poids'),(22,2,'Positions'),(23,2,'Base de données'),(24,2,'Emails'),(26,2,'Images'),(27,2,'Produits'),(28,2,'Contacts'),(29,2,'Employés'),(30,2,'Profils'),(31,2,'Permissions'),(32,2,'Langues'),(33,2,'Traductions'),(34,2,'Fournisseurs'),(35,2,'Onglets'),(36,2,'Caractéristiques'),(37,2,'Accès rapide'),(38,2,'Apparence'),(39,2,'Coordonnées'),(40,2,'Alias'),(41,2,'Import'),(42,2,'Factures'),(43,2,'Recherche'),(44,2,'Localisation'),(46,2,'Etats'),(47,2,'Retours produits'),(48,2,'PDF'),(49,2,'Avoirs'),(51,2,'Configuration'),(52,2,'Sous domaines'),(53,2,'Sauvegarde BDD'),(54,2,'Messages prédéfinis'),(55,2,'Bons de livraison'),(56,2,'SEO & URLs'),(57,2,'CMS'),(58,2,'Scènes'),(59,2,'Messages clients'),(60,2,'Suivi'),(61,2,'Moteurs de recherche'),(62,2,'Sites affluents'),(63,2,'Groupes'),(64,2,'Générateurs'),(65,2,'Paniers'),(66,2,'Tags'),(67,2,'Recherche'),(68,2,'Documents joints'),(69,2,'Informations'),(70,2,'Performances'),(71,2,'SAV'),(72,2,'Service web'),(73,2,'Mouvements de Stock'),(80,2,'Catalogue de modules et thèmes'),(81,2,'Mon compte'),(82,2,'Magasins'),(83,2,'Thèmes'),(84,2,'Géolocalisation'),(85,2,'Règles de taxes'),(86,2,'Log'),(87,2,'Comtés'),(88,2,'Accueil'),(1,3,'Catálogo'),(2,3,'Clientes'),(3,3,'Pedidos'),(4,3,'Pago'),(5,3,'Transporte'),(6,3,'Estadísticas'),(7,3,'Módulos'),(8,3,'Preferencias'),(9,3,'Herramientas'),(10,3,'Fabricantes'),(11,3,'Atributos y grupos'),(12,3,'Direcciones'),(13,3,'Estados'),(14,3,'Vales de descuento'),(15,3,'Divisas'),(16,3,'Impuestos'),(17,3,'Transportistas'),(18,3,'Países'),(19,3,'Zonas'),(20,3,'Franja de precios'),(21,3,'Franja de pesos'),(22,3,'Posiciones'),(23,3,'Base de datos'),(24,3,'Emails'),(26,3,'Imágenes'),(27,3,'Productos'),(28,3,'Contactos'),(29,3,'Empleados'),(30,3,'Perfiles'),(31,3,'Permisos'),(32,3,'Idiomas'),(33,3,'Traducciones'),(34,3,'Proovedores'),(35,3,'Pestañas'),(36,3,'Características'),(37,3,'Acceso rápido'),(38,3,'Aspecto'),(39,3,'Datos'),(40,3,'Alias'),(41,3,'Importar'),(42,3,'Facturas'),(43,3,'Búsqueda'),(44,3,'Ubicación'),(46,3,'Estados'),(47,3,'Devolución productos'),(48,3,'PDF'),(49,3,'Vales'),(51,3,'Configuración'),(52,3,'Subcampos'),(53,3,'Copia de seguridad'),(54,3,'Mensajes de Orden'),(55,3,'Albaranes de entrega'),(56,3,'SEO & URLs'),(57,3,'CMS'),(58,3,'Mapeo de la imagen'),(59,3,'Mensajes del cliente'),(60,3,'Rastreo'),(61,3,'Motores de búsqueda'),(62,3,'Referido'),(63,3,'Grupos'),(64,3,'Generadores'),(65,3,'Carritos'),(66,3,'Etiquetas'),(67,3,'Búsqueda'),(68,3,'Adjuntos'),(69,3,'Informations'),(70,3,'Rendimiento'),(72,3,'Web service'),(71,3,'Servicio al cliente'),(73,3,'Movimiento de Stock'),(82,3,'Tiendas'),(83,3,'Temas'),(84,3,'Geolocalización'),(85,3,'Reglas de Impuestos'),(86,3,'Log'),(87,3,'Condados'),(88,3,'Home'),(1,4,'Katalog'),(2,4,'Kunden'),(3,4,'Bestellungen'),(4,4,'Zahlung'),(5,4,'Versandkosten'),(6,4,'Statistik'),(7,4,'Module'),(8,4,'Voreinstellungen'),(9,4,'Tools'),(10,4,'Hersteller'),(11,4,'Attribute und Gruppen'),(12,4,'Adressen'),(13,4,'Status'),(14,4,'Gutscheine'),(15,4,'Währungen'),(16,4,'Steuern'),(17,4,'Lieferanten'),(18,4,'Länder'),(19,4,'Zonen'),(20,4,'Preislagen'),(21,4,'Gewichtsklassen'),(22,4,'Positionen'),(23,4,'Datenbank'),(24,4,'E-Mail'),(26,4,'Bild'),(27,4,'Produkte'),(28,4,'Kontakte'),(29,4,'Mitarbeiter'),(30,4,'Profile'),(31,4,'Berechtigungen'),(32,4,'Sprachen'),(33,4,'Übersetzungen'),(34,4,'Zulieferer'),(35,4,'Tabs'),(36,4,'Funktionen'),(37,4,'Schnellzugriff'),(38,4,'Aussehen'),(39,4,'Kontaktinformation'),(40,4,'Alias'),(41,4,'Import'),(42,4,'Rechnungen'),(43,4,'Suche'),(44,4,'Lokalisierung'),(46,4,'Staaten'),(47,4,'Warenrücksendungen'),(48,4,'PDF'),(49,4,'Gutscheine'),(51,4,'Einstellungen'),(52,4,'Subdomains'),(53,4,'DB-Backup'),(54,4,'Bestellnachrichten'),(55,4,'Lieferscheine'),(56,4,'SEO & URLs'),(57,4,'CMS'),(58,4,'Image Mapping'),(59,4,'Kundennachrichten'),(60,4,'Tracking'),(61,4,'Suchmaschinen'),(62,4,'Referrer'),(63,4,'Gruppen'),(64,4,'Generatoren'),(65,4,'Warenkörbe'),(66,4,'Tags'),(67,4,'Suche'),(68,4,'Anhänge'),(69,4,'Konfigurationsinformationen'),(70,4,'Leistung'),(71,4,'Kundenservice'),(72,4,'Webservice'),(73,4,'Lagerbewegungen'),(80,4,'Module und Themenkatalog'),(81,4,'Mein Konto'),(82,4,'Shops'),(83,4,'Themen'),(84,4,'Geotargeting'),(85,4,'Steuerregeln'),(86,4,'Log'),(87,4,'Counties'),(88,4,'Home'),(1,5,'Catalogo'),(2,5,'Clienti'),(3,5,'Ordini'),(4,5,'Pagamento'),(5,5,'Spedizione'),(6,5,'Stat'),(7,5,'Moduli'),(8,5,'Preferenze'),(9,5,'Strumenti'),(10,5,'Produttori'),(11,5,'Attributi e Gruppi'),(12,5,'Indirizzi'),(13,5,'Status'),(14,5,'Voucher'),(15,5,'Valute'),(16,5,'Tasse'),(17,5,'Corrieri'),(18,5,'Nazioni'),(19,5,'Zone'),(20,5,'Fasce di prezzo'),(21,5,'Fasce di peso'),(22,5,'Posizioni'),(23,5,'Database'),(24,5,'E-mail'),(26,5,'Immagine'),(27,5,'Prodotti'),(28,5,'Contatti'),(29,5,'Impiegati'),(30,5,'Profili'),(31,5,'Permessi'),(32,5,'Lingue'),(33,5,'Traduzioni'),(34,5,'Fornitori'),(35,5,'Tab'),(36,5,'Caratteristiche'),(37,5,'Accesso rapido'),(38,5,'Aspetto'),(39,5,'Informazioni di contatto'),(40,5,'Alias'),(41,5,'Importa'),(42,5,'Fatture'),(43,5,'Cerca'),(44,5,'Localizzazione'),(46,5,'Stati'),(47,5,'Resi merci'),(48,5,'PDF'),(49,5,'Note di credito'),(51,5,'Impostazioni'),(52,5,'Sottodomini'),(53,5,'DB backup'),(54,5,'Messaggi ordine'),(55,5,'Note di consegna'),(56,5,'SEO & URLs'),(57,5,'CMS'),(58,5,'Mappatura immagine'),(59,5,'Messaggi cliente'),(60,5,'Rintracciare'),(61,5,'Motori di ricerca'),(62,5,'Referenti'),(63,5,'Gruppi'),(64,5,'Generatori'),(65,5,'Carrelli shopping'),(66,5,'Tag'),(67,5,'Cerca'),(68,5,'Allegati'),(69,5,'Informazioni di configurazione'),(70,5,'Performance'),(71,5,'Servizio clienti'),(72,5,'Webservice'),(73,5,'Movimenti magazzino'),(80,5,'Moduli & Temi catalogo'),(81,5,'Il mio Account'),(82,5,'Negozi'),(83,5,'Temi'),(84,5,'Geolocalizzazione'),(85,5,'Regimi fiscali'),(86,5,'Log'),(87,5,'Counties'),(88,5,'Home'),(80,3,'Modules & Themes Catalog'),(81,3,'My Account'),(1,6,'Catalog'),(2,6,'Customers'),(3,6,'Orders'),(4,6,'Payment'),(5,6,'Shipping'),(6,6,'Stats'),(7,6,'Modules'),(29,6,'Employees'),(8,6,'Preferences'),(9,6,'Tools'),(82,6,'Stores'),(60,6,'Tracking'),(10,6,'Manufacturers'),(34,6,'Suppliers'),(11,6,'Attributes and Groups'),(36,6,'Features'),(58,6,'Image Mapping'),(66,6,'Tags'),(68,6,'Attachments'),(12,6,'Addresses'),(63,6,'Groups'),(65,6,'Shopping Carts'),(42,6,'Invoices'),(55,6,'Delivery Slips'),(47,6,'Merchandise Returns'),(49,6,'Credit Slips'),(59,6,'Customer Messages'),(13,6,'Statuses'),(54,6,'Order Messages'),(14,6,'Vouchers'),(15,6,'Currencies'),(16,6,'Taxes'),(17,6,'Carriers'),(46,6,'States'),(18,6,'Countries'),(19,6,'Zones'),(20,6,'Price Ranges'),(21,6,'Weight Ranges'),(51,6,'Settings'),(61,6,'Search Engines'),(62,6,'Referrers'),(22,6,'Positions'),(30,6,'Profiles'),(31,6,'Permissions'),(28,6,'Contacts'),(39,6,'Contact Information'),(38,6,'Appearance'),(56,6,'SEO & URLs'),(27,6,'Products'),(24,6,'E-mail'),(26,6,'Image'),(23,6,'Database'),(48,6,'PDF'),(44,6,'Localization'),(67,6,'Search'),(32,6,'Languages'),(33,6,'Translations'),(35,6,'Tabs'),(37,6,'Quick Access'),(40,6,'Aliases'),(41,6,'Import'),(52,6,'Subdomains'),(53,6,'DB backup'),(57,6,'CMS'),(64,6,'Generators'),(43,6,'Search'),(69,6,'Configuration Information'),(70,6,'Performance'),(71,6,'Customer Service'),(72,6,'Webservice'),(73,6,'Stock Movements'),(80,6,'Modules & Themes Catalog'),(81,6,'My Account'),(83,6,'Themes'),(84,6,'Geolocation'),(85,6,'Tax Rules'),(86,6,'Log'),(87,6,'Counties'),(88,6,'Home'),(1,7,'Catalog'),(2,7,'Customers'),(3,7,'Orders'),(4,7,'Payment'),(5,7,'Shipping'),(6,7,'Stats'),(7,7,'Modules'),(29,7,'Employees'),(8,7,'Preferences'),(9,7,'Tools'),(82,7,'Stores'),(60,7,'Tracking'),(10,7,'Manufacturers'),(34,7,'Suppliers'),(11,7,'Attributes and Groups'),(36,7,'Features'),(58,7,'Image Mapping'),(66,7,'Tags'),(68,7,'Attachments'),(12,7,'Addresses'),(63,7,'Groups'),(65,7,'Shopping Carts'),(42,7,'Invoices'),(55,7,'Delivery Slips'),(47,7,'Merchandise Returns'),(49,7,'Credit Slips'),(59,7,'Customer Messages'),(13,7,'Statuses'),(54,7,'Order Messages'),(14,7,'Vouchers'),(15,7,'Currencies'),(16,7,'Taxes'),(17,7,'Carriers'),(46,7,'States'),(18,7,'Countries'),(19,7,'Zones'),(20,7,'Price Ranges'),(21,7,'Weight Ranges'),(51,7,'Settings'),(61,7,'Search Engines'),(62,7,'Referrers'),(22,7,'Positions'),(30,7,'Profiles'),(31,7,'Permissions'),(28,7,'Contacts'),(39,7,'Contact Information'),(38,7,'Appearance'),(56,7,'SEO & URLs'),(27,7,'Products'),(24,7,'E-mail'),(26,7,'Image'),(23,7,'Database'),(48,7,'PDF'),(44,7,'Localization'),(67,7,'Search'),(32,7,'Languages'),(33,7,'Translations'),(35,7,'Tabs'),(37,7,'Quick Access'),(40,7,'Aliases'),(41,7,'Import'),(52,7,'Subdomains'),(53,7,'DB backup'),(57,7,'CMS'),(64,7,'Generators'),(43,7,'Search'),(69,7,'Configuration Information'),(70,7,'Performance'),(71,7,'Customer Service'),(72,7,'Webservice'),(73,7,'Stock Movements'),(80,7,'Modules & Themes Catalog'),(81,7,'My Account'),(83,7,'Themes'),(84,7,'Geolocation'),(85,7,'Tax Rules'),(86,7,'Log'),(87,7,'Counties'),(88,7,'Home'),(1,8,'Catalog'),(2,8,'Customers'),(3,8,'Orders'),(4,8,'Payment'),(5,8,'Shipping'),(6,8,'Stats'),(7,8,'Modules'),(29,8,'Employees'),(8,8,'Preferences'),(9,8,'Tools'),(82,8,'Stores'),(60,8,'Tracking'),(10,8,'Manufacturers'),(34,8,'Suppliers'),(11,8,'Attributes and Groups'),(36,8,'Features'),(58,8,'Image Mapping'),(66,8,'Tags'),(68,8,'Attachments'),(12,8,'Addresses'),(63,8,'Groups'),(65,8,'Shopping Carts'),(42,8,'Invoices'),(55,8,'Delivery Slips'),(47,8,'Merchandise Returns'),(49,8,'Credit Slips'),(59,8,'Customer Messages'),(13,8,'Statuses'),(54,8,'Order Messages'),(14,8,'Vouchers'),(15,8,'Currencies'),(16,8,'Taxes'),(17,8,'Carriers'),(46,8,'States'),(18,8,'Countries'),(19,8,'Zones'),(20,8,'Price Ranges'),(21,8,'Weight Ranges'),(51,8,'Settings'),(61,8,'Search Engines'),(62,8,'Referrers'),(22,8,'Positions'),(30,8,'Profiles'),(31,8,'Permissions'),(28,8,'Contacts'),(39,8,'Contact Information'),(38,8,'Appearance'),(56,8,'SEO & URLs'),(27,8,'Products'),(24,8,'E-mail'),(26,8,'Image'),(23,8,'Database'),(48,8,'PDF'),(44,8,'Localization'),(67,8,'Search'),(32,8,'Languages'),(33,8,'Translations'),(35,8,'Tabs'),(37,8,'Quick Access'),(40,8,'Aliases'),(41,8,'Import'),(52,8,'Subdomains'),(53,8,'DB backup'),(57,8,'CMS'),(64,8,'Generators'),(43,8,'Search'),(69,8,'Configuration Information'),(70,8,'Performance'),(71,8,'Customer Service'),(72,8,'Webservice'),(73,8,'Stock Movements'),(80,8,'Modules & Themes Catalog'),(81,8,'My Account'),(83,8,'Themes'),(84,8,'Geolocation'),(85,8,'Tax Rules'),(86,8,'Log'),(87,8,'Counties'),(88,8,'Home'),(1,9,'Catalog'),(2,9,'Customers'),(3,9,'Orders'),(4,9,'Payment'),(5,9,'Shipping'),(6,9,'Stats'),(7,9,'Modules'),(29,9,'Employees'),(8,9,'Preferences'),(9,9,'Tools'),(82,9,'Stores'),(60,9,'Tracking'),(10,9,'Manufacturers'),(34,9,'Suppliers'),(11,9,'Attributes and Groups'),(36,9,'Features'),(58,9,'Image Mapping'),(66,9,'Tags'),(68,9,'Attachments'),(12,9,'Addresses'),(63,9,'Groups'),(65,9,'Shopping Carts'),(42,9,'Invoices'),(55,9,'Delivery Slips'),(47,9,'Merchandise Returns'),(49,9,'Credit Slips'),(59,9,'Customer Messages'),(13,9,'Statuses'),(54,9,'Order Messages'),(14,9,'Vouchers'),(15,9,'Currencies'),(16,9,'Taxes'),(17,9,'Carriers'),(46,9,'States'),(18,9,'Countries'),(19,9,'Zones'),(20,9,'Price Ranges'),(21,9,'Weight Ranges'),(51,9,'Settings'),(61,9,'Search Engines'),(62,9,'Referrers'),(22,9,'Positions'),(30,9,'Profiles'),(31,9,'Permissions'),(28,9,'Contacts'),(39,9,'Contact Information'),(38,9,'Appearance'),(56,9,'SEO & URLs'),(27,9,'Products'),(24,9,'E-mail'),(26,9,'Image'),(23,9,'Database'),(48,9,'PDF'),(44,9,'Localization'),(67,9,'Search'),(32,9,'Languages'),(33,9,'Translations'),(35,9,'Tabs'),(37,9,'Quick Access'),(40,9,'Aliases'),(41,9,'Import'),(52,9,'Subdomains'),(53,9,'DB backup'),(57,9,'CMS'),(64,9,'Generators'),(43,9,'Search'),(69,9,'Configuration Information'),(70,9,'Performance'),(71,9,'Customer Service'),(72,9,'Webservice'),(73,9,'Stock Movements'),(80,9,'Modules & Themes Catalog'),(81,9,'My Account'),(83,9,'Themes'),(84,9,'Geolocation'),(85,9,'Tax Rules'),(86,9,'Log'),(87,9,'Counties'),(88,9,'Home'),(1,10,'Catalog'),(2,10,'Customers'),(3,10,'Orders'),(4,10,'Payment'),(5,10,'Shipping'),(6,10,'Stats'),(7,10,'Modules'),(29,10,'Employees'),(8,10,'Preferences'),(9,10,'Tools'),(82,10,'Stores'),(60,10,'Tracking'),(10,10,'Manufacturers'),(34,10,'Suppliers'),(11,10,'Attributes and Groups'),(36,10,'Features'),(58,10,'Image Mapping'),(66,10,'Tags'),(68,10,'Attachments'),(12,10,'Addresses'),(63,10,'Groups'),(65,10,'Shopping Carts'),(42,10,'Invoices'),(55,10,'Delivery Slips'),(47,10,'Merchandise Returns'),(49,10,'Credit Slips'),(59,10,'Customer Messages'),(13,10,'Statuses'),(54,10,'Order Messages'),(14,10,'Vouchers'),(15,10,'Currencies'),(16,10,'Taxes'),(17,10,'Carriers'),(46,10,'States'),(18,10,'Countries'),(19,10,'Zones'),(20,10,'Price Ranges'),(21,10,'Weight Ranges'),(51,10,'Settings'),(61,10,'Search Engines'),(62,10,'Referrers'),(22,10,'Positions'),(30,10,'Profiles'),(31,10,'Permissions'),(28,10,'Contacts'),(39,10,'Contact Information'),(38,10,'Appearance'),(56,10,'SEO & URLs'),(27,10,'Products'),(24,10,'E-mail'),(26,10,'Image'),(23,10,'Database'),(48,10,'PDF'),(44,10,'Localization'),(67,10,'Search'),(32,10,'Languages'),(33,10,'Translations'),(35,10,'Tabs'),(37,10,'Quick Access'),(40,10,'Aliases'),(41,10,'Import'),(52,10,'Subdomains'),(53,10,'DB backup'),(57,10,'CMS'),(64,10,'Generators'),(43,10,'Search'),(69,10,'Configuration Information'),(70,10,'Performance'),(71,10,'Customer Service'),(72,10,'Webservice'),(73,10,'Stock Movements'),(80,10,'Modules & Themes Catalog'),(81,10,'My Account'),(83,10,'Themes'),(84,10,'Geolocation'),(85,10,'Tax Rules'),(86,10,'Log'),(87,10,'Counties'),(88,10,'Home'),(1,11,'Catalog'),(2,11,'Customers'),(3,11,'Orders'),(4,11,'Payment'),(5,11,'Shipping'),(6,11,'Stats'),(7,11,'Modules'),(29,11,'Employees'),(8,11,'Preferences'),(9,11,'Tools'),(82,11,'Stores'),(60,11,'Tracking'),(10,11,'Manufacturers'),(34,11,'Suppliers'),(11,11,'Attributes and Groups'),(36,11,'Features'),(58,11,'Image Mapping'),(66,11,'Tags'),(68,11,'Attachments'),(12,11,'Addresses'),(63,11,'Groups'),(65,11,'Shopping Carts'),(42,11,'Invoices'),(55,11,'Delivery Slips'),(47,11,'Merchandise Returns'),(49,11,'Credit Slips'),(59,11,'Customer Messages'),(13,11,'Statuses'),(54,11,'Order Messages'),(14,11,'Vouchers'),(15,11,'Currencies'),(16,11,'Taxes'),(17,11,'Carriers'),(46,11,'States'),(18,11,'Countries'),(19,11,'Zones'),(20,11,'Price Ranges'),(21,11,'Weight Ranges'),(51,11,'Settings'),(61,11,'Search Engines'),(62,11,'Referrers'),(22,11,'Positions'),(30,11,'Profiles'),(31,11,'Permissions'),(28,11,'Contacts'),(39,11,'Contact Information'),(38,11,'Appearance'),(56,11,'SEO & URLs'),(27,11,'Products'),(24,11,'E-mail'),(26,11,'Image'),(23,11,'Database'),(48,11,'PDF'),(44,11,'Localization'),(67,11,'Search'),(32,11,'Languages'),(33,11,'Translations'),(35,11,'Tabs'),(37,11,'Quick Access'),(40,11,'Aliases'),(41,11,'Import'),(52,11,'Subdomains'),(53,11,'DB backup'),(57,11,'CMS'),(64,11,'Generators'),(43,11,'Search'),(69,11,'Configuration Information'),(70,11,'Performance'),(71,11,'Customer Service'),(72,11,'Webservice'),(73,11,'Stock Movements'),(80,11,'Modules & Themes Catalog'),(81,11,'My Account'),(83,11,'Themes'),(84,11,'Geolocation'),(85,11,'Tax Rules'),(86,11,'Log'),(87,11,'Counties'),(88,11,'Home'),(89,1,'PDF export'),(89,2,'Export PDF'),(89,3,'Export PDF'),(89,4,'Export PDF'),(89,5,'Export PDF'),(89,6,'Export PDF'),(89,7,'Export PDF'),(89,8,'Export PDF'),(89,9,'Export PDF'),(89,10,'Export PDF'),(89,11,'Export PDF');
CREATE TABLE `pss_tag` (
  `id_tag` int(10) unsigned NOT NULL auto_increment,
  `id_lang` int(10) unsigned NOT NULL,
  `name` varchar(32) NOT NULL,
  PRIMARY KEY  (`id_tag`),
  KEY `tag_name` (`name`),
  KEY `id_lang` (`id_lang`)
) ENGINE=MyISAM AUTO_INCREMENT=42 DEFAULT CHARSET=utf8;

INSERT INTO `pss_tag` VALUES (40,2,'dalle 15'),(39,2,'moniteurs led'),(38,2,'ecrans led'),(41,2,'portable 15');
CREATE TABLE `pss_tax` (
  `id_tax` int(10) unsigned NOT NULL auto_increment,
  `rate` decimal(10,3) NOT NULL,
  `active` tinyint(1) unsigned NOT NULL default '1',
  PRIMARY KEY  (`id_tax`)
) ENGINE=MyISAM AUTO_INCREMENT=6 DEFAULT CHARSET=utf8;

INSERT INTO `pss_tax` VALUES (1,'20.000',1),(2,'5.000',1),(3,'21.000',1),(4,'12.000',1),(5,'6.000',1);
CREATE TABLE `pss_tax_lang` (
  `id_tax` int(10) unsigned NOT NULL,
  `id_lang` int(10) unsigned NOT NULL,
  `name` varchar(32) NOT NULL,
  UNIQUE KEY `tax_lang_index` (`id_tax`,`id_lang`)
) ENGINE=MyISAM DEFAULT CHARSET=utf8;

INSERT INTO `pss_tax_lang` VALUES (1,1,'VAT UK 20%'),(1,2,'VAT UK 20%'),(1,3,'VAT UK 20%'),(1,4,'VAT UK 20%'),(1,5,'VAT UK 20%'),(2,1,'VAT UK 5%'),(2,2,'VAT UK 5%'),(2,3,'VAT UK 5%'),(2,4,'VAT UK 5%'),(2,5,'VAT UK 5%'),(1,6,'VAT UK 20%'),(2,6,'VAT UK 5%'),(1,7,'VAT UK 20%'),(2,7,'VAT UK 5%'),(1,8,'VAT UK 20%'),(2,8,'VAT UK 5%'),(1,9,'VAT UK 20%'),(2,9,'VAT UK 5%'),(1,10,'VAT UK 20%'),(2,10,'VAT UK 5%'),(1,11,'VAT UK 20%'),(2,11,'VAT UK 5%'),(3,1,'TVA BE 21%'),(3,2,'TVA BE 21%'),(3,3,'TVA BE 21%'),(3,4,'TVA BE 21%'),(3,5,'TVA BE 21%'),(3,6,'TVA BE 21%'),(3,7,'TVA BE 21%'),(3,8,'TVA BE 21%'),(3,9,'TVA BE 21%'),(3,10,'TVA BE 21%'),(3,11,'TVA BE 21%'),(4,1,'TVA BE 12%'),(4,2,'TVA BE 12%'),(4,3,'TVA BE 12%'),(4,4,'TVA BE 12%'),(4,5,'TVA BE 12%'),(4,6,'TVA BE 12%'),(4,7,'TVA BE 12%'),(4,8,'TVA BE 12%'),(4,9,'TVA BE 12%'),(4,10,'TVA BE 12%'),(4,11,'TVA BE 12%'),(5,1,'TVA BE 6%'),(5,2,'TVA BE 6%'),(5,3,'TVA BE 6%'),(5,4,'TVA BE 6%'),(5,5,'TVA BE 6%'),(5,6,'TVA BE 6%'),(5,7,'TVA BE 6%'),(5,8,'TVA BE 6%'),(5,9,'TVA BE 6%'),(5,10,'TVA BE 6%'),(5,11,'TVA BE 6%');
CREATE TABLE `pss_tax_rule` (
  `id_tax_rule` int(11) NOT NULL auto_increment,
  `id_tax_rules_group` int(11) NOT NULL,
  `id_country` int(11) NOT NULL,
  `id_county` int(11) NOT NULL,
  `id_state` int(11) NOT NULL,
  `id_tax` int(11) NOT NULL,
  `state_behavior` int(11) NOT NULL,
  `county_behavior` int(11) NOT NULL,
  PRIMARY KEY  (`id_tax_rule`),
  UNIQUE KEY `tax_rule` (`id_tax_rules_group`,`id_country`,`id_state`,`id_county`),
  KEY `id_tax_rules_group` (`id_tax_rules_group`),
  KEY `id_tax` (`id_tax`)
) ENGINE=MyISAM AUTO_INCREMENT=235 DEFAULT CHARSET=utf8;

INSERT INTO `pss_tax_rule` VALUES (78,1,18,0,0,1,0,0),(77,1,193,0,0,1,0,0),(76,1,37,0,0,1,0,0),(75,1,36,0,0,1,0,0),(74,1,16,0,0,1,0,0),(73,1,15,0,0,1,0,0),(72,1,14,0,0,1,0,0),(71,1,13,0,0,1,0,0),(70,1,139,0,0,1,0,0),(69,1,12,0,0,1,0,0),(68,1,131,0,0,1,0,0),(67,1,125,0,0,1,0,0),(66,1,10,0,0,1,0,0),(65,1,143,0,0,1,0,0),(64,1,9,0,0,1,0,0),(63,1,8,0,0,1,0,0),(62,1,7,0,0,1,0,0),(61,1,86,0,0,1,0,0),(60,1,6,0,0,1,0,0),(59,1,26,0,0,1,0,0),(58,1,20,0,0,1,0,0),(57,1,76,0,0,1,0,0),(56,1,236,0,0,1,0,0),(55,1,3,0,0,1,0,0),(54,1,2,0,0,1,0,0),(53,1,1,0,0,1,0,0),(104,2,18,0,0,2,0,0),(103,2,193,0,0,2,0,0),(102,2,37,0,0,2,0,0),(101,2,36,0,0,2,0,0),(100,2,16,0,0,2,0,0),(99,2,15,0,0,2,0,0),(98,2,14,0,0,2,0,0),(97,2,13,0,0,2,0,0),(96,2,139,0,0,2,0,0),(95,2,12,0,0,2,0,0),(94,2,131,0,0,2,0,0),(93,2,125,0,0,2,0,0),(92,2,10,0,0,2,0,0),(91,2,143,0,0,2,0,0),(90,2,9,0,0,2,0,0),(89,2,8,0,0,2,0,0),(88,2,7,0,0,2,0,0),(87,2,86,0,0,2,0,0),(86,2,6,0,0,2,0,0),(85,2,26,0,0,2,0,0),(84,2,20,0,0,2,0,0),(83,2,76,0,0,2,0,0),(82,2,236,0,0,2,0,0),(81,2,3,0,0,2,0,0),(80,2,2,0,0,2,0,0),(79,2,1,0,0,2,0,0),(105,3,3,0,0,3,0,0),(106,3,236,0,0,3,0,0),(107,3,16,0,0,3,0,0),(108,3,20,0,0,3,0,0),(109,3,1,0,0,3,0,0),(110,3,86,0,0,3,0,0),(111,3,9,0,0,3,0,0),(112,3,6,0,0,3,0,0),(113,3,8,0,0,3,0,0),(114,3,26,0,0,3,0,0),(115,3,10,0,0,3,0,0),(116,3,76,0,0,3,0,0),(117,3,125,0,0,3,0,0),(118,3,131,0,0,3,0,0),(119,3,12,0,0,3,0,0),(120,3,143,0,0,3,0,0),(121,3,139,0,0,3,0,0),(122,3,13,0,0,3,0,0),(123,3,2,0,0,3,0,0),(124,3,14,0,0,3,0,0),(125,3,15,0,0,3,0,0),(126,3,36,0,0,3,0,0),(127,3,193,0,0,3,0,0),(128,3,37,0,0,3,0,0),(129,3,7,0,0,3,0,0),(130,3,18,0,0,3,0,0),(131,4,3,0,0,4,0,0),(132,4,236,0,0,4,0,0),(133,4,16,0,0,4,0,0),(134,4,20,0,0,4,0,0),(135,4,1,0,0,4,0,0),(136,4,86,0,0,4,0,0),(137,4,9,0,0,4,0,0),(138,4,6,0,0,4,0,0),(139,4,8,0,0,4,0,0),(140,4,26,0,0,4,0,0),(141,4,10,0,0,4,0,0),(142,4,76,0,0,4,0,0),(143,4,125,0,0,4,0,0),(144,4,131,0,0,4,0,0),(145,4,12,0,0,4,0,0),(146,4,143,0,0,4,0,0),(147,4,139,0,0,4,0,0),(148,4,13,0,0,4,0,0),(149,4,2,0,0,4,0,0),(150,4,14,0,0,4,0,0),(151,4,15,0,0,4,0,0),(152,4,36,0,0,4,0,0),(153,4,193,0,0,4,0,0),(154,4,37,0,0,4,0,0),(155,4,7,0,0,4,0,0),(156,4,18,0,0,4,0,0),(157,5,3,0,0,5,0,0),(158,5,236,0,0,5,0,0),(159,5,16,0,0,5,0,0),(160,5,20,0,0,5,0,0),(161,5,1,0,0,5,0,0),(162,5,86,0,0,5,0,0),(163,5,9,0,0,5,0,0),(164,5,6,0,0,5,0,0),(165,5,8,0,0,5,0,0),(166,5,26,0,0,5,0,0),(167,5,10,0,0,5,0,0),(168,5,76,0,0,5,0,0),(169,5,125,0,0,5,0,0),(170,5,131,0,0,5,0,0),(171,5,12,0,0,5,0,0),(172,5,143,0,0,5,0,0),(173,5,139,0,0,5,0,0),(174,5,13,0,0,5,0,0),(175,5,2,0,0,5,0,0),(176,5,14,0,0,5,0,0),(177,5,15,0,0,5,0,0),(178,5,36,0,0,5,0,0),(179,5,193,0,0,5,0,0),(180,5,37,0,0,5,0,0),(181,5,7,0,0,5,0,0),(182,5,18,0,0,5,0,0),(183,6,3,0,0,5,0,0),(184,6,236,0,0,5,0,0),(185,6,16,0,0,5,0,0),(186,6,20,0,0,5,0,0),(187,6,1,0,0,5,0,0),(188,6,86,0,0,5,0,0),(189,6,9,0,0,5,0,0),(190,6,6,0,0,5,0,0),(191,6,8,0,0,5,0,0),(192,6,26,0,0,5,0,0),(193,6,10,0,0,5,0,0),(194,6,76,0,0,5,0,0),(195,6,125,0,0,5,0,0),(196,6,131,0,0,5,0,0),(197,6,12,0,0,5,0,0),(198,6,143,0,0,5,0,0),(199,6,139,0,0,5,0,0),(200,6,13,0,0,5,0,0),(201,6,2,0,0,5,0,0),(202,6,14,0,0,5,0,0),(203,6,15,0,0,5,0,0),(204,6,36,0,0,5,0,0),(205,6,193,0,0,5,0,0),(206,6,37,0,0,5,0,0),(207,6,7,0,0,5,0,0),(208,6,18,0,0,5,0,0),(209,7,3,0,0,5,0,0),(210,7,236,0,0,5,0,0),(211,7,16,0,0,5,0,0),(212,7,20,0,0,5,0,0),(213,7,1,0,0,5,0,0),(214,7,86,0,0,5,0,0),(215,7,9,0,0,5,0,0),(216,7,6,0,0,5,0,0),(217,7,8,0,0,5,0,0),(218,7,26,0,0,5,0,0),(219,7,10,0,0,5,0,0),(220,7,76,0,0,5,0,0),(221,7,125,0,0,5,0,0),(222,7,131,0,0,5,0,0),(223,7,12,0,0,5,0,0),(224,7,143,0,0,5,0,0),(225,7,139,0,0,5,0,0),(226,7,13,0,0,5,0,0),(227,7,2,0,0,5,0,0),(228,7,14,0,0,5,0,0),(229,7,15,0,0,5,0,0),(230,7,36,0,0,5,0,0),(231,7,193,0,0,5,0,0),(232,7,37,0,0,5,0,0),(233,7,7,0,0,5,0,0),(234,7,18,0,0,5,0,0);
CREATE TABLE `pss_tax_rules_group` (
  `id_tax_rules_group` int(11) NOT NULL auto_increment,
  `name` varchar(50) NOT NULL,
  `active` int(11) NOT NULL,
  PRIMARY KEY  (`id_tax_rules_group`)
) ENGINE=MyISAM AUTO_INCREMENT=8 DEFAULT CHARSET=utf8;

INSERT INTO `pss_tax_rules_group` VALUES (1,'BE Standard (21%)',1),(2,'INCO Reduced Rate (0%)',1),(3,'BE Standard Rate (21%)',1),(4,'BE Reduced Rate (12%)',1),(5,'BE Super Reduced Rate (6%)',1),(6,'BE Foodstuff Rate (6%)',1),(7,'BE Books Rate (6%)',1);
CREATE TABLE `pss_timezone` (
  `id_timezone` int(10) unsigned NOT NULL auto_increment,
  `name` varchar(32) NOT NULL,
  PRIMARY KEY  (`id_timezone`)
) ENGINE=MyISAM AUTO_INCREMENT=561 DEFAULT CHARSET=utf8;

INSERT INTO `pss_timezone` VALUES (1,'Africa/Abidjan'),(2,'Africa/Accra'),(3,'Africa/Addis_Ababa'),(4,'Africa/Algiers'),(5,'Africa/Asmara'),(6,'Africa/Asmera'),(7,'Africa/Bamako'),(8,'Africa/Bangui'),(9,'Africa/Banjul'),(10,'Africa/Bissau'),(11,'Africa/Blantyre'),(12,'Africa/Brazzaville'),(13,'Africa/Bujumbura'),(14,'Africa/Cairo'),(15,'Africa/Casablanca'),(16,'Africa/Ceuta'),(17,'Africa/Conakry'),(18,'Africa/Dakar'),(19,'Africa/Dar_es_Salaam'),(20,'Africa/Djibouti'),(21,'Africa/Douala'),(22,'Africa/El_Aaiun'),(23,'Africa/Freetown'),(24,'Africa/Gaborone'),(25,'Africa/Harare'),(26,'Africa/Johannesburg'),(27,'Africa/Kampala'),(28,'Africa/Khartoum'),(29,'Africa/Kigali'),(30,'Africa/Kinshasa'),(31,'Africa/Lagos'),(32,'Africa/Libreville'),(33,'Africa/Lome'),(34,'Africa/Luanda'),(35,'Africa/Lubumbashi'),(36,'Africa/Lusaka'),(37,'Africa/Malabo'),(38,'Africa/Maputo'),(39,'Africa/Maseru'),(40,'Africa/Mbabane'),(41,'Africa/Mogadishu'),(42,'Africa/Monrovia'),(43,'Africa/Nairobi'),(44,'Africa/Ndjamena'),(45,'Africa/Niamey'),(46,'Africa/Nouakchott'),(47,'Africa/Ouagadougou'),(48,'Africa/Porto-Novo'),(49,'Africa/Sao_Tome'),(50,'Africa/Timbuktu'),(51,'Africa/Tripoli'),(52,'Africa/Tunis'),(53,'Africa/Windhoek'),(54,'America/Adak'),(55,'America/Anchorage '),(56,'America/Anguilla'),(57,'America/Antigua'),(58,'America/Araguaina'),(59,'America/Argentina/Buenos_Aires'),(60,'America/Argentina/Catamarca'),(61,'America/Argentina/ComodRivadavia'),(62,'America/Argentina/Cordoba'),(63,'America/Argentina/Jujuy'),(64,'America/Argentina/La_Rioja'),(65,'America/Argentina/Mendoza'),(66,'America/Argentina/Rio_Gallegos'),(67,'America/Argentina/Salta'),(68,'America/Argentina/San_Juan'),(69,'America/Argentina/San_Luis'),(70,'America/Argentina/Tucuman'),(71,'America/Argentina/Ushuaia'),(72,'America/Aruba'),(73,'America/Asuncion'),(74,'America/Atikokan'),(75,'America/Atka'),(76,'America/Bahia'),(77,'America/Barbados'),(78,'America/Belem'),(79,'America/Belize'),(80,'America/Blanc-Sablon'),(81,'America/Boa_Vista'),(82,'America/Bogota'),(83,'America/Boise'),(84,'America/Buenos_Aires'),(85,'America/Cambridge_Bay'),(86,'America/Campo_Grande'),(87,'America/Cancun'),(88,'America/Caracas'),(89,'America/Catamarca'),(90,'America/Cayenne'),(91,'America/Cayman'),(92,'America/Chicago'),(93,'America/Chihuahua'),(94,'America/Coral_Harbour'),(95,'America/Cordoba'),(96,'America/Costa_Rica'),(97,'America/Cuiaba'),(98,'America/Curacao'),(99,'America/Danmarkshavn'),(100,'America/Dawson'),(101,'America/Dawson_Creek'),(102,'America/Denver'),(103,'America/Detroit'),(104,'America/Dominica'),(105,'America/Edmonton'),(106,'America/Eirunepe'),(107,'America/El_Salvador'),(108,'America/Ensenada'),(109,'America/Fort_Wayne'),(110,'America/Fortaleza'),(111,'America/Glace_Bay'),(112,'America/Godthab'),(113,'America/Goose_Bay'),(114,'America/Grand_Turk'),(115,'America/Grenada'),(116,'America/Guadeloupe'),(117,'America/Guatemala'),(118,'America/Guayaquil'),(119,'America/Guyana'),(120,'America/Halifax'),(121,'America/Havana'),(122,'America/Hermosillo'),(123,'America/Indiana/Indianapolis'),(124,'America/Indiana/Knox'),(125,'America/Indiana/Marengo'),(126,'America/Indiana/Petersburg'),(127,'America/Indiana/Tell_City'),(128,'America/Indiana/Vevay'),(129,'America/Indiana/Vincennes'),(130,'America/Indiana/Winamac'),(131,'America/Indianapolis'),(132,'America/Inuvik'),(133,'America/Iqaluit'),(134,'America/Jamaica'),(135,'America/Jujuy'),(136,'America/Juneau'),(137,'America/Kentucky/Louisville'),(138,'America/Kentucky/Monticello'),(139,'America/Knox_IN'),(140,'America/La_Paz'),(141,'America/Lima'),(142,'America/Los_Angeles'),(143,'America/Louisville'),(144,'America/Maceio'),(145,'America/Managua'),(146,'America/Manaus'),(147,'America/Marigot'),(148,'America/Martinique'),(149,'America/Mazatlan'),(150,'America/Mendoza'),(151,'America/Menominee'),(152,'America/Merida'),(153,'America/Mexico_City'),(154,'America/Miquelon'),(155,'America/Moncton'),(156,'America/Monterrey'),(157,'America/Montevideo'),(158,'America/Montreal'),(159,'America/Montserrat'),(160,'America/Nassau'),(161,'America/New_York'),(162,'America/Nipigon'),(163,'America/Nome'),(164,'America/Noronha'),(165,'America/North_Dakota/Center'),(166,'America/North_Dakota/New_Salem'),(167,'America/Panama'),(168,'America/Pangnirtung'),(169,'America/Paramaribo'),(170,'America/Phoenix'),(171,'America/Port-au-Prince'),(172,'America/Port_of_Spain'),(173,'America/Porto_Acre'),(174,'America/Porto_Velho'),(175,'America/Puerto_Rico'),(176,'America/Rainy_River'),(177,'America/Rankin_Inlet'),(178,'America/Recife'),(179,'America/Regina'),(180,'America/Resolute'),(181,'America/Rio_Branco'),(182,'America/Rosario'),(183,'America/Santarem'),(184,'America/Santiago'),(185,'America/Santo_Domingo'),(186,'America/Sao_Paulo'),(187,'America/Scoresbysund'),(188,'America/Shiprock'),(189,'America/St_Barthelemy'),(190,'America/St_Johns'),(191,'America/St_Kitts'),(192,'America/St_Lucia'),(193,'America/St_Thomas'),(194,'America/St_Vincent'),(195,'America/Swift_Current'),(196,'America/Tegucigalpa'),(197,'America/Thule'),(198,'America/Thunder_Bay'),(199,'America/Tijuana'),(200,'America/Toronto'),(201,'America/Tortola'),(202,'America/Vancouver'),(203,'America/Virgin'),(204,'America/Whitehorse'),(205,'America/Winnipeg'),(206,'America/Yakutat'),(207,'America/Yellowknife'),(208,'Antarctica/Casey'),(209,'Antarctica/Davis'),(210,'Antarctica/DumontDUrville'),(211,'Antarctica/Mawson'),(212,'Antarctica/McMurdo'),(213,'Antarctica/Palmer'),(214,'Antarctica/Rothera'),(215,'Antarctica/South_Pole'),(216,'Antarctica/Syowa'),(217,'Antarctica/Vostok'),(218,'Arctic/Longyearbyen'),(219,'Asia/Aden'),(220,'Asia/Almaty'),(221,'Asia/Amman'),(222,'Asia/Anadyr'),(223,'Asia/Aqtau'),(224,'Asia/Aqtobe'),(225,'Asia/Ashgabat'),(226,'Asia/Ashkhabad'),(227,'Asia/Baghdad'),(228,'Asia/Bahrain'),(229,'Asia/Baku'),(230,'Asia/Bangkok'),(231,'Asia/Beirut'),(232,'Asia/Bishkek'),(233,'Asia/Brunei'),(234,'Asia/Calcutta'),(235,'Asia/Choibalsan'),(236,'Asia/Chongqing'),(237,'Asia/Chungking'),(238,'Asia/Colombo'),(239,'Asia/Dacca'),(240,'Asia/Damascus'),(241,'Asia/Dhaka'),(242,'Asia/Dili'),(243,'Asia/Dubai'),(244,'Asia/Dushanbe'),(245,'Asia/Gaza'),(246,'Asia/Harbin'),(247,'Asia/Ho_Chi_Minh'),(248,'Asia/Hong_Kong'),(249,'Asia/Hovd'),(250,'Asia/Irkutsk'),(251,'Asia/Istanbul'),(252,'Asia/Jakarta'),(253,'Asia/Jayapura'),(254,'Asia/Jerusalem'),(255,'Asia/Kabul'),(256,'Asia/Kamchatka'),(257,'Asia/Karachi'),(258,'Asia/Kashgar'),(259,'Asia/Kathmandu'),(260,'Asia/Katmandu'),(261,'Asia/Kolkata'),(262,'Asia/Krasnoyarsk'),(263,'Asia/Kuala_Lumpur'),(264,'Asia/Kuching'),(265,'Asia/Kuwait'),(266,'Asia/Macao'),(267,'Asia/Macau'),(268,'Asia/Magadan'),(269,'Asia/Makassar'),(270,'Asia/Manila'),(271,'Asia/Muscat'),(272,'Asia/Nicosia'),(273,'Asia/Novosibirsk'),(274,'Asia/Omsk'),(275,'Asia/Oral'),(276,'Asia/Phnom_Penh'),(277,'Asia/Pontianak'),(278,'Asia/Pyongyang'),(279,'Asia/Qatar'),(280,'Asia/Qyzylorda'),(281,'Asia/Rangoon'),(282,'Asia/Riyadh'),(283,'Asia/Saigon'),(284,'Asia/Sakhalin'),(285,'Asia/Samarkand'),(286,'Asia/Seoul'),(287,'Asia/Shanghai'),(288,'Asia/Singapore'),(289,'Asia/Taipei'),(290,'Asia/Tashkent'),(291,'Asia/Tbilisi'),(292,'Asia/Tehran'),(293,'Asia/Tel_Aviv'),(294,'Asia/Thimbu'),(295,'Asia/Thimphu'),(296,'Asia/Tokyo'),(297,'Asia/Ujung_Pandang'),(298,'Asia/Ulaanbaatar'),(299,'Asia/Ulan_Bator'),(300,'Asia/Urumqi'),(301,'Asia/Vientiane'),(302,'Asia/Vladivostok'),(303,'Asia/Yakutsk'),(304,'Asia/Yekaterinburg'),(305,'Asia/Yerevan'),(306,'Atlantic/Azores'),(307,'Atlantic/Bermuda'),(308,'Atlantic/Canary'),(309,'Atlantic/Cape_Verde'),(310,'Atlantic/Faeroe'),(311,'Atlantic/Faroe'),(312,'Atlantic/Jan_Mayen'),(313,'Atlantic/Madeira'),(314,'Atlantic/Reykjavik'),(315,'Atlantic/South_Georgia'),(316,'Atlantic/St_Helena'),(317,'Atlantic/Stanley'),(318,'Australia/ACT'),(319,'Australia/Adelaide'),(320,'Australia/Brisbane'),(321,'Australia/Broken_Hill'),(322,'Australia/Canberra'),(323,'Australia/Currie'),(324,'Australia/Darwin'),(325,'Australia/Eucla'),(326,'Australia/Hobart'),(327,'Australia/LHI'),(328,'Australia/Lindeman'),(329,'Australia/Lord_Howe'),(330,'Australia/Melbourne'),(331,'Australia/North'),(332,'Australia/NSW'),(333,'Australia/Perth'),(334,'Australia/Queensland'),(335,'Australia/South'),(336,'Australia/Sydney'),(337,'Australia/Tasmania'),(338,'Australia/Victoria'),(339,'Australia/West'),(340,'Australia/Yancowinna'),(341,'Europe/Amsterdam'),(342,'Europe/Andorra'),(343,'Europe/Athens'),(344,'Europe/Belfast'),(345,'Europe/Belgrade'),(346,'Europe/Berlin'),(347,'Europe/Bratislava'),(348,'Europe/Brussels'),(349,'Europe/Bucharest'),(350,'Europe/Budapest'),(351,'Europe/Chisinau'),(352,'Europe/Copenhagen'),(353,'Europe/Dublin'),(354,'Europe/Gibraltar'),(355,'Europe/Guernsey'),(356,'Europe/Helsinki'),(357,'Europe/Isle_of_Man'),(358,'Europe/Istanbul'),(359,'Europe/Jersey'),(360,'Europe/Kaliningrad'),(361,'Europe/Kiev'),(362,'Europe/Lisbon'),(363,'Europe/Ljubljana'),(364,'Europe/London'),(365,'Europe/Luxembourg'),(366,'Europe/Madrid'),(367,'Europe/Malta'),(368,'Europe/Mariehamn'),(369,'Europe/Minsk'),(370,'Europe/Monaco'),(371,'Europe/Moscow'),(372,'Europe/Nicosia'),(373,'Europe/Oslo'),(374,'Europe/Paris'),(375,'Europe/Podgorica'),(376,'Europe/Prague'),(377,'Europe/Riga'),(378,'Europe/Rome'),(379,'Europe/Samara'),(380,'Europe/San_Marino'),(381,'Europe/Sarajevo'),(382,'Europe/Simferopol'),(383,'Europe/Skopje'),(384,'Europe/Sofia'),(385,'Europe/Stockholm'),(386,'Europe/Tallinn'),(387,'Europe/Tirane'),(388,'Europe/Tiraspol'),(389,'Europe/Uzhgorod'),(390,'Europe/Vaduz'),(391,'Europe/Vatican'),(392,'Europe/Vienna'),(393,'Europe/Vilnius'),(394,'Europe/Volgograd'),(395,'Europe/Warsaw'),(396,'Europe/Zagreb'),(397,'Europe/Zaporozhye'),(398,'Europe/Zurich'),(399,'Indian/Antananarivo'),(400,'Indian/Chagos'),(401,'Indian/Christmas'),(402,'Indian/Cocos'),(403,'Indian/Comoro'),(404,'Indian/Kerguelen'),(405,'Indian/Mahe'),(406,'Indian/Maldives'),(407,'Indian/Mauritius'),(408,'Indian/Mayotte'),(409,'Indian/Reunion'),(410,'Pacific/Apia'),(411,'Pacific/Auckland'),(412,'Pacific/Chatham'),(413,'Pacific/Easter'),(414,'Pacific/Efate'),(415,'Pacific/Enderbury'),(416,'Pacific/Fakaofo'),(417,'Pacific/Fiji'),(418,'Pacific/Funafuti'),(419,'Pacific/Galapagos'),(420,'Pacific/Gambier'),(421,'Pacific/Guadalcanal'),(422,'Pacific/Guam'),(423,'Pacific/Honolulu'),(424,'Pacific/Johnston'),(425,'Pacific/Kiritimati'),(426,'Pacific/Kosrae'),(427,'Pacific/Kwajalein'),(428,'Pacific/Majuro'),(429,'Pacific/Marquesas'),(430,'Pacific/Midway'),(431,'Pacific/Nauru'),(432,'Pacific/Niue'),(433,'Pacific/Norfolk'),(434,'Pacific/Noumea'),(435,'Pacific/Pago_Pago'),(436,'Pacific/Palau'),(437,'Pacific/Pitcairn'),(438,'Pacific/Ponape'),(439,'Pacific/Port_Moresby'),(440,'Pacific/Rarotonga'),(441,'Pacific/Saipan'),(442,'Pacific/Samoa'),(443,'Pacific/Tahiti'),(444,'Pacific/Tarawa'),(445,'Pacific/Tongatapu'),(446,'Pacific/Truk'),(447,'Pacific/Wake'),(448,'Pacific/Wallis'),(449,'Pacific/Yap'),(450,'Brazil/Acre'),(451,'Brazil/DeNoronha'),(452,'Brazil/East'),(453,'Brazil/West'),(454,'Canada/Atlantic'),(455,'Canada/Central'),(456,'Canada/East-Saskatchewan'),(457,'Canada/Eastern'),(458,'Canada/Mountain'),(459,'Canada/Newfoundland'),(460,'Canada/Pacific'),(461,'Canada/Saskatchewan'),(462,'Canada/Yukon'),(463,'CET'),(464,'Chile/Continental'),(465,'Chile/EasterIsland'),(466,'CST6CDT'),(467,'Cuba'),(468,'EET'),(469,'Egypt'),(470,'Eire'),(471,'EST'),(472,'EST5EDT'),(473,'Etc/GMT'),(474,'Etc/GMT+0'),(475,'Etc/GMT+1'),(476,'Etc/GMT+10'),(477,'Etc/GMT+11'),(478,'Etc/GMT+12'),(479,'Etc/GMT+2'),(480,'Etc/GMT+3'),(481,'Etc/GMT+4'),(482,'Etc/GMT+5'),(483,'Etc/GMT+6'),(484,'Etc/GMT+7'),(485,'Etc/GMT+8'),(486,'Etc/GMT+9'),(487,'Etc/GMT-0'),(488,'Etc/GMT-1'),(489,'Etc/GMT-10'),(490,'Etc/GMT-11'),(491,'Etc/GMT-12'),(492,'Etc/GMT-13'),(493,'Etc/GMT-14'),(494,'Etc/GMT-2'),(495,'Etc/GMT-3'),(496,'Etc/GMT-4'),(497,'Etc/GMT-5'),(498,'Etc/GMT-6'),(499,'Etc/GMT-7'),(500,'Etc/GMT-8'),(501,'Etc/GMT-9'),(502,'Etc/GMT0'),(503,'Etc/Greenwich'),(504,'Etc/UCT'),(505,'Etc/Universal'),(506,'Etc/UTC'),(507,'Etc/Zulu'),(508,'Factory'),(509,'GB'),(510,'GB-Eire'),(511,'GMT'),(512,'GMT+0'),(513,'GMT-0'),(514,'GMT0'),(515,'Greenwich'),(516,'Hongkong'),(517,'HST'),(518,'Iceland'),(519,'Iran'),(520,'Israel'),(521,'Jamaica'),(522,'Japan'),(523,'Kwajalein'),(524,'Libya'),(525,'MET'),(526,'Mexico/BajaNorte'),(527,'Mexico/BajaSur'),(528,'Mexico/General'),(529,'MST'),(530,'MST7MDT'),(531,'Navajo'),(532,'NZ'),(533,'NZ-CHAT'),(534,'Poland'),(535,'Portugal'),(536,'PRC'),(537,'PST8PDT'),(538,'ROC'),(539,'ROK'),(540,'Singapore'),(541,'Turkey'),(542,'UCT'),(543,'Universal'),(544,'US/Alaska'),(545,'US/Aleutian'),(546,'US/Arizona'),(547,'US/Central'),(548,'US/East-Indiana'),(549,'US/Eastern'),(550,'US/Hawaii'),(551,'US/Indiana-Starke'),(552,'US/Michigan'),(553,'US/Mountain'),(554,'US/Pacific'),(555,'US/Pacific-New'),(556,'US/Samoa'),(557,'UTC'),(558,'W-SU'),(559,'WET'),(560,'Zulu');
CREATE TABLE `pss_web_browser` (
  `id_web_browser` int(10) unsigned NOT NULL auto_increment,
  `name` varchar(64) default NULL,
  PRIMARY KEY  (`id_web_browser`)
) ENGINE=MyISAM AUTO_INCREMENT=9 DEFAULT CHARSET=utf8;

INSERT INTO `pss_web_browser` VALUES (1,'Safari'),(2,'Firefox 2.x'),(3,'Firefox 3.x'),(4,'Opera'),(5,'IE 6.x'),(6,'IE 7.x'),(7,'IE 8.x'),(8,'Google Chrome');
CREATE TABLE `pss_webservice_account` (
  `id_webservice_account` int(11) NOT NULL auto_increment,
  `key` varchar(32) NOT NULL,
  `description` text,
  `class_name` varchar(50) NOT NULL default 'WebserviceRequest',
  `active` tinyint(2) NOT NULL,
  PRIMARY KEY  (`id_webservice_account`),
  KEY `key` (`key`)
) ENGINE=MyISAM DEFAULT CHARSET=utf8;

CREATE TABLE `pss_webservice_permission` (
  `id_webservice_permission` int(11) NOT NULL auto_increment,
  `resource` varchar(50) NOT NULL,
  `method` enum('GET','POST','PUT','DELETE','HEAD') NOT NULL,
  `id_webservice_account` int(11) NOT NULL,
  PRIMARY KEY  (`id_webservice_permission`),
  UNIQUE KEY `resource_2` (`resource`,`method`,`id_webservice_account`),
  KEY `resource` (`resource`),
  KEY `method` (`method`),
  KEY `id_webservice_account` (`id_webservice_account`)
) ENGINE=MyISAM DEFAULT CHARSET=utf8;

CREATE TABLE `pss_zone` (
  `id_zone` int(10) unsigned NOT NULL auto_increment,
  `name` varchar(64) NOT NULL,
  `active` tinyint(1) unsigned NOT NULL default '0',
  PRIMARY KEY  (`id_zone`)
) ENGINE=MyISAM AUTO_INCREMENT=9 DEFAULT CHARSET=utf8;

INSERT INTO `pss_zone` VALUES (1,'Europe',1),(7,'Belgique',1);


